{"id":13478,"date":"2020-10-27T08:26:11","date_gmt":"2020-10-27T07:26:11","guid":{"rendered":"http:\/\/uniformeplus.tn\/?post_type=product&#038;p=13478"},"modified":"2025-05-05T17:52:59","modified_gmt":"2025-05-05T15:52:59","slug":"tunique-medicale-blanc-et-rose-cassis-clemix","status":"publish","type":"product","link":"https:\/\/uniformeplus.tn\/index.php\/product\/tunique-medicale-blanc-et-rose-cassis-clemix\/","title":{"rendered":"Tunique m\u00e9dicale blanc et rose cassis &#8211; Clemix"},"content":{"rendered":"<p>Cette blouse m\u00e9dicale de type tunique, de la collection Clemix by Lafont est \u00e9l\u00e9gante et color\u00e9e. Ce mod\u00e8le f\u00e9minin, \u00e0 la coupe cintr\u00e9e et moderne, est parfaitement adapt\u00e9e pour tous les m\u00e9tiers dans le milieu hospitalier. Elle dispose au total de trois poches.<\/p>\n<ul>\n<li>Forme tunique<\/li>\n<li>Boutons pressions<\/li>\n<li>2 poches basses<\/li>\n<li>1 poche poitrine<\/li>\n<li>Tailles\u00a0: 36-38 au 60-62<\/li>\n<\/ul>\n<h2>Un mod\u00e8le f\u00e9minin<\/h2>\n<p>Le design de ce mod\u00e8le de la marque Clemix by <a href=\"http:\/\/uniformeplus.tn\/\">uniforme+<\/a> est \u00e0 la fois f\u00e9minin et \u00e9l\u00e9gant. En rose et blanc, elle convient absolument aux femmes qui adorent cette couleur et veulent arborer une tenue de travail l\u00e9g\u00e8rement color\u00e9. Ses d\u00e9tails sont fins et discrets. Compos\u00e9e en polyester et en lyocell, son tissu haut de gamme vous assure une qualit\u00e9 irr\u00e9prochable. Vous pouvez la laver en machine jusqu\u2019\u00e0 60\u00b0 et la repasser. En aucun cas, elle ne s\u2019ab\u00eemera ou ne perdra son \u00e9clat. Cette blouse m\u00e9dicale est aussi tr\u00e8s agr\u00e9able \u00e0 porter. Elle vous procure un confort incomparable \u00e0 celui des autres blouses m\u00e9dicales.<\/p>\n<p><img decoding=\"async\" class=\"aligncenter wp-image-13475 size-full\" src=\"http:\/\/uniformeplus.tn\/wp-content\/uploads\/2020\/10\/fichetechnike.jpg\" alt=\"\" width=\"1209\" height=\"509\" srcset=\"https:\/\/uniformeplus.tn\/wp-content\/uploads\/2020\/10\/fichetechnike.jpg 1209w, https:\/\/uniformeplus.tn\/wp-content\/uploads\/2020\/10\/fichetechnike-600x253.jpg 600w, https:\/\/uniformeplus.tn\/wp-content\/uploads\/2020\/10\/fichetechnike-300x126.jpg 300w, https:\/\/uniformeplus.tn\/wp-content\/uploads\/2020\/10\/fichetechnike-1024x431.jpg 1024w, https:\/\/uniformeplus.tn\/wp-content\/uploads\/2020\/10\/fichetechnike-768x323.jpg 768w\" sizes=\"(max-width: 1209px) 100vw, 1209px\" \/><\/p>\n<p>&nbsp;<\/p>\n<h2>3 poches\u00a0!<\/h2>\n<p>Concernant son aspect de praticit\u00e9, elle dispose au total de trois poches. Deux se trouvent en bas de la blouse et l\u2019une est au niveau de la poitrine. Stylo, montre, mat\u00e9riel, vous pouvez y ranger ce que vous voulez. Ses poches sont tr\u00e8s faciles d\u2019acc\u00e8s. Au dessus de la poche poitrine, il y a un porte-montre qui peut aussi faire office de porte-bip. Un indispensable en milieu m\u00e9dical. Le col V et sa coupe vous permettent aussi de bouger facilement sans vous sentir g\u00ean\u00e9. Sa fermeture axiale est dot\u00e9e de boutons pressions qui vous assurent un maintien maximal.<\/p>\n<p>&nbsp;<\/p>\n<h2>Service broderie<\/h2>\n<p>Pour un peu plus d\u2019originalit\u00e9, vous pouvez broder ce mod\u00e8le gr\u00e2ce \u00e0 notre service broderie. , choisissez un texte ainsi que la couleur et la police. Vous pouvez rendre cette tunique m\u00e9dicale \u00e0 votre image. Profitez-en car lorsque vous achetez 20 vestes sur notre boutique<\/p>\n","protected":false},"excerpt":{"rendered":"<p>Cette blouse m\u00e9dicale de type tunique, de la collection Clemix by Lafont est \u00e9l\u00e9gante et color\u00e9e. Ce mod\u00e8le f\u00e9minin, \u00e0 la coupe cintr\u00e9e et moderne, est parfaitement adapt\u00e9e pour tous les m\u00e9tiers dans le milieu hospitalier. Elle dispose au total de trois poches.<\/p>\n<ul>\n<li>Forme tunique<\/li>\n<li>Boutons pressions<\/li>\n<li>2 poches basses<\/li>\n<li>1 poche poitrine<\/li>\n<li>Tailles\u00a0: 36-38 au 60-62<\/li>\n<\/ul>\n","protected":false},"featured_media":13479,"comment_status":"open","ping_status":"closed","template":"","meta":{"_acf_changed":false},"product_brand":[],"product_cat":[242,241,239,308],"product_tag":[],"class_list":{"0":"post-13478","1":"product","2":"type-product","3":"status-publish","4":"has-post-thumbnail","6":"product_cat-beaute-bien-etre","7":"product_cat-medical-paramedical","8":"product_cat-medicales-bien-etre","9":"product_cat-mixte-clemix","11":"first","12":"instock","13":"taxable","14":"shipping-taxable","15":"purchasable","16":"product-type-simple"},"acf":[],"yoast_head":"<!-- This site is optimized with the Yoast SEO Premium plugin v26.3 (Yoast SEO v26.3) - https:\/\/yoast.com\/wordpress\/plugins\/seo\/ -->\n<title>Tunique m\u00e9dicale blanc et rose cassis - Clemix - uniformeplus - V\u00eatements de travail<\/title>\n<meta name=\"description\" content=\"Cette blouse m\u00e9dicale de type tunique, de la collection Clemix by Lafont est \u00e9l\u00e9gante et color\u00e9e. Ce mod\u00e8le f\u00e9minin, \u00e0 la coupe cintr\u00e9e et moderne, est parfaitement adapt\u00e9e pour tous les m\u00e9tiers dans le milieu hospitalier. Elle dispose au total de trois poches.   Forme tunique  Boutons pressions  2 poches basses  1 poche poitrine  Tailles\u00a0: 36-38 au 60-62\" \/>\n<meta name=\"robots\" content=\"index, follow, max-snippet:-1, max-image-preview:large, max-video-preview:-1\" \/>\n<link rel=\"canonical\" href=\"https:\/\/uniformeplus.tn\/index.php\/product\/tunique-medicale-blanc-et-rose-cassis-clemix\/\" \/>\n<meta property=\"og:locale\" content=\"fr_FR\" \/>\n<meta property=\"og:type\" content=\"article\" \/>\n<meta property=\"og:title\" content=\"Tunique m\u00e9dicale blanc et rose cassis - Clemix\" \/>\n<meta property=\"og:description\" content=\"Cette blouse m\u00e9dicale de type tunique, de la collection Clemix by Lafont est \u00e9l\u00e9gante et color\u00e9e. Ce mod\u00e8le f\u00e9minin, \u00e0 la coupe cintr\u00e9e et moderne, est parfaitement adapt\u00e9e pour tous les m\u00e9tiers dans le milieu hospitalier. Elle dispose au total de trois poches.   Forme tunique  Boutons pressions  2 poches basses  1 poche poitrine  Tailles\u00a0: 36-38 au 60-62\" \/>\n<meta property=\"og:url\" content=\"https:\/\/uniformeplus.tn\/index.php\/product\/tunique-medicale-blanc-et-rose-cassis-clemix\/\" \/>\n<meta property=\"og:site_name\" content=\"uniformeplus - V\u00eatements de travail\" \/>\n<meta property=\"article:publisher\" content=\"https:\/\/www.facebook.com\/uniforconfection.uniformeplus\" \/>\n<meta property=\"article:modified_time\" content=\"2025-05-05T15:52:59+00:00\" \/>\n<meta property=\"og:image\" content=\"https:\/\/uniformeplus.tn\/wp-content\/uploads\/2020\/10\/tunique-medicale-2ale-rose-cassis.jpg\" \/>\n\t<meta property=\"og:image:width\" content=\"800\" \/>\n\t<meta property=\"og:image:height\" content=\"800\" \/>\n\t<meta property=\"og:image:type\" content=\"image\/jpeg\" \/>\n<meta name=\"twitter:card\" content=\"summary_large_image\" \/>\n<meta name=\"twitter:label1\" content=\"Prix\" \/>\n\t<meta name=\"twitter:data1\" content=\"32.000&#x62f;.&#x62a;\" \/>\n\t<meta name=\"twitter:label2\" content=\"Disponibilit\u00e9\" \/>\n\t<meta name=\"twitter:data2\" content=\"En stock\" \/>\n<script type=\"application\/ld+json\" class=\"yoast-schema-graph\">{\"@context\":\"https:\/\/schema.org\",\"@graph\":[{\"@type\":\"WebPage\",\"@id\":\"https:\/\/uniformeplus.tn\/index.php\/product\/tunique-medicale-blanc-et-rose-cassis-clemix\/\",\"url\":\"https:\/\/uniformeplus.tn\/index.php\/product\/tunique-medicale-blanc-et-rose-cassis-clemix\/\",\"name\":\"Tunique m\u00e9dicale blanc et rose cassis - Clemix - uniformeplus - V\u00eatements de travail\",\"isPartOf\":{\"@id\":\"https:\/\/uniformeplus.tn\/#website\"},\"primaryImageOfPage\":{\"@id\":\"https:\/\/uniformeplus.tn\/index.php\/product\/tunique-medicale-blanc-et-rose-cassis-clemix\/#primaryimage\"},\"image\":{\"@id\":\"https:\/\/uniformeplus.tn\/index.php\/product\/tunique-medicale-blanc-et-rose-cassis-clemix\/#primaryimage\"},\"thumbnailUrl\":\"https:\/\/uniformeplus.tn\/wp-content\/uploads\/2020\/10\/tunique-medicale-2ale-rose-cassis.jpg\",\"datePublished\":\"2020-10-27T07:26:11+00:00\",\"dateModified\":\"2025-05-05T15:52:59+00:00\",\"description\":\"Cette blouse m\u00e9dicale de type tunique, de la collection Clemix by Lafont est \u00e9l\u00e9gante et color\u00e9e. Ce mod\u00e8le f\u00e9minin, \u00e0 la coupe cintr\u00e9e et moderne, est parfaitement adapt\u00e9e pour tous les m\u00e9tiers dans le milieu hospitalier. Elle dispose au total de trois poches. Forme tunique Boutons pressions 2 poches basses 1 poche poitrine Tailles\u00a0: 36-38 au 60-62\",\"breadcrumb\":{\"@id\":\"https:\/\/uniformeplus.tn\/index.php\/product\/tunique-medicale-blanc-et-rose-cassis-clemix\/#breadcrumb\"},\"inLanguage\":\"fr-FR\",\"potentialAction\":[{\"@type\":\"ReadAction\",\"target\":[\"https:\/\/uniformeplus.tn\/index.php\/product\/tunique-medicale-blanc-et-rose-cassis-clemix\/\"]}]},{\"@type\":\"ImageObject\",\"inLanguage\":\"fr-FR\",\"@id\":\"https:\/\/uniformeplus.tn\/index.php\/product\/tunique-medicale-blanc-et-rose-cassis-clemix\/#primaryimage\",\"url\":\"https:\/\/uniformeplus.tn\/wp-content\/uploads\/2020\/10\/tunique-medicale-2ale-rose-cassis.jpg\",\"contentUrl\":\"https:\/\/uniformeplus.tn\/wp-content\/uploads\/2020\/10\/tunique-medicale-2ale-rose-cassis.jpg\",\"width\":800,\"height\":800,\"caption\":\"Tunique m\u00e9dicale blanc et rose cassis - Clemix\"},{\"@type\":\"BreadcrumbList\",\"@id\":\"https:\/\/uniformeplus.tn\/index.php\/product\/tunique-medicale-blanc-et-rose-cassis-clemix\/#breadcrumb\",\"itemListElement\":[{\"@type\":\"ListItem\",\"position\":1,\"name\":\"Accueil\",\"item\":\"https:\/\/uniformeplus.tn\/\"},{\"@type\":\"ListItem\",\"position\":2,\"name\":\"Shop\",\"item\":\"https:\/\/uniformeplus.tn\/index.php\/shop-2\/\"},{\"@type\":\"ListItem\",\"position\":3,\"name\":\"M\u00c9TIERS\",\"item\":\"https:\/\/uniformeplus.tn\/index.php\/product-category\/metiers\/\"},{\"@type\":\"ListItem\",\"position\":4,\"name\":\"M\u00c9DICALES \/ BIEN-\u00caTRE\",\"item\":\"https:\/\/uniformeplus.tn\/index.php\/product-category\/metiers\/medicales-bien-etre\/\"},{\"@type\":\"ListItem\",\"position\":5,\"name\":\"BEAUT\u00c9 - BIEN \u00caTRE\",\"item\":\"https:\/\/uniformeplus.tn\/index.php\/product-category\/metiers\/medicales-bien-etre\/beaute-bien-etre\/\"},{\"@type\":\"ListItem\",\"position\":6,\"name\":\"Tunique m\u00e9dicale blanc et rose cassis &#8211; Clemix\"}]},{\"@type\":\"WebSite\",\"@id\":\"https:\/\/uniformeplus.tn\/#website\",\"url\":\"https:\/\/uniformeplus.tn\/\",\"name\":\"uniformeplus\",\"description\":\"v\u00eatement de travail Tunisie\",\"publisher\":{\"@id\":\"https:\/\/uniformeplus.tn\/#organization\"},\"alternateName\":\"tenue de travail en tunisie\",\"potentialAction\":[{\"@type\":\"SearchAction\",\"target\":{\"@type\":\"EntryPoint\",\"urlTemplate\":\"https:\/\/uniformeplus.tn\/?s={search_term_string}\"},\"query-input\":{\"@type\":\"PropertyValueSpecification\",\"valueRequired\":true,\"valueName\":\"search_term_string\"}}],\"inLanguage\":\"fr-FR\"},{\"@type\":\"Organization\",\"@id\":\"https:\/\/uniformeplus.tn\/#organization\",\"name\":\"tenue de travail\",\"url\":\"https:\/\/uniformeplus.tn\/\",\"logo\":{\"@type\":\"ImageObject\",\"inLanguage\":\"fr-FR\",\"@id\":\"https:\/\/uniformeplus.tn\/#\/schema\/logo\/image\/\",\"url\":\"https:\/\/uniformeplus.tn\/wp-content\/uploads\/2021\/01\/logo.png\",\"contentUrl\":\"https:\/\/uniformeplus.tn\/wp-content\/uploads\/2021\/01\/logo.png\",\"width\":112,\"height\":112,\"caption\":\"tenue de travail\"},\"image\":{\"@id\":\"https:\/\/uniformeplus.tn\/#\/schema\/logo\/image\/\"},\"sameAs\":[\"https:\/\/www.facebook.com\/uniforconfection.uniformeplus\"],\"hasMerchantReturnPolicy\":{\"@type\":\"MerchantReturnPolicy\",\"merchantReturnLink\":\"https:\/\/uniformeplus.tn\/index.php\/politique-de-retour\/\"}}]}<\/script>\n<meta property=\"product:price:amount\" content=\"32.000\" \/>\n<meta property=\"product:price:currency\" content=\"TND\" \/>\n<meta property=\"og:availability\" content=\"instock\" \/>\n<meta property=\"product:availability\" content=\"instock\" \/>\n<meta property=\"product:condition\" content=\"new\" \/>\n<!-- \/ Yoast SEO Premium plugin. -->","yoast_head_json":{"title":"Tunique m\u00e9dicale blanc et rose cassis - Clemix - uniformeplus - V\u00eatements de travail","description":"Cette blouse m\u00e9dicale de type tunique, de la collection Clemix by Lafont est \u00e9l\u00e9gante et color\u00e9e. Ce mod\u00e8le f\u00e9minin, \u00e0 la coupe cintr\u00e9e et moderne, est parfaitement adapt\u00e9e pour tous les m\u00e9tiers dans le milieu hospitalier. Elle dispose au total de trois poches.   Forme tunique  Boutons pressions  2 poches basses  1 poche poitrine  Tailles\u00a0: 36-38 au 60-62","robots":{"index":"index","follow":"follow","max-snippet":"max-snippet:-1","max-image-preview":"max-image-preview:large","max-video-preview":"max-video-preview:-1"},"canonical":"https:\/\/uniformeplus.tn\/index.php\/product\/tunique-medicale-blanc-et-rose-cassis-clemix\/","og_locale":"fr_FR","og_type":"article","og_title":"Tunique m\u00e9dicale blanc et rose cassis - Clemix","og_description":"Cette blouse m\u00e9dicale de type tunique, de la collection Clemix by Lafont est \u00e9l\u00e9gante et color\u00e9e. Ce mod\u00e8le f\u00e9minin, \u00e0 la coupe cintr\u00e9e et moderne, est parfaitement adapt\u00e9e pour tous les m\u00e9tiers dans le milieu hospitalier. Elle dispose au total de trois poches.   Forme tunique  Boutons pressions  2 poches basses  1 poche poitrine  Tailles\u00a0: 36-38 au 60-62","og_url":"https:\/\/uniformeplus.tn\/index.php\/product\/tunique-medicale-blanc-et-rose-cassis-clemix\/","og_site_name":"uniformeplus - V\u00eatements de travail","article_publisher":"https:\/\/www.facebook.com\/uniforconfection.uniformeplus","article_modified_time":"2025-05-05T15:52:59+00:00","og_image":[{"width":800,"height":800,"url":"https:\/\/uniformeplus.tn\/wp-content\/uploads\/2020\/10\/tunique-medicale-2ale-rose-cassis.jpg","type":"image\/jpeg"}],"twitter_card":"summary_large_image","twitter_misc":{"Prix":"32.000&#x62f;.&#x62a;","Disponibilit\u00e9":"En stock"},"schema":{"@context":"https:\/\/schema.org","@graph":[{"@type":"WebPage","@id":"https:\/\/uniformeplus.tn\/index.php\/product\/tunique-medicale-blanc-et-rose-cassis-clemix\/","url":"https:\/\/uniformeplus.tn\/index.php\/product\/tunique-medicale-blanc-et-rose-cassis-clemix\/","name":"Tunique m\u00e9dicale blanc et rose cassis - Clemix - uniformeplus - V\u00eatements de travail","isPartOf":{"@id":"https:\/\/uniformeplus.tn\/#website"},"primaryImageOfPage":{"@id":"https:\/\/uniformeplus.tn\/index.php\/product\/tunique-medicale-blanc-et-rose-cassis-clemix\/#primaryimage"},"image":{"@id":"https:\/\/uniformeplus.tn\/index.php\/product\/tunique-medicale-blanc-et-rose-cassis-clemix\/#primaryimage"},"thumbnailUrl":"https:\/\/uniformeplus.tn\/wp-content\/uploads\/2020\/10\/tunique-medicale-2ale-rose-cassis.jpg","datePublished":"2020-10-27T07:26:11+00:00","dateModified":"2025-05-05T15:52:59+00:00","description":"Cette blouse m\u00e9dicale de type tunique, de la collection Clemix by Lafont est \u00e9l\u00e9gante et color\u00e9e. Ce mod\u00e8le f\u00e9minin, \u00e0 la coupe cintr\u00e9e et moderne, est parfaitement adapt\u00e9e pour tous les m\u00e9tiers dans le milieu hospitalier. Elle dispose au total de trois poches. Forme tunique Boutons pressions 2 poches basses 1 poche poitrine Tailles\u00a0: 36-38 au 60-62","breadcrumb":{"@id":"https:\/\/uniformeplus.tn\/index.php\/product\/tunique-medicale-blanc-et-rose-cassis-clemix\/#breadcrumb"},"inLanguage":"fr-FR","potentialAction":[{"@type":"ReadAction","target":["https:\/\/uniformeplus.tn\/index.php\/product\/tunique-medicale-blanc-et-rose-cassis-clemix\/"]}]},{"@type":"ImageObject","inLanguage":"fr-FR","@id":"https:\/\/uniformeplus.tn\/index.php\/product\/tunique-medicale-blanc-et-rose-cassis-clemix\/#primaryimage","url":"https:\/\/uniformeplus.tn\/wp-content\/uploads\/2020\/10\/tunique-medicale-2ale-rose-cassis.jpg","contentUrl":"https:\/\/uniformeplus.tn\/wp-content\/uploads\/2020\/10\/tunique-medicale-2ale-rose-cassis.jpg","width":800,"height":800,"caption":"Tunique m\u00e9dicale blanc et rose cassis - Clemix"},{"@type":"BreadcrumbList","@id":"https:\/\/uniformeplus.tn\/index.php\/product\/tunique-medicale-blanc-et-rose-cassis-clemix\/#breadcrumb","itemListElement":[{"@type":"ListItem","position":1,"name":"Accueil","item":"https:\/\/uniformeplus.tn\/"},{"@type":"ListItem","position":2,"name":"Shop","item":"https:\/\/uniformeplus.tn\/index.php\/shop-2\/"},{"@type":"ListItem","position":3,"name":"M\u00c9TIERS","item":"https:\/\/uniformeplus.tn\/index.php\/product-category\/metiers\/"},{"@type":"ListItem","position":4,"name":"M\u00c9DICALES \/ BIEN-\u00caTRE","item":"https:\/\/uniformeplus.tn\/index.php\/product-category\/metiers\/medicales-bien-etre\/"},{"@type":"ListItem","position":5,"name":"BEAUT\u00c9 - BIEN \u00caTRE","item":"https:\/\/uniformeplus.tn\/index.php\/product-category\/metiers\/medicales-bien-etre\/beaute-bien-etre\/"},{"@type":"ListItem","position":6,"name":"Tunique m\u00e9dicale blanc et rose cassis &#8211; Clemix"}]},{"@type":"WebSite","@id":"https:\/\/uniformeplus.tn\/#website","url":"https:\/\/uniformeplus.tn\/","name":"uniformeplus","description":"v\u00eatement de travail Tunisie","publisher":{"@id":"https:\/\/uniformeplus.tn\/#organization"},"alternateName":"tenue de travail en tunisie","potentialAction":[{"@type":"SearchAction","target":{"@type":"EntryPoint","urlTemplate":"https:\/\/uniformeplus.tn\/?s={search_term_string}"},"query-input":{"@type":"PropertyValueSpecification","valueRequired":true,"valueName":"search_term_string"}}],"inLanguage":"fr-FR"},{"@type":"Organization","@id":"https:\/\/uniformeplus.tn\/#organization","name":"tenue de travail","url":"https:\/\/uniformeplus.tn\/","logo":{"@type":"ImageObject","inLanguage":"fr-FR","@id":"https:\/\/uniformeplus.tn\/#\/schema\/logo\/image\/","url":"https:\/\/uniformeplus.tn\/wp-content\/uploads\/2021\/01\/logo.png","contentUrl":"https:\/\/uniformeplus.tn\/wp-content\/uploads\/2021\/01\/logo.png","width":112,"height":112,"caption":"tenue de travail"},"image":{"@id":"https:\/\/uniformeplus.tn\/#\/schema\/logo\/image\/"},"sameAs":["https:\/\/www.facebook.com\/uniforconfection.uniformeplus"],"hasMerchantReturnPolicy":{"@type":"MerchantReturnPolicy","merchantReturnLink":"https:\/\/uniformeplus.tn\/index.php\/politique-de-retour\/"}}]},"product_price_amount":"32.000","product_price_currency":"TND","og_availability":"instock","product_availability":"instock","product_condition":"new"},"_links":{"self":[{"href":"https:\/\/uniformeplus.tn\/index.php\/wp-json\/wp\/v2\/product\/13478","targetHints":{"allow":["GET"]}}],"collection":[{"href":"https:\/\/uniformeplus.tn\/index.php\/wp-json\/wp\/v2\/product"}],"about":[{"href":"https:\/\/uniformeplus.tn\/index.php\/wp-json\/wp\/v2\/types\/product"}],"replies":[{"embeddable":true,"href":"https:\/\/uniformeplus.tn\/index.php\/wp-json\/wp\/v2\/comments?post=13478"}],"wp:featuredmedia":[{"embeddable":true,"href":"https:\/\/uniformeplus.tn\/index.php\/wp-json\/wp\/v2\/media\/13479"}],"wp:attachment":[{"href":"https:\/\/uniformeplus.tn\/index.php\/wp-json\/wp\/v2\/media?parent=13478"}],"wp:term":[{"taxonomy":"product_brand","embeddable":true,"href":"https:\/\/uniformeplus.tn\/index.php\/wp-json\/wp\/v2\/product_brand?post=13478"},{"taxonomy":"product_cat","embeddable":true,"href":"https:\/\/uniformeplus.tn\/index.php\/wp-json\/wp\/v2\/product_cat?post=13478"},{"taxonomy":"product_tag","embeddable":true,"href":"https:\/\/uniformeplus.tn\/index.php\/wp-json\/wp\/v2\/product_tag?post=13478"}],"curies":[{"name":"wp","href":"https:\/\/api.w.org\/{rel}","templated":true}]}}