{"id":14057,"date":"2020-11-09T14:37:31","date_gmt":"2020-11-09T13:37:31","guid":{"rendered":"http:\/\/uniformeplus.tn\/?post_type=product&#038;p=14057"},"modified":"2025-05-05T18:05:40","modified_gmt":"2025-05-05T16:05:40","slug":"blouson-de-travail-uniforme-bdt008","status":"publish","type":"product","link":"https:\/\/uniformeplus.tn\/index.php\/product\/blouson-de-travail-uniforme-bdt008\/","title":{"rendered":"Blouson de travail uniforme+ BDT008"},"content":{"rendered":"","protected":false},"excerpt":{"rendered":"<p>Un\u00a0<strong>blouson de travail<\/strong>\u00a0tr\u00e8s fonctionnel gr\u00e2ce \u00e0 une jeu de poches et surpoches, o\u00f9 les outils et le m\u00e8tre d\u00e9rouleur c\u00f4toient t\u00e9l\u00e9phone ou ipod.<\/p>\n<p>Il est \u00e9quip\u00e9\u00a0d&#8217;un col montant contrast\u00e9 avec sous-patte de protection, de poignets rapport\u00e9s avec grippers, le bas de\u00a0dos est d\u00e9passant et r\u00e9glable par patte avec grippers. Pour une meilleure r\u00e9sistance \u00e0 l&#8217;usure, il b\u00e9n\u00e9ficie de renforts polyester haute r\u00e9sistance sur poignets et avant-bras.<\/p>\n<p>La fermeture de ce blouson s&#8217;effectue par une fermeture centrale zipp\u00e9e sous-patte avec Velcro.<\/p>\n","protected":false},"featured_media":14058,"comment_status":"open","ping_status":"closed","template":"","meta":{"_acf_changed":false},"product_brand":[],"product_cat":[274,295,292,296,276,275,294,332,273,293,227,272,291],"product_tag":[],"class_list":{"0":"post-14057","1":"product","2":"type-product","3":"status-publish","4":"has-post-thumbnail","6":"product_cat-agriculteur","7":"product_cat-cariste","8":"product_cat-chauffeur-livreur","9":"product_cat-demenageur","10":"product_cat-horticulteur","11":"product_cat-jardinier","12":"product_cat-manutentionnaire","13":"product_cat-parkas-de-travail","14":"product_cat-paysagiste","15":"product_cat-transporteur","16":"product_cat-vetement-de-travail","17":"product_cat-vetements-pour-espace-vert","18":"product_cat-vetements-pour-la-logistique-et-le-transport","20":"first","21":"instock","22":"taxable","23":"shipping-taxable","24":"purchasable","25":"product-type-simple"},"acf":[],"yoast_head":"<!-- This site is optimized with the Yoast SEO Premium plugin v26.3 (Yoast SEO v26.3) - https:\/\/yoast.com\/wordpress\/plugins\/seo\/ -->\n<title>Blouson de travail uniforme+ BDT008 - uniformeplus - V\u00eatements de travail<\/title>\n<meta name=\"description\" content=\"Un\u00a0blouson de travail\u00a0tr\u00e8s fonctionnel gr\u00e2ce \u00e0 une jeu de poches et surpoches, o\u00f9 les outils et le m\u00e8tre d\u00e9rouleur c\u00f4toient t\u00e9l\u00e9phone ou ipod.  Il est \u00e9quip\u00e9\u00a0d&#039;un col montant contrast\u00e9 avec sous-patte de protection, de poignets rapport\u00e9s avec grippers, le bas de\u00a0dos est d\u00e9passant et r\u00e9glable par patte avec grippers. Pour une meilleure r\u00e9sistance \u00e0 l&#039;usure, il b\u00e9n\u00e9ficie de renforts polyester haute r\u00e9sistance sur poignets et avant-bras.  La fermeture de ce blouson s&#039;effectue par une fermeture centrale zipp\u00e9e sous-patte avec Velcro.\" \/>\n<meta name=\"robots\" content=\"index, follow, max-snippet:-1, max-image-preview:large, max-video-preview:-1\" \/>\n<link rel=\"canonical\" href=\"https:\/\/uniformeplus.tn\/index.php\/product\/blouson-de-travail-uniforme-bdt008\/\" \/>\n<meta property=\"og:locale\" content=\"fr_FR\" \/>\n<meta property=\"og:type\" content=\"article\" \/>\n<meta property=\"og:title\" content=\"Blouson de travail uniforme+ BDT008\" \/>\n<meta property=\"og:description\" content=\"Un\u00a0blouson de travail\u00a0tr\u00e8s fonctionnel gr\u00e2ce \u00e0 une jeu de poches et surpoches, o\u00f9 les outils et le m\u00e8tre d\u00e9rouleur c\u00f4toient t\u00e9l\u00e9phone ou ipod.  Il est \u00e9quip\u00e9\u00a0d&#039;un col montant contrast\u00e9 avec sous-patte de protection, de poignets rapport\u00e9s avec grippers, le bas de\u00a0dos est d\u00e9passant et r\u00e9glable par patte avec grippers. Pour une meilleure r\u00e9sistance \u00e0 l&#039;usure, il b\u00e9n\u00e9ficie de renforts polyester haute r\u00e9sistance sur poignets et avant-bras.  La fermeture de ce blouson s&#039;effectue par une fermeture centrale zipp\u00e9e sous-patte avec Velcro.\" \/>\n<meta property=\"og:url\" content=\"https:\/\/uniformeplus.tn\/index.php\/product\/blouson-de-travail-uniforme-bdt008\/\" \/>\n<meta property=\"og:site_name\" content=\"uniformeplus - V\u00eatements de travail\" \/>\n<meta property=\"article:publisher\" content=\"https:\/\/www.facebook.com\/uniforconfection.uniformeplus\" \/>\n<meta property=\"article:modified_time\" content=\"2025-05-05T16:05:40+00:00\" \/>\n<meta property=\"og:image\" content=\"https:\/\/uniformeplus.tn\/wp-content\/uploads\/2020\/11\/blouson-de-travail-lafont-3atn00cp.jpg\" \/>\n\t<meta property=\"og:image:width\" content=\"800\" \/>\n\t<meta property=\"og:image:height\" content=\"800\" \/>\n\t<meta property=\"og:image:type\" content=\"image\/jpeg\" \/>\n<meta name=\"twitter:card\" content=\"summary_large_image\" \/>\n<meta name=\"twitter:label1\" content=\"Prix\" \/>\n\t<meta name=\"twitter:data1\" content=\"90.000&#x62f;.&#x62a;\" \/>\n\t<meta name=\"twitter:label2\" content=\"Disponibilit\u00e9\" \/>\n\t<meta name=\"twitter:data2\" content=\"En stock\" \/>\n<script type=\"application\/ld+json\" class=\"yoast-schema-graph\">{\"@context\":\"https:\/\/schema.org\",\"@graph\":[{\"@type\":\"WebPage\",\"@id\":\"https:\/\/uniformeplus.tn\/index.php\/product\/blouson-de-travail-uniforme-bdt008\/\",\"url\":\"https:\/\/uniformeplus.tn\/index.php\/product\/blouson-de-travail-uniforme-bdt008\/\",\"name\":\"Blouson de travail uniforme+ BDT008 - uniformeplus - V\u00eatements de travail\",\"isPartOf\":{\"@id\":\"https:\/\/uniformeplus.tn\/#website\"},\"primaryImageOfPage\":{\"@id\":\"https:\/\/uniformeplus.tn\/index.php\/product\/blouson-de-travail-uniforme-bdt008\/#primaryimage\"},\"image\":{\"@id\":\"https:\/\/uniformeplus.tn\/index.php\/product\/blouson-de-travail-uniforme-bdt008\/#primaryimage\"},\"thumbnailUrl\":\"https:\/\/uniformeplus.tn\/wp-content\/uploads\/2020\/11\/blouson-de-travail-lafont-3atn00cp.jpg\",\"datePublished\":\"2020-11-09T13:37:31+00:00\",\"dateModified\":\"2025-05-05T16:05:40+00:00\",\"description\":\"Un\u00a0blouson de travail\u00a0tr\u00e8s fonctionnel gr\u00e2ce \u00e0 une jeu de poches et surpoches, o\u00f9 les outils et le m\u00e8tre d\u00e9rouleur c\u00f4toient t\u00e9l\u00e9phone ou ipod. Il est \u00e9quip\u00e9\u00a0d'un col montant contrast\u00e9 avec sous-patte de protection, de poignets rapport\u00e9s avec grippers, le bas de\u00a0dos est d\u00e9passant et r\u00e9glable par patte avec grippers. Pour une meilleure r\u00e9sistance \u00e0 l'usure, il b\u00e9n\u00e9ficie de renforts polyester haute r\u00e9sistance sur poignets et avant-bras. La fermeture de ce blouson s'effectue par une fermeture centrale zipp\u00e9e sous-patte avec Velcro.\",\"breadcrumb\":{\"@id\":\"https:\/\/uniformeplus.tn\/index.php\/product\/blouson-de-travail-uniforme-bdt008\/#breadcrumb\"},\"inLanguage\":\"fr-FR\",\"potentialAction\":[{\"@type\":\"ReadAction\",\"target\":[\"https:\/\/uniformeplus.tn\/index.php\/product\/blouson-de-travail-uniforme-bdt008\/\"]}]},{\"@type\":\"ImageObject\",\"inLanguage\":\"fr-FR\",\"@id\":\"https:\/\/uniformeplus.tn\/index.php\/product\/blouson-de-travail-uniforme-bdt008\/#primaryimage\",\"url\":\"https:\/\/uniformeplus.tn\/wp-content\/uploads\/2020\/11\/blouson-de-travail-lafont-3atn00cp.jpg\",\"contentUrl\":\"https:\/\/uniformeplus.tn\/wp-content\/uploads\/2020\/11\/blouson-de-travail-lafont-3atn00cp.jpg\",\"width\":800,\"height\":800,\"caption\":\"blouson-de-travail\"},{\"@type\":\"BreadcrumbList\",\"@id\":\"https:\/\/uniformeplus.tn\/index.php\/product\/blouson-de-travail-uniforme-bdt008\/#breadcrumb\",\"itemListElement\":[{\"@type\":\"ListItem\",\"position\":1,\"name\":\"Accueil\",\"item\":\"https:\/\/uniformeplus.tn\/\"},{\"@type\":\"ListItem\",\"position\":2,\"name\":\"Shop\",\"item\":\"https:\/\/uniformeplus.tn\/index.php\/shop-2\/\"},{\"@type\":\"ListItem\",\"position\":3,\"name\":\"M\u00c9TIERS\",\"item\":\"https:\/\/uniformeplus.tn\/index.php\/product-category\/metiers\/\"},{\"@type\":\"ListItem\",\"position\":4,\"name\":\"V\u00caTEMENTS POUR ESPACE VERT\",\"item\":\"https:\/\/uniformeplus.tn\/index.php\/product-category\/metiers\/vetements-pour-espace-vert\/\"},{\"@type\":\"ListItem\",\"position\":5,\"name\":\"Agriculteur\",\"item\":\"https:\/\/uniformeplus.tn\/index.php\/product-category\/metiers\/vetements-pour-espace-vert\/agriculteur\/\"},{\"@type\":\"ListItem\",\"position\":6,\"name\":\"Blouson de travail uniforme+ BDT008\"}]},{\"@type\":\"WebSite\",\"@id\":\"https:\/\/uniformeplus.tn\/#website\",\"url\":\"https:\/\/uniformeplus.tn\/\",\"name\":\"uniformeplus\",\"description\":\"v\u00eatement de travail Tunisie\",\"publisher\":{\"@id\":\"https:\/\/uniformeplus.tn\/#organization\"},\"alternateName\":\"tenue de travail en tunisie\",\"potentialAction\":[{\"@type\":\"SearchAction\",\"target\":{\"@type\":\"EntryPoint\",\"urlTemplate\":\"https:\/\/uniformeplus.tn\/?s={search_term_string}\"},\"query-input\":{\"@type\":\"PropertyValueSpecification\",\"valueRequired\":true,\"valueName\":\"search_term_string\"}}],\"inLanguage\":\"fr-FR\"},{\"@type\":\"Organization\",\"@id\":\"https:\/\/uniformeplus.tn\/#organization\",\"name\":\"tenue de travail\",\"url\":\"https:\/\/uniformeplus.tn\/\",\"logo\":{\"@type\":\"ImageObject\",\"inLanguage\":\"fr-FR\",\"@id\":\"https:\/\/uniformeplus.tn\/#\/schema\/logo\/image\/\",\"url\":\"https:\/\/uniformeplus.tn\/wp-content\/uploads\/2021\/01\/logo.png\",\"contentUrl\":\"https:\/\/uniformeplus.tn\/wp-content\/uploads\/2021\/01\/logo.png\",\"width\":112,\"height\":112,\"caption\":\"tenue de travail\"},\"image\":{\"@id\":\"https:\/\/uniformeplus.tn\/#\/schema\/logo\/image\/\"},\"sameAs\":[\"https:\/\/www.facebook.com\/uniforconfection.uniformeplus\"],\"hasMerchantReturnPolicy\":{\"@type\":\"MerchantReturnPolicy\",\"merchantReturnLink\":\"https:\/\/uniformeplus.tn\/index.php\/politique-de-retour\/\"}}]}<\/script>\n<meta property=\"product:price:amount\" content=\"90.000\" \/>\n<meta property=\"product:price:currency\" content=\"TND\" \/>\n<meta property=\"og:availability\" content=\"instock\" \/>\n<meta property=\"product:availability\" content=\"instock\" \/>\n<meta property=\"product:condition\" content=\"new\" \/>\n<!-- \/ Yoast SEO Premium plugin. -->","yoast_head_json":{"title":"Blouson de travail uniforme+ BDT008 - uniformeplus - V\u00eatements de travail","description":"Un\u00a0blouson de travail\u00a0tr\u00e8s fonctionnel gr\u00e2ce \u00e0 une jeu de poches et surpoches, o\u00f9 les outils et le m\u00e8tre d\u00e9rouleur c\u00f4toient t\u00e9l\u00e9phone ou ipod.  Il est \u00e9quip\u00e9\u00a0d'un col montant contrast\u00e9 avec sous-patte de protection, de poignets rapport\u00e9s avec grippers, le bas de\u00a0dos est d\u00e9passant et r\u00e9glable par patte avec grippers. Pour une meilleure r\u00e9sistance \u00e0 l'usure, il b\u00e9n\u00e9ficie de renforts polyester haute r\u00e9sistance sur poignets et avant-bras.  La fermeture de ce blouson s'effectue par une fermeture centrale zipp\u00e9e sous-patte avec Velcro.","robots":{"index":"index","follow":"follow","max-snippet":"max-snippet:-1","max-image-preview":"max-image-preview:large","max-video-preview":"max-video-preview:-1"},"canonical":"https:\/\/uniformeplus.tn\/index.php\/product\/blouson-de-travail-uniforme-bdt008\/","og_locale":"fr_FR","og_type":"article","og_title":"Blouson de travail uniforme+ BDT008","og_description":"Un\u00a0blouson de travail\u00a0tr\u00e8s fonctionnel gr\u00e2ce \u00e0 une jeu de poches et surpoches, o\u00f9 les outils et le m\u00e8tre d\u00e9rouleur c\u00f4toient t\u00e9l\u00e9phone ou ipod.  Il est \u00e9quip\u00e9\u00a0d'un col montant contrast\u00e9 avec sous-patte de protection, de poignets rapport\u00e9s avec grippers, le bas de\u00a0dos est d\u00e9passant et r\u00e9glable par patte avec grippers. Pour une meilleure r\u00e9sistance \u00e0 l'usure, il b\u00e9n\u00e9ficie de renforts polyester haute r\u00e9sistance sur poignets et avant-bras.  La fermeture de ce blouson s'effectue par une fermeture centrale zipp\u00e9e sous-patte avec Velcro.","og_url":"https:\/\/uniformeplus.tn\/index.php\/product\/blouson-de-travail-uniforme-bdt008\/","og_site_name":"uniformeplus - V\u00eatements de travail","article_publisher":"https:\/\/www.facebook.com\/uniforconfection.uniformeplus","article_modified_time":"2025-05-05T16:05:40+00:00","og_image":[{"width":800,"height":800,"url":"https:\/\/uniformeplus.tn\/wp-content\/uploads\/2020\/11\/blouson-de-travail-lafont-3atn00cp.jpg","type":"image\/jpeg"}],"twitter_card":"summary_large_image","twitter_misc":{"Prix":"90.000&#x62f;.&#x62a;","Disponibilit\u00e9":"En stock"},"schema":{"@context":"https:\/\/schema.org","@graph":[{"@type":"WebPage","@id":"https:\/\/uniformeplus.tn\/index.php\/product\/blouson-de-travail-uniforme-bdt008\/","url":"https:\/\/uniformeplus.tn\/index.php\/product\/blouson-de-travail-uniforme-bdt008\/","name":"Blouson de travail uniforme+ BDT008 - uniformeplus - V\u00eatements de travail","isPartOf":{"@id":"https:\/\/uniformeplus.tn\/#website"},"primaryImageOfPage":{"@id":"https:\/\/uniformeplus.tn\/index.php\/product\/blouson-de-travail-uniforme-bdt008\/#primaryimage"},"image":{"@id":"https:\/\/uniformeplus.tn\/index.php\/product\/blouson-de-travail-uniforme-bdt008\/#primaryimage"},"thumbnailUrl":"https:\/\/uniformeplus.tn\/wp-content\/uploads\/2020\/11\/blouson-de-travail-lafont-3atn00cp.jpg","datePublished":"2020-11-09T13:37:31+00:00","dateModified":"2025-05-05T16:05:40+00:00","description":"Un\u00a0blouson de travail\u00a0tr\u00e8s fonctionnel gr\u00e2ce \u00e0 une jeu de poches et surpoches, o\u00f9 les outils et le m\u00e8tre d\u00e9rouleur c\u00f4toient t\u00e9l\u00e9phone ou ipod. Il est \u00e9quip\u00e9\u00a0d'un col montant contrast\u00e9 avec sous-patte de protection, de poignets rapport\u00e9s avec grippers, le bas de\u00a0dos est d\u00e9passant et r\u00e9glable par patte avec grippers. Pour une meilleure r\u00e9sistance \u00e0 l'usure, il b\u00e9n\u00e9ficie de renforts polyester haute r\u00e9sistance sur poignets et avant-bras. La fermeture de ce blouson s'effectue par une fermeture centrale zipp\u00e9e sous-patte avec Velcro.","breadcrumb":{"@id":"https:\/\/uniformeplus.tn\/index.php\/product\/blouson-de-travail-uniforme-bdt008\/#breadcrumb"},"inLanguage":"fr-FR","potentialAction":[{"@type":"ReadAction","target":["https:\/\/uniformeplus.tn\/index.php\/product\/blouson-de-travail-uniforme-bdt008\/"]}]},{"@type":"ImageObject","inLanguage":"fr-FR","@id":"https:\/\/uniformeplus.tn\/index.php\/product\/blouson-de-travail-uniforme-bdt008\/#primaryimage","url":"https:\/\/uniformeplus.tn\/wp-content\/uploads\/2020\/11\/blouson-de-travail-lafont-3atn00cp.jpg","contentUrl":"https:\/\/uniformeplus.tn\/wp-content\/uploads\/2020\/11\/blouson-de-travail-lafont-3atn00cp.jpg","width":800,"height":800,"caption":"blouson-de-travail"},{"@type":"BreadcrumbList","@id":"https:\/\/uniformeplus.tn\/index.php\/product\/blouson-de-travail-uniforme-bdt008\/#breadcrumb","itemListElement":[{"@type":"ListItem","position":1,"name":"Accueil","item":"https:\/\/uniformeplus.tn\/"},{"@type":"ListItem","position":2,"name":"Shop","item":"https:\/\/uniformeplus.tn\/index.php\/shop-2\/"},{"@type":"ListItem","position":3,"name":"M\u00c9TIERS","item":"https:\/\/uniformeplus.tn\/index.php\/product-category\/metiers\/"},{"@type":"ListItem","position":4,"name":"V\u00caTEMENTS POUR ESPACE VERT","item":"https:\/\/uniformeplus.tn\/index.php\/product-category\/metiers\/vetements-pour-espace-vert\/"},{"@type":"ListItem","position":5,"name":"Agriculteur","item":"https:\/\/uniformeplus.tn\/index.php\/product-category\/metiers\/vetements-pour-espace-vert\/agriculteur\/"},{"@type":"ListItem","position":6,"name":"Blouson de travail uniforme+ BDT008"}]},{"@type":"WebSite","@id":"https:\/\/uniformeplus.tn\/#website","url":"https:\/\/uniformeplus.tn\/","name":"uniformeplus","description":"v\u00eatement de travail Tunisie","publisher":{"@id":"https:\/\/uniformeplus.tn\/#organization"},"alternateName":"tenue de travail en tunisie","potentialAction":[{"@type":"SearchAction","target":{"@type":"EntryPoint","urlTemplate":"https:\/\/uniformeplus.tn\/?s={search_term_string}"},"query-input":{"@type":"PropertyValueSpecification","valueRequired":true,"valueName":"search_term_string"}}],"inLanguage":"fr-FR"},{"@type":"Organization","@id":"https:\/\/uniformeplus.tn\/#organization","name":"tenue de travail","url":"https:\/\/uniformeplus.tn\/","logo":{"@type":"ImageObject","inLanguage":"fr-FR","@id":"https:\/\/uniformeplus.tn\/#\/schema\/logo\/image\/","url":"https:\/\/uniformeplus.tn\/wp-content\/uploads\/2021\/01\/logo.png","contentUrl":"https:\/\/uniformeplus.tn\/wp-content\/uploads\/2021\/01\/logo.png","width":112,"height":112,"caption":"tenue de travail"},"image":{"@id":"https:\/\/uniformeplus.tn\/#\/schema\/logo\/image\/"},"sameAs":["https:\/\/www.facebook.com\/uniforconfection.uniformeplus"],"hasMerchantReturnPolicy":{"@type":"MerchantReturnPolicy","merchantReturnLink":"https:\/\/uniformeplus.tn\/index.php\/politique-de-retour\/"}}]},"product_price_amount":"90.000","product_price_currency":"TND","og_availability":"instock","product_availability":"instock","product_condition":"new"},"_links":{"self":[{"href":"https:\/\/uniformeplus.tn\/index.php\/wp-json\/wp\/v2\/product\/14057","targetHints":{"allow":["GET"]}}],"collection":[{"href":"https:\/\/uniformeplus.tn\/index.php\/wp-json\/wp\/v2\/product"}],"about":[{"href":"https:\/\/uniformeplus.tn\/index.php\/wp-json\/wp\/v2\/types\/product"}],"replies":[{"embeddable":true,"href":"https:\/\/uniformeplus.tn\/index.php\/wp-json\/wp\/v2\/comments?post=14057"}],"wp:featuredmedia":[{"embeddable":true,"href":"https:\/\/uniformeplus.tn\/index.php\/wp-json\/wp\/v2\/media\/14058"}],"wp:attachment":[{"href":"https:\/\/uniformeplus.tn\/index.php\/wp-json\/wp\/v2\/media?parent=14057"}],"wp:term":[{"taxonomy":"product_brand","embeddable":true,"href":"https:\/\/uniformeplus.tn\/index.php\/wp-json\/wp\/v2\/product_brand?post=14057"},{"taxonomy":"product_cat","embeddable":true,"href":"https:\/\/uniformeplus.tn\/index.php\/wp-json\/wp\/v2\/product_cat?post=14057"},{"taxonomy":"product_tag","embeddable":true,"href":"https:\/\/uniformeplus.tn\/index.php\/wp-json\/wp\/v2\/product_tag?post=14057"}],"curies":[{"name":"wp","href":"https:\/\/api.w.org\/{rel}","templated":true}]}}