{"id":14068,"date":"2020-11-09T15:08:15","date_gmt":"2020-11-09T14:08:15","guid":{"rendered":"http:\/\/uniformeplus.tn\/?post_type=product&#038;p=14068"},"modified":"2025-05-05T18:10:02","modified_gmt":"2025-05-05T16:10:02","slug":"parka-hiver-haute-visibilite-jaune-noir","status":"publish","type":"product","link":"https:\/\/uniformeplus.tn\/index.php\/product\/parka-hiver-haute-visibilite-jaune-noir\/","title":{"rendered":"Parka hiver haute visibilit\u00e9 Jaune &#8211; Noir"},"content":{"rendered":"<p>Qualit\u00e9: 1997 100% polyester oxford lamin\u00e9, r\u00e9sistant \u00e0 l\u00b4eau et coupe-vent, respirant, 200 g\/m\u00b2 WABTECH &#8211; IMPERM\u00c9ABLE ET RESPIRANT. Tissu ext\u00e9rieur double couche prot\u00e9geant du vent et de la pluie, et membrane respirante. Couche Polyurethane (PU).Couleur: Jaune\/Noir Caract\u00e9ristiques: Veste hiver hydrofuge, coupe-vent et respirante avec coutures \u00e9tanches. Doublure ouatine amovible. Poches devant avec doublure chaude et agr\u00e9able en polaire. Poche sur manche. Deux poches poitrine \u00e0 fermeture \u00e0 glissi\u00e8re. Fermeture \u00e0 glissi\u00e8re sous rabat. Capuche amovible. Cordon de serrage \u00e0 la taille. Poche int\u00e9rieure. Porte-clefs. Poche pour carte d\u00b4identit\u00e9.v\u00eatement haute-visibilit\u00e9,\u00a0 protection contre le froid , protection contre la pluie.<\/p>\n","protected":false},"excerpt":{"rendered":"<p>Qualit\u00e9: 1997 100% polyester oxford lamin\u00e9, r\u00e9sistant \u00e0 l\u00b4eau et coupe-vent, respirant, 200 g\/m\u00b2 WABTECH &#8211; IMPERM\u00c9ABLE ET RESPIRANT. Tissu ext\u00e9rieur double couche prot\u00e9geant du vent et de la pluie,<\/p>\n","protected":false},"featured_media":14069,"comment_status":"open","ping_status":"closed","template":"","meta":{"_acf_changed":false},"product_brand":[],"product_cat":[295,292,296,281,294,254,321,293,291],"product_tag":[],"class_list":{"0":"post-14068","1":"product","2":"type-product","3":"status-publish","4":"has-post-thumbnail","6":"product_cat-cariste","7":"product_cat-chauffeur-livreur","8":"product_cat-demenageur","9":"product_cat-depanneur","10":"product_cat-manutentionnaire","11":"product_cat-parka-haute-visibilite","12":"product_cat-parkas-haute-visibilite","13":"product_cat-transporteur","14":"product_cat-vetements-pour-la-logistique-et-le-transport","16":"first","17":"instock","18":"taxable","19":"shipping-taxable","20":"purchasable","21":"product-type-simple"},"acf":[],"yoast_head":"<!-- This site is optimized with the Yoast SEO Premium plugin v26.3 (Yoast SEO v26.3) - https:\/\/yoast.com\/wordpress\/plugins\/seo\/ -->\n<title>Parka hiver haute visibilit\u00e9 Jaune - Noir - uniformeplus - V\u00eatements de travail<\/title>\n<meta name=\"description\" content=\"Qualit\u00e9: 1997 100% polyester oxford lamin\u00e9, r\u00e9sistant \u00e0 l\u00b4eau et coupe-vent, respirant, 200 g\/m\u00b2 WABTECH - IMPERM\u00c9ABLE ET RESPIRANT. Tissu ext\u00e9rieur\" \/>\n<meta name=\"robots\" content=\"index, follow, max-snippet:-1, max-image-preview:large, max-video-preview:-1\" \/>\n<link rel=\"canonical\" href=\"https:\/\/uniformeplus.tn\/index.php\/product\/parka-hiver-haute-visibilite-jaune-noir\/\" \/>\n<meta property=\"og:locale\" content=\"fr_FR\" \/>\n<meta property=\"og:type\" content=\"article\" \/>\n<meta property=\"og:title\" content=\"Parka hiver haute visibilit\u00e9 Jaune - Noir\" \/>\n<meta property=\"og:description\" content=\"Qualit\u00e9: 1997 100% polyester oxford lamin\u00e9, r\u00e9sistant \u00e0 l\u00b4eau et coupe-vent, respirant, 200 g\/m\u00b2 WABTECH - IMPERM\u00c9ABLE ET RESPIRANT. Tissu ext\u00e9rieur\" \/>\n<meta property=\"og:url\" content=\"https:\/\/uniformeplus.tn\/index.php\/product\/parka-hiver-haute-visibilite-jaune-noir\/\" \/>\n<meta property=\"og:site_name\" content=\"uniformeplus - V\u00eatements de travail\" \/>\n<meta property=\"article:publisher\" content=\"https:\/\/www.facebook.com\/uniforconfection.uniformeplus\" \/>\n<meta property=\"article:modified_time\" content=\"2025-05-05T16:10:02+00:00\" \/>\n<meta property=\"og:image\" content=\"https:\/\/uniformeplus.tn\/wp-content\/uploads\/2020\/11\/parka-hiver-haute-visibilite-jaune-noir-4426-blaklader.jpg\" \/>\n\t<meta property=\"og:image:width\" content=\"1000\" \/>\n\t<meta property=\"og:image:height\" content=\"1000\" \/>\n\t<meta property=\"og:image:type\" content=\"image\/jpeg\" \/>\n<meta name=\"twitter:card\" content=\"summary_large_image\" \/>\n<meta name=\"twitter:label1\" content=\"Prix\" \/>\n\t<meta name=\"twitter:data1\" content=\"160.000&#x62f;.&#x62a;\" \/>\n\t<meta name=\"twitter:label2\" content=\"Disponibilit\u00e9\" \/>\n\t<meta name=\"twitter:data2\" content=\"En stock\" \/>\n<script type=\"application\/ld+json\" class=\"yoast-schema-graph\">{\"@context\":\"https:\/\/schema.org\",\"@graph\":[{\"@type\":\"WebPage\",\"@id\":\"https:\/\/uniformeplus.tn\/index.php\/product\/parka-hiver-haute-visibilite-jaune-noir\/\",\"url\":\"https:\/\/uniformeplus.tn\/index.php\/product\/parka-hiver-haute-visibilite-jaune-noir\/\",\"name\":\"Parka hiver haute visibilit\u00e9 Jaune - Noir - uniformeplus - V\u00eatements de travail\",\"isPartOf\":{\"@id\":\"https:\/\/uniformeplus.tn\/#website\"},\"primaryImageOfPage\":{\"@id\":\"https:\/\/uniformeplus.tn\/index.php\/product\/parka-hiver-haute-visibilite-jaune-noir\/#primaryimage\"},\"image\":{\"@id\":\"https:\/\/uniformeplus.tn\/index.php\/product\/parka-hiver-haute-visibilite-jaune-noir\/#primaryimage\"},\"thumbnailUrl\":\"https:\/\/uniformeplus.tn\/wp-content\/uploads\/2020\/11\/parka-hiver-haute-visibilite-jaune-noir-4426-blaklader.jpg\",\"datePublished\":\"2020-11-09T14:08:15+00:00\",\"dateModified\":\"2025-05-05T16:10:02+00:00\",\"description\":\"Qualit\u00e9: 1997 100% polyester oxford lamin\u00e9, r\u00e9sistant \u00e0 l\u00b4eau et coupe-vent, respirant, 200 g\/m\u00b2 WABTECH - IMPERM\u00c9ABLE ET RESPIRANT. Tissu ext\u00e9rieur\",\"breadcrumb\":{\"@id\":\"https:\/\/uniformeplus.tn\/index.php\/product\/parka-hiver-haute-visibilite-jaune-noir\/#breadcrumb\"},\"inLanguage\":\"fr-FR\",\"potentialAction\":[{\"@type\":\"ReadAction\",\"target\":[\"https:\/\/uniformeplus.tn\/index.php\/product\/parka-hiver-haute-visibilite-jaune-noir\/\"]}]},{\"@type\":\"ImageObject\",\"inLanguage\":\"fr-FR\",\"@id\":\"https:\/\/uniformeplus.tn\/index.php\/product\/parka-hiver-haute-visibilite-jaune-noir\/#primaryimage\",\"url\":\"https:\/\/uniformeplus.tn\/wp-content\/uploads\/2020\/11\/parka-hiver-haute-visibilite-jaune-noir-4426-blaklader.jpg\",\"contentUrl\":\"https:\/\/uniformeplus.tn\/wp-content\/uploads\/2020\/11\/parka-hiver-haute-visibilite-jaune-noir-4426-blaklader.jpg\",\"width\":1000,\"height\":1000,\"caption\":\"Parka hiver haute visibilit\u00e9 Jaune\/Noir\"},{\"@type\":\"BreadcrumbList\",\"@id\":\"https:\/\/uniformeplus.tn\/index.php\/product\/parka-hiver-haute-visibilite-jaune-noir\/#breadcrumb\",\"itemListElement\":[{\"@type\":\"ListItem\",\"position\":1,\"name\":\"Accueil\",\"item\":\"https:\/\/uniformeplus.tn\/\"},{\"@type\":\"ListItem\",\"position\":2,\"name\":\"Shop\",\"item\":\"https:\/\/uniformeplus.tn\/index.php\/shop-2\/\"},{\"@type\":\"ListItem\",\"position\":3,\"name\":\"M\u00c9TIERS\",\"item\":\"https:\/\/uniformeplus.tn\/index.php\/product-category\/metiers\/\"},{\"@type\":\"ListItem\",\"position\":4,\"name\":\"V\u00caTEMENTS POUR LA LOGISTIQUE ET LE TRANSPORT\",\"item\":\"https:\/\/uniformeplus.tn\/index.php\/product-category\/metiers\/vetements-pour-la-logistique-et-le-transport\/\"},{\"@type\":\"ListItem\",\"position\":5,\"name\":\"Cariste\",\"item\":\"https:\/\/uniformeplus.tn\/index.php\/product-category\/metiers\/vetements-pour-la-logistique-et-le-transport\/cariste\/\"},{\"@type\":\"ListItem\",\"position\":6,\"name\":\"Parka hiver haute visibilit\u00e9 Jaune &#8211; Noir\"}]},{\"@type\":\"WebSite\",\"@id\":\"https:\/\/uniformeplus.tn\/#website\",\"url\":\"https:\/\/uniformeplus.tn\/\",\"name\":\"uniformeplus\",\"description\":\"v\u00eatement de travail Tunisie\",\"publisher\":{\"@id\":\"https:\/\/uniformeplus.tn\/#organization\"},\"alternateName\":\"tenue de travail en tunisie\",\"potentialAction\":[{\"@type\":\"SearchAction\",\"target\":{\"@type\":\"EntryPoint\",\"urlTemplate\":\"https:\/\/uniformeplus.tn\/?s={search_term_string}\"},\"query-input\":{\"@type\":\"PropertyValueSpecification\",\"valueRequired\":true,\"valueName\":\"search_term_string\"}}],\"inLanguage\":\"fr-FR\"},{\"@type\":\"Organization\",\"@id\":\"https:\/\/uniformeplus.tn\/#organization\",\"name\":\"tenue de travail\",\"url\":\"https:\/\/uniformeplus.tn\/\",\"logo\":{\"@type\":\"ImageObject\",\"inLanguage\":\"fr-FR\",\"@id\":\"https:\/\/uniformeplus.tn\/#\/schema\/logo\/image\/\",\"url\":\"https:\/\/uniformeplus.tn\/wp-content\/uploads\/2021\/01\/logo.png\",\"contentUrl\":\"https:\/\/uniformeplus.tn\/wp-content\/uploads\/2021\/01\/logo.png\",\"width\":112,\"height\":112,\"caption\":\"tenue de travail\"},\"image\":{\"@id\":\"https:\/\/uniformeplus.tn\/#\/schema\/logo\/image\/\"},\"sameAs\":[\"https:\/\/www.facebook.com\/uniforconfection.uniformeplus\"],\"hasMerchantReturnPolicy\":{\"@type\":\"MerchantReturnPolicy\",\"merchantReturnLink\":\"https:\/\/uniformeplus.tn\/index.php\/politique-de-retour\/\"}}]}<\/script>\n<meta property=\"product:price:amount\" content=\"160.000\" \/>\n<meta property=\"product:price:currency\" content=\"TND\" \/>\n<meta property=\"og:availability\" content=\"instock\" \/>\n<meta property=\"product:availability\" content=\"instock\" \/>\n<meta property=\"product:condition\" content=\"new\" \/>\n<!-- \/ Yoast SEO Premium plugin. -->","yoast_head_json":{"title":"Parka hiver haute visibilit\u00e9 Jaune - Noir - uniformeplus - V\u00eatements de travail","description":"Qualit\u00e9: 1997 100% polyester oxford lamin\u00e9, r\u00e9sistant \u00e0 l\u00b4eau et coupe-vent, respirant, 200 g\/m\u00b2 WABTECH - IMPERM\u00c9ABLE ET RESPIRANT. Tissu ext\u00e9rieur","robots":{"index":"index","follow":"follow","max-snippet":"max-snippet:-1","max-image-preview":"max-image-preview:large","max-video-preview":"max-video-preview:-1"},"canonical":"https:\/\/uniformeplus.tn\/index.php\/product\/parka-hiver-haute-visibilite-jaune-noir\/","og_locale":"fr_FR","og_type":"article","og_title":"Parka hiver haute visibilit\u00e9 Jaune - Noir","og_description":"Qualit\u00e9: 1997 100% polyester oxford lamin\u00e9, r\u00e9sistant \u00e0 l\u00b4eau et coupe-vent, respirant, 200 g\/m\u00b2 WABTECH - IMPERM\u00c9ABLE ET RESPIRANT. Tissu ext\u00e9rieur","og_url":"https:\/\/uniformeplus.tn\/index.php\/product\/parka-hiver-haute-visibilite-jaune-noir\/","og_site_name":"uniformeplus - V\u00eatements de travail","article_publisher":"https:\/\/www.facebook.com\/uniforconfection.uniformeplus","article_modified_time":"2025-05-05T16:10:02+00:00","og_image":[{"width":1000,"height":1000,"url":"https:\/\/uniformeplus.tn\/wp-content\/uploads\/2020\/11\/parka-hiver-haute-visibilite-jaune-noir-4426-blaklader.jpg","type":"image\/jpeg"}],"twitter_card":"summary_large_image","twitter_misc":{"Prix":"160.000&#x62f;.&#x62a;","Disponibilit\u00e9":"En stock"},"schema":{"@context":"https:\/\/schema.org","@graph":[{"@type":"WebPage","@id":"https:\/\/uniformeplus.tn\/index.php\/product\/parka-hiver-haute-visibilite-jaune-noir\/","url":"https:\/\/uniformeplus.tn\/index.php\/product\/parka-hiver-haute-visibilite-jaune-noir\/","name":"Parka hiver haute visibilit\u00e9 Jaune - Noir - uniformeplus - V\u00eatements de travail","isPartOf":{"@id":"https:\/\/uniformeplus.tn\/#website"},"primaryImageOfPage":{"@id":"https:\/\/uniformeplus.tn\/index.php\/product\/parka-hiver-haute-visibilite-jaune-noir\/#primaryimage"},"image":{"@id":"https:\/\/uniformeplus.tn\/index.php\/product\/parka-hiver-haute-visibilite-jaune-noir\/#primaryimage"},"thumbnailUrl":"https:\/\/uniformeplus.tn\/wp-content\/uploads\/2020\/11\/parka-hiver-haute-visibilite-jaune-noir-4426-blaklader.jpg","datePublished":"2020-11-09T14:08:15+00:00","dateModified":"2025-05-05T16:10:02+00:00","description":"Qualit\u00e9: 1997 100% polyester oxford lamin\u00e9, r\u00e9sistant \u00e0 l\u00b4eau et coupe-vent, respirant, 200 g\/m\u00b2 WABTECH - IMPERM\u00c9ABLE ET RESPIRANT. Tissu ext\u00e9rieur","breadcrumb":{"@id":"https:\/\/uniformeplus.tn\/index.php\/product\/parka-hiver-haute-visibilite-jaune-noir\/#breadcrumb"},"inLanguage":"fr-FR","potentialAction":[{"@type":"ReadAction","target":["https:\/\/uniformeplus.tn\/index.php\/product\/parka-hiver-haute-visibilite-jaune-noir\/"]}]},{"@type":"ImageObject","inLanguage":"fr-FR","@id":"https:\/\/uniformeplus.tn\/index.php\/product\/parka-hiver-haute-visibilite-jaune-noir\/#primaryimage","url":"https:\/\/uniformeplus.tn\/wp-content\/uploads\/2020\/11\/parka-hiver-haute-visibilite-jaune-noir-4426-blaklader.jpg","contentUrl":"https:\/\/uniformeplus.tn\/wp-content\/uploads\/2020\/11\/parka-hiver-haute-visibilite-jaune-noir-4426-blaklader.jpg","width":1000,"height":1000,"caption":"Parka hiver haute visibilit\u00e9 Jaune\/Noir"},{"@type":"BreadcrumbList","@id":"https:\/\/uniformeplus.tn\/index.php\/product\/parka-hiver-haute-visibilite-jaune-noir\/#breadcrumb","itemListElement":[{"@type":"ListItem","position":1,"name":"Accueil","item":"https:\/\/uniformeplus.tn\/"},{"@type":"ListItem","position":2,"name":"Shop","item":"https:\/\/uniformeplus.tn\/index.php\/shop-2\/"},{"@type":"ListItem","position":3,"name":"M\u00c9TIERS","item":"https:\/\/uniformeplus.tn\/index.php\/product-category\/metiers\/"},{"@type":"ListItem","position":4,"name":"V\u00caTEMENTS POUR LA LOGISTIQUE ET LE TRANSPORT","item":"https:\/\/uniformeplus.tn\/index.php\/product-category\/metiers\/vetements-pour-la-logistique-et-le-transport\/"},{"@type":"ListItem","position":5,"name":"Cariste","item":"https:\/\/uniformeplus.tn\/index.php\/product-category\/metiers\/vetements-pour-la-logistique-et-le-transport\/cariste\/"},{"@type":"ListItem","position":6,"name":"Parka hiver haute visibilit\u00e9 Jaune &#8211; Noir"}]},{"@type":"WebSite","@id":"https:\/\/uniformeplus.tn\/#website","url":"https:\/\/uniformeplus.tn\/","name":"uniformeplus","description":"v\u00eatement de travail Tunisie","publisher":{"@id":"https:\/\/uniformeplus.tn\/#organization"},"alternateName":"tenue de travail en tunisie","potentialAction":[{"@type":"SearchAction","target":{"@type":"EntryPoint","urlTemplate":"https:\/\/uniformeplus.tn\/?s={search_term_string}"},"query-input":{"@type":"PropertyValueSpecification","valueRequired":true,"valueName":"search_term_string"}}],"inLanguage":"fr-FR"},{"@type":"Organization","@id":"https:\/\/uniformeplus.tn\/#organization","name":"tenue de travail","url":"https:\/\/uniformeplus.tn\/","logo":{"@type":"ImageObject","inLanguage":"fr-FR","@id":"https:\/\/uniformeplus.tn\/#\/schema\/logo\/image\/","url":"https:\/\/uniformeplus.tn\/wp-content\/uploads\/2021\/01\/logo.png","contentUrl":"https:\/\/uniformeplus.tn\/wp-content\/uploads\/2021\/01\/logo.png","width":112,"height":112,"caption":"tenue de travail"},"image":{"@id":"https:\/\/uniformeplus.tn\/#\/schema\/logo\/image\/"},"sameAs":["https:\/\/www.facebook.com\/uniforconfection.uniformeplus"],"hasMerchantReturnPolicy":{"@type":"MerchantReturnPolicy","merchantReturnLink":"https:\/\/uniformeplus.tn\/index.php\/politique-de-retour\/"}}]},"product_price_amount":"160.000","product_price_currency":"TND","og_availability":"instock","product_availability":"instock","product_condition":"new"},"_links":{"self":[{"href":"https:\/\/uniformeplus.tn\/index.php\/wp-json\/wp\/v2\/product\/14068","targetHints":{"allow":["GET"]}}],"collection":[{"href":"https:\/\/uniformeplus.tn\/index.php\/wp-json\/wp\/v2\/product"}],"about":[{"href":"https:\/\/uniformeplus.tn\/index.php\/wp-json\/wp\/v2\/types\/product"}],"replies":[{"embeddable":true,"href":"https:\/\/uniformeplus.tn\/index.php\/wp-json\/wp\/v2\/comments?post=14068"}],"wp:featuredmedia":[{"embeddable":true,"href":"https:\/\/uniformeplus.tn\/index.php\/wp-json\/wp\/v2\/media\/14069"}],"wp:attachment":[{"href":"https:\/\/uniformeplus.tn\/index.php\/wp-json\/wp\/v2\/media?parent=14068"}],"wp:term":[{"taxonomy":"product_brand","embeddable":true,"href":"https:\/\/uniformeplus.tn\/index.php\/wp-json\/wp\/v2\/product_brand?post=14068"},{"taxonomy":"product_cat","embeddable":true,"href":"https:\/\/uniformeplus.tn\/index.php\/wp-json\/wp\/v2\/product_cat?post=14068"},{"taxonomy":"product_tag","embeddable":true,"href":"https:\/\/uniformeplus.tn\/index.php\/wp-json\/wp\/v2\/product_tag?post=14068"}],"curies":[{"name":"wp","href":"https:\/\/api.w.org\/{rel}","templated":true}]}}