{"id":15996,"date":"2020-12-21T16:21:53","date_gmt":"2020-12-21T15:21:53","guid":{"rendered":"http:\/\/uniformeplus.tn\/?post_type=product&#038;p=15996"},"modified":"2025-05-22T17:51:58","modified_gmt":"2025-05-22T15:51:58","slug":"pantalon-de-travail-bugatti","status":"publish","type":"product","link":"https:\/\/uniformeplus.tn\/index.php\/product\/pantalon-de-travail-bugatti\/","title":{"rendered":"Pantalon de travail Bleu Bugatti"},"content":{"rendered":"<h2>Pantalon bleu de travail<\/h2>\n<p>Ce<strong> pantalon de travail bleu bugatti <\/strong>est agr\u00e9able \u00e0 porter. Il est fabriqu\u00e9 avec un tissu 100% coton 330 g\/m\u00b2 trait\u00e9 SANFOR. Dot\u00e9 de l\u2019essentiel, \u00e0 savoir deux poches italiennes, une poche arri\u00e8re et une poche m\u00e8tre, il se montre fonctionnel. Un\u00a0<strong>bleu de travail pas cher\u00a0<\/strong>qui pourra \u00e9quiper les professionnels comme les particuliers.<\/p>\n<p><strong><u>Caract\u00e9ristiques<\/u><\/strong>\u00a0:<\/p>\n<ul>\n<li>Pantalon de travail<\/li>\n<li>Couleur unie<\/li>\n<li>Braguette boutons<\/li>\n<li>2 poches italiennes<\/li>\n<li>1 poche arri\u00e8re<\/li>\n<li>1 poche m\u00e8tre<\/li>\n<\/ul>\n","protected":false},"excerpt":{"rendered":"<p>R\u00e9f\u00e9rence : PTBBMF<\/p>\n<p>Pantalon braguette boutons.<\/p>\n<p>2 poches italiennes, 1 poche dos, 1 poche m\u00e8tre.<\/p>\n<p><u>Qualit\u00e9<\/u>: 100% Coton 330 gr\/m\u00b2 SANFOR<\/p>\n<p><u>Tailles<\/u>: 34-68<\/p>\n<p><u>Couleur<\/u>: Bugatti<\/p>\n<p><u>Colisage\u00a0<\/u>:\u00a020 pi\u00e8ces<\/p>\n","protected":false},"featured_media":15998,"comment_status":"open","ping_status":"closed","template":"","meta":{"_acf_changed":false},"product_brand":[],"product_cat":[249,243,264,270,280,299,289,304,266,281,287,300,279,235,267,278,269,302,265,271,288,290,303,298,301,237,297,286,277,268],"product_tag":[],"class_list":{"0":"post-15996","1":"product","2":"type-product","3":"status-publish","4":"has-post-thumbnail","6":"product_cat-pantalons-de-travail-industrie-mecanique","7":"product_cat-batiment","8":"product_cat-btp-et-chantiers","9":"product_cat-carreleur","10":"product_cat-carrossier","11":"product_cat-chaudronnier","12":"product_cat-chauffagiste","13":"product_cat-construction-industrielle","14":"product_cat-couvreur-zingueur","15":"product_cat-depanneur","16":"product_cat-electricien","17":"product_cat-ferronier","18":"product_cat-garagiste","19":"product_cat-industrie","20":"product_cat-macon","21":"product_cat-mecanicien","22":"product_cat-ouvrier","23":"product_cat-ouvrier-industrie","24":"product_cat-peintre","25":"product_cat-platrier","26":"product_cat-plombier","27":"product_cat-serrurier","28":"product_cat-service-maintenance","29":"product_cat-soudeur-tenue-industrie-du-metal","30":"product_cat-technicien","31":"product_cat-technicien-operateur-maintenance","32":"product_cat-tenue-industrie-du-metal","33":"product_cat-tenues-pour-installateurs","34":"product_cat-tenues-pour-lautomobile","35":"product_cat-travaux-publics","37":"first","38":"instock","39":"downloadable","40":"taxable","41":"shipping-taxable","42":"purchasable","43":"product-type-simple"},"acf":[],"yoast_head":"<!-- This site is optimized with the Yoast SEO Premium plugin v26.3 (Yoast SEO v26.3) - https:\/\/yoast.com\/wordpress\/plugins\/seo\/ -->\n<title>Pantalon de travail Bleu Bugatti<\/title>\n<meta name=\"description\" content=\"R\u00e9f\u00e9rence : PTBBMF  Pantalon braguette boutons.  2 poches italiennes, 1 poche dos, 1 poche m\u00e8tre.  Qualit\u00e9: 100% Coton 330 gr\/m\u00b2 SANFOR  Tailles: 34-68  Couleur: Bugatti  Colisage\u00a0:\u00a020 pi\u00e8ces\" \/>\n<meta name=\"robots\" content=\"index, follow, max-snippet:-1, max-image-preview:large, max-video-preview:-1\" \/>\n<link rel=\"canonical\" href=\"https:\/\/uniformeplus.tn\/index.php\/product\/pantalon-de-travail-bugatti\/\" \/>\n<meta property=\"og:locale\" content=\"fr_FR\" \/>\n<meta property=\"og:type\" content=\"article\" \/>\n<meta property=\"og:title\" content=\"Pantalon de travail Bleu Bugatti\" \/>\n<meta property=\"og:description\" content=\"R\u00e9f\u00e9rence : PTBBMF  Pantalon braguette boutons.  2 poches italiennes, 1 poche dos, 1 poche m\u00e8tre.  Qualit\u00e9: 100% Coton 330 gr\/m\u00b2 SANFOR  Tailles: 34-68  Couleur: Bugatti  Colisage\u00a0:\u00a020 pi\u00e8ces\" \/>\n<meta property=\"og:url\" content=\"https:\/\/uniformeplus.tn\/index.php\/product\/pantalon-de-travail-bugatti\/\" \/>\n<meta property=\"og:site_name\" content=\"uniformeplus - V\u00eatements de travail\" \/>\n<meta property=\"article:publisher\" content=\"https:\/\/www.facebook.com\/uniforconfection.uniformeplus\" \/>\n<meta property=\"article:modified_time\" content=\"2025-05-22T15:51:58+00:00\" \/>\n<meta property=\"og:image\" content=\"https:\/\/uniformeplus.tn\/wp-content\/uploads\/2020\/12\/01A560-scaled.jpg\" \/>\n\t<meta property=\"og:image:width\" content=\"2560\" \/>\n\t<meta property=\"og:image:height\" content=\"2560\" \/>\n\t<meta property=\"og:image:type\" content=\"image\/jpeg\" \/>\n<meta name=\"twitter:card\" content=\"summary_large_image\" \/>\n<meta name=\"twitter:label1\" content=\"Prix\" \/>\n\t<meta name=\"twitter:data1\" content=\"40.000&#x62f;.&#x62a;\" \/>\n\t<meta name=\"twitter:label2\" content=\"Disponibilit\u00e9\" \/>\n\t<meta name=\"twitter:data2\" content=\"En stock\" \/>\n<script type=\"application\/ld+json\" class=\"yoast-schema-graph\">{\"@context\":\"https:\/\/schema.org\",\"@graph\":[{\"@type\":\"WebPage\",\"@id\":\"https:\/\/uniformeplus.tn\/index.php\/product\/pantalon-de-travail-bugatti\/\",\"url\":\"https:\/\/uniformeplus.tn\/index.php\/product\/pantalon-de-travail-bugatti\/\",\"name\":\"Pantalon de travail Bleu Bugatti\",\"isPartOf\":{\"@id\":\"https:\/\/uniformeplus.tn\/#website\"},\"primaryImageOfPage\":{\"@id\":\"https:\/\/uniformeplus.tn\/index.php\/product\/pantalon-de-travail-bugatti\/#primaryimage\"},\"image\":{\"@id\":\"https:\/\/uniformeplus.tn\/index.php\/product\/pantalon-de-travail-bugatti\/#primaryimage\"},\"thumbnailUrl\":\"https:\/\/uniformeplus.tn\/wp-content\/uploads\/2020\/12\/01A560-scaled.jpg\",\"datePublished\":\"2020-12-21T15:21:53+00:00\",\"dateModified\":\"2025-05-22T15:51:58+00:00\",\"description\":\"R\u00e9f\u00e9rence : PTBBMF Pantalon braguette boutons. 2 poches italiennes, 1 poche dos, 1 poche m\u00e8tre. Qualit\u00e9: 100% Coton 330 gr\/m\u00b2 SANFOR Tailles: 34-68 Couleur: Bugatti Colisage\u00a0:\u00a020 pi\u00e8ces\",\"breadcrumb\":{\"@id\":\"https:\/\/uniformeplus.tn\/index.php\/product\/pantalon-de-travail-bugatti\/#breadcrumb\"},\"inLanguage\":\"fr-FR\",\"potentialAction\":[{\"@type\":\"ReadAction\",\"target\":[\"https:\/\/uniformeplus.tn\/index.php\/product\/pantalon-de-travail-bugatti\/\"]}]},{\"@type\":\"ImageObject\",\"inLanguage\":\"fr-FR\",\"@id\":\"https:\/\/uniformeplus.tn\/index.php\/product\/pantalon-de-travail-bugatti\/#primaryimage\",\"url\":\"https:\/\/uniformeplus.tn\/wp-content\/uploads\/2020\/12\/01A560-scaled.jpg\",\"contentUrl\":\"https:\/\/uniformeplus.tn\/wp-content\/uploads\/2020\/12\/01A560-scaled.jpg\",\"width\":2560,\"height\":2560},{\"@type\":\"BreadcrumbList\",\"@id\":\"https:\/\/uniformeplus.tn\/index.php\/product\/pantalon-de-travail-bugatti\/#breadcrumb\",\"itemListElement\":[{\"@type\":\"ListItem\",\"position\":1,\"name\":\"Accueil\",\"item\":\"https:\/\/uniformeplus.tn\/\"},{\"@type\":\"ListItem\",\"position\":2,\"name\":\"Shop\",\"item\":\"https:\/\/uniformeplus.tn\/index.php\/shop-2\/\"},{\"@type\":\"ListItem\",\"position\":3,\"name\":\"M\u00c9TIERS\",\"item\":\"https:\/\/uniformeplus.tn\/index.php\/product-category\/metiers\/\"},{\"@type\":\"ListItem\",\"position\":4,\"name\":\"BTP ET CHANTIERS\",\"item\":\"https:\/\/uniformeplus.tn\/index.php\/product-category\/metiers\/btp-et-chantiers\/\"},{\"@type\":\"ListItem\",\"position\":5,\"name\":\"Carreleur\",\"item\":\"https:\/\/uniformeplus.tn\/index.php\/product-category\/metiers\/btp-et-chantiers\/carreleur\/\"},{\"@type\":\"ListItem\",\"position\":6,\"name\":\"Pantalon de travail Bleu Bugatti\"}]},{\"@type\":\"WebSite\",\"@id\":\"https:\/\/uniformeplus.tn\/#website\",\"url\":\"https:\/\/uniformeplus.tn\/\",\"name\":\"uniformeplus\",\"description\":\"v\u00eatement de travail Tunisie\",\"publisher\":{\"@id\":\"https:\/\/uniformeplus.tn\/#organization\"},\"alternateName\":\"tenue de travail en tunisie\",\"potentialAction\":[{\"@type\":\"SearchAction\",\"target\":{\"@type\":\"EntryPoint\",\"urlTemplate\":\"https:\/\/uniformeplus.tn\/?s={search_term_string}\"},\"query-input\":{\"@type\":\"PropertyValueSpecification\",\"valueRequired\":true,\"valueName\":\"search_term_string\"}}],\"inLanguage\":\"fr-FR\"},{\"@type\":\"Organization\",\"@id\":\"https:\/\/uniformeplus.tn\/#organization\",\"name\":\"tenue de travail\",\"url\":\"https:\/\/uniformeplus.tn\/\",\"logo\":{\"@type\":\"ImageObject\",\"inLanguage\":\"fr-FR\",\"@id\":\"https:\/\/uniformeplus.tn\/#\/schema\/logo\/image\/\",\"url\":\"https:\/\/uniformeplus.tn\/wp-content\/uploads\/2021\/01\/logo.png\",\"contentUrl\":\"https:\/\/uniformeplus.tn\/wp-content\/uploads\/2021\/01\/logo.png\",\"width\":112,\"height\":112,\"caption\":\"tenue de travail\"},\"image\":{\"@id\":\"https:\/\/uniformeplus.tn\/#\/schema\/logo\/image\/\"},\"sameAs\":[\"https:\/\/www.facebook.com\/uniforconfection.uniformeplus\"],\"hasMerchantReturnPolicy\":{\"@type\":\"MerchantReturnPolicy\",\"merchantReturnLink\":\"https:\/\/uniformeplus.tn\/index.php\/politique-de-retour\/\"}}]}<\/script>\n<meta property=\"product:price:amount\" content=\"40.000\" \/>\n<meta property=\"product:price:currency\" content=\"TND\" \/>\n<meta property=\"og:availability\" content=\"instock\" \/>\n<meta property=\"product:availability\" content=\"instock\" \/>\n<meta property=\"product:condition\" content=\"new\" \/>\n<!-- \/ Yoast SEO Premium plugin. -->","yoast_head_json":{"title":"Pantalon de travail Bleu Bugatti","description":"R\u00e9f\u00e9rence : PTBBMF  Pantalon braguette boutons.  2 poches italiennes, 1 poche dos, 1 poche m\u00e8tre.  Qualit\u00e9: 100% Coton 330 gr\/m\u00b2 SANFOR  Tailles: 34-68  Couleur: Bugatti  Colisage\u00a0:\u00a020 pi\u00e8ces","robots":{"index":"index","follow":"follow","max-snippet":"max-snippet:-1","max-image-preview":"max-image-preview:large","max-video-preview":"max-video-preview:-1"},"canonical":"https:\/\/uniformeplus.tn\/index.php\/product\/pantalon-de-travail-bugatti\/","og_locale":"fr_FR","og_type":"article","og_title":"Pantalon de travail Bleu Bugatti","og_description":"R\u00e9f\u00e9rence : PTBBMF  Pantalon braguette boutons.  2 poches italiennes, 1 poche dos, 1 poche m\u00e8tre.  Qualit\u00e9: 100% Coton 330 gr\/m\u00b2 SANFOR  Tailles: 34-68  Couleur: Bugatti  Colisage\u00a0:\u00a020 pi\u00e8ces","og_url":"https:\/\/uniformeplus.tn\/index.php\/product\/pantalon-de-travail-bugatti\/","og_site_name":"uniformeplus - V\u00eatements de travail","article_publisher":"https:\/\/www.facebook.com\/uniforconfection.uniformeplus","article_modified_time":"2025-05-22T15:51:58+00:00","og_image":[{"width":2560,"height":2560,"url":"https:\/\/uniformeplus.tn\/wp-content\/uploads\/2020\/12\/01A560-scaled.jpg","type":"image\/jpeg"}],"twitter_card":"summary_large_image","twitter_misc":{"Prix":"40.000&#x62f;.&#x62a;","Disponibilit\u00e9":"En stock"},"schema":{"@context":"https:\/\/schema.org","@graph":[{"@type":"WebPage","@id":"https:\/\/uniformeplus.tn\/index.php\/product\/pantalon-de-travail-bugatti\/","url":"https:\/\/uniformeplus.tn\/index.php\/product\/pantalon-de-travail-bugatti\/","name":"Pantalon de travail Bleu Bugatti","isPartOf":{"@id":"https:\/\/uniformeplus.tn\/#website"},"primaryImageOfPage":{"@id":"https:\/\/uniformeplus.tn\/index.php\/product\/pantalon-de-travail-bugatti\/#primaryimage"},"image":{"@id":"https:\/\/uniformeplus.tn\/index.php\/product\/pantalon-de-travail-bugatti\/#primaryimage"},"thumbnailUrl":"https:\/\/uniformeplus.tn\/wp-content\/uploads\/2020\/12\/01A560-scaled.jpg","datePublished":"2020-12-21T15:21:53+00:00","dateModified":"2025-05-22T15:51:58+00:00","description":"R\u00e9f\u00e9rence : PTBBMF Pantalon braguette boutons. 2 poches italiennes, 1 poche dos, 1 poche m\u00e8tre. Qualit\u00e9: 100% Coton 330 gr\/m\u00b2 SANFOR Tailles: 34-68 Couleur: Bugatti Colisage\u00a0:\u00a020 pi\u00e8ces","breadcrumb":{"@id":"https:\/\/uniformeplus.tn\/index.php\/product\/pantalon-de-travail-bugatti\/#breadcrumb"},"inLanguage":"fr-FR","potentialAction":[{"@type":"ReadAction","target":["https:\/\/uniformeplus.tn\/index.php\/product\/pantalon-de-travail-bugatti\/"]}]},{"@type":"ImageObject","inLanguage":"fr-FR","@id":"https:\/\/uniformeplus.tn\/index.php\/product\/pantalon-de-travail-bugatti\/#primaryimage","url":"https:\/\/uniformeplus.tn\/wp-content\/uploads\/2020\/12\/01A560-scaled.jpg","contentUrl":"https:\/\/uniformeplus.tn\/wp-content\/uploads\/2020\/12\/01A560-scaled.jpg","width":2560,"height":2560},{"@type":"BreadcrumbList","@id":"https:\/\/uniformeplus.tn\/index.php\/product\/pantalon-de-travail-bugatti\/#breadcrumb","itemListElement":[{"@type":"ListItem","position":1,"name":"Accueil","item":"https:\/\/uniformeplus.tn\/"},{"@type":"ListItem","position":2,"name":"Shop","item":"https:\/\/uniformeplus.tn\/index.php\/shop-2\/"},{"@type":"ListItem","position":3,"name":"M\u00c9TIERS","item":"https:\/\/uniformeplus.tn\/index.php\/product-category\/metiers\/"},{"@type":"ListItem","position":4,"name":"BTP ET CHANTIERS","item":"https:\/\/uniformeplus.tn\/index.php\/product-category\/metiers\/btp-et-chantiers\/"},{"@type":"ListItem","position":5,"name":"Carreleur","item":"https:\/\/uniformeplus.tn\/index.php\/product-category\/metiers\/btp-et-chantiers\/carreleur\/"},{"@type":"ListItem","position":6,"name":"Pantalon de travail Bleu Bugatti"}]},{"@type":"WebSite","@id":"https:\/\/uniformeplus.tn\/#website","url":"https:\/\/uniformeplus.tn\/","name":"uniformeplus","description":"v\u00eatement de travail Tunisie","publisher":{"@id":"https:\/\/uniformeplus.tn\/#organization"},"alternateName":"tenue de travail en tunisie","potentialAction":[{"@type":"SearchAction","target":{"@type":"EntryPoint","urlTemplate":"https:\/\/uniformeplus.tn\/?s={search_term_string}"},"query-input":{"@type":"PropertyValueSpecification","valueRequired":true,"valueName":"search_term_string"}}],"inLanguage":"fr-FR"},{"@type":"Organization","@id":"https:\/\/uniformeplus.tn\/#organization","name":"tenue de travail","url":"https:\/\/uniformeplus.tn\/","logo":{"@type":"ImageObject","inLanguage":"fr-FR","@id":"https:\/\/uniformeplus.tn\/#\/schema\/logo\/image\/","url":"https:\/\/uniformeplus.tn\/wp-content\/uploads\/2021\/01\/logo.png","contentUrl":"https:\/\/uniformeplus.tn\/wp-content\/uploads\/2021\/01\/logo.png","width":112,"height":112,"caption":"tenue de travail"},"image":{"@id":"https:\/\/uniformeplus.tn\/#\/schema\/logo\/image\/"},"sameAs":["https:\/\/www.facebook.com\/uniforconfection.uniformeplus"],"hasMerchantReturnPolicy":{"@type":"MerchantReturnPolicy","merchantReturnLink":"https:\/\/uniformeplus.tn\/index.php\/politique-de-retour\/"}}]},"product_price_amount":"40.000","product_price_currency":"TND","og_availability":"instock","product_availability":"instock","product_condition":"new"},"_links":{"self":[{"href":"https:\/\/uniformeplus.tn\/index.php\/wp-json\/wp\/v2\/product\/15996","targetHints":{"allow":["GET"]}}],"collection":[{"href":"https:\/\/uniformeplus.tn\/index.php\/wp-json\/wp\/v2\/product"}],"about":[{"href":"https:\/\/uniformeplus.tn\/index.php\/wp-json\/wp\/v2\/types\/product"}],"replies":[{"embeddable":true,"href":"https:\/\/uniformeplus.tn\/index.php\/wp-json\/wp\/v2\/comments?post=15996"}],"wp:featuredmedia":[{"embeddable":true,"href":"https:\/\/uniformeplus.tn\/index.php\/wp-json\/wp\/v2\/media\/15998"}],"wp:attachment":[{"href":"https:\/\/uniformeplus.tn\/index.php\/wp-json\/wp\/v2\/media?parent=15996"}],"wp:term":[{"taxonomy":"product_brand","embeddable":true,"href":"https:\/\/uniformeplus.tn\/index.php\/wp-json\/wp\/v2\/product_brand?post=15996"},{"taxonomy":"product_cat","embeddable":true,"href":"https:\/\/uniformeplus.tn\/index.php\/wp-json\/wp\/v2\/product_cat?post=15996"},{"taxonomy":"product_tag","embeddable":true,"href":"https:\/\/uniformeplus.tn\/index.php\/wp-json\/wp\/v2\/product_tag?post=15996"}],"curies":[{"name":"wp","href":"https:\/\/api.w.org\/{rel}","templated":true}]}}