{"id":16209,"date":"2021-02-03T08:55:22","date_gmt":"2021-02-03T07:55:22","guid":{"rendered":"http:\/\/www.uniformeplus.tn\/?post_type=product&#038;p=16209"},"modified":"2025-05-23T10:43:05","modified_gmt":"2025-05-23T08:43:05","slug":"pantalon-de-travail-carrie","status":"publish","type":"product","link":"https:\/\/uniformeplus.tn\/index.php\/product\/pantalon-de-travail-carrie\/","title":{"rendered":"Pantalon de Travail CARRIE"},"content":{"rendered":"<table class=\"table-data-sheet\">\n<tbody>\n<tr class=\"odd\">\n<td>Genre<\/td>\n<td>Mixte<\/td>\n<\/tr>\n<tr class=\"even\">\n<td>Fonctionnalit\u00e9s<\/td>\n<td>Poche m\u00e8tre, Sans poches genoux<\/td>\n<\/tr>\n<tr class=\"odd\">\n<td>Tissu<\/td>\n<td>Coton majoritaire<\/td>\n<\/tr>\n<tr class=\"even\">\n<td>Collection<\/td>\n<td>uniforme classic<\/td>\n<\/tr>\n<tr class=\"odd\">\n<td>Entrejambe<\/td>\n<td>82 cm<\/td>\n<\/tr>\n<tr class=\"even\">\n<td>Fermeture<\/td>\n<td>Simple Zip<\/td>\n<\/tr>\n<\/tbody>\n<\/table>\n<h4 class=\"page-product-heading\">EN SAVOIR PLUS<\/h4>\n<div class=\"rte\">\n<ul>\n<li>Forme droite<\/li>\n<li>Ceinture droite 5 passants ferm\u00e9e par un bouton rivet<\/li>\n<li>Braguette \u00e0 fermeture \u00e0 glissi\u00e8re nylon curseur m\u00e9tal<\/li>\n<li>2 poches italiennes<\/li>\n<li>2 poches c\u00f4t\u00e9s \u00e0 soufflets avec soufflet bas et dos<\/li>\n<li>1 poche m\u00e8tre accessible par ouverture au dessus du rabat<\/li>\n<li>1 poche revolver<\/li>\n<li>Entrejambe : 82 cm<\/li>\n<\/ul>\n<h2 class=\"title\"><span style=\"color: #ff0000;\">ENTRETIEN &amp; COMPOSITION<\/span><\/h2>\n<h3>Tissu :<\/h3>\n<ul>\n<li>Serg\u00e9, 65% coton, 35% polyester &#8211; 250 g\/m\u00b2<\/li>\n<\/ul>\n<\/div>\n<h3>Conseils d&#8217;entretien :<\/h3>\n<ul>\n<li>Lavage en machine en cycle normal \u00e0 85\u00b0C<\/li>\n<li>Blanchiment (chlorage) interdit<\/li>\n<li>S\u00e9chage en tambour autoris\u00e9, temp\u00e9rature mod\u00e9r\u00e9e 60\u00b0C<\/li>\n<li>Repasser \u00e0 une temp\u00e9rature maximale de semelle de fer de 150\u00b0C<\/li>\n<li>Nettoyage \u00e0 sec tous solvants sauf trichlo avec restrictions<\/li>\n<\/ul>\n<p data-wp-editing=\"1\"><img decoding=\"async\" class=\"alignleft\" title=\"Lavable \u00e0 60\u00b0\" src=\"https:\/\/media.wuerth.com\/stmedia\/modyf\/shop\/30px\/1384522.jpg\" alt=\"Lavage \u00e0 60\u00b0\" width=\"30\" \/>\u00a0<img decoding=\"async\" class=\"alignleft\" title=\"\" src=\"https:\/\/media.wuerth.com\/stmedia\/modyf\/shop\/30px\/1388216.jpg\" alt=\"\" width=\"30\" \/>\u00a0<img decoding=\"async\" class=\"alignleft\" title=\"\" src=\"https:\/\/media.wuerth.com\/stmedia\/modyf\/shop\/30px\/1388213.jpg\" alt=\"\" width=\"30\" \/>\u00a0<img decoding=\"async\" class=\"alignleft\" title=\"\" src=\"https:\/\/media.wuerth.com\/stmedia\/modyf\/shop\/30px\/1384516.jpg\" alt=\"\" width=\"30\" \/>\u00a0<img decoding=\"async\" class=\"alignleft\" title=\"\" src=\"https:\/\/media.wuerth.com\/stmedia\/modyf\/shop\/30px\/1404613.jpg\" alt=\"\" width=\"30\" \/><\/p>\n","protected":false},"excerpt":{"rendered":"<p>R\u00e9f\u00e9rence : PTC001<\/p>\n<p>Ce\u00a0<strong>pantalon professionnel<\/strong> id\u00e9al pour les m\u00e9tiers du transport et de la logistique, ce <strong>pantalon mixte<\/strong>\u00a0CARRIER est\u00a0<strong>tr\u00e8s l\u00e9ger<\/strong>\u00a0mais est \u00e9galement r\u00e9sistant gr\u00e2ce \u00e0 son armure tissu Serg\u00e9.<\/p>\n","protected":false},"featured_media":16210,"comment_status":"open","ping_status":"closed","template":"","meta":{"_acf_changed":false},"product_brand":[],"product_cat":[249,289,292,304,287,235,302,344,288,290,303,301,237,286,227,340,291],"product_tag":[],"class_list":{"0":"post-16209","1":"product","2":"type-product","3":"status-publish","4":"has-post-thumbnail","6":"product_cat-pantalons-de-travail-industrie-mecanique","7":"product_cat-chauffagiste","8":"product_cat-chauffeur-livreur","9":"product_cat-construction-industrielle","10":"product_cat-electricien","11":"product_cat-industrie","12":"product_cat-ouvrier-industrie","13":"product_cat-pantalon-de-travail","14":"product_cat-plombier","15":"product_cat-serrurier","16":"product_cat-service-maintenance","17":"product_cat-technicien","18":"product_cat-technicien-operateur-maintenance","19":"product_cat-tenues-pour-installateurs","20":"product_cat-vetement-de-travail","21":"product_cat-vetements-pas-chers","22":"product_cat-vetements-pour-la-logistique-et-le-transport","24":"first","25":"instock","26":"taxable","27":"shipping-taxable","28":"purchasable","29":"product-type-simple"},"acf":[],"yoast_head":"<!-- This site is optimized with the Yoast SEO Premium plugin v26.3 (Yoast SEO v26.3) - https:\/\/yoast.com\/wordpress\/plugins\/seo\/ -->\n<title>Pantalon de Travail CARRIE<\/title>\n<meta name=\"description\" content=\"R\u00e9f\u00e9rence : PTC001  Ce\u00a0pantalon professionnel id\u00e9al pour les m\u00e9tiers du transport et de la logistique, ce pantalon mixte\u00a0CARRIER est\u00a0tr\u00e8s l\u00e9ger\u00a0mais est \u00e9galement r\u00e9sistant gr\u00e2ce \u00e0 son armure tissu Serg\u00e9.\" \/>\n<meta name=\"robots\" content=\"index, follow, max-snippet:-1, max-image-preview:large, max-video-preview:-1\" \/>\n<link rel=\"canonical\" href=\"https:\/\/uniformeplus.tn\/index.php\/product\/pantalon-de-travail-carrie\/\" \/>\n<meta property=\"og:locale\" content=\"fr_FR\" \/>\n<meta property=\"og:type\" content=\"article\" \/>\n<meta property=\"og:title\" content=\"Pantalon de Travail CARRIE\" \/>\n<meta property=\"og:description\" content=\"R\u00e9f\u00e9rence : PTC001  Ce\u00a0pantalon professionnel id\u00e9al pour les m\u00e9tiers du transport et de la logistique, ce pantalon mixte\u00a0CARRIER est\u00a0tr\u00e8s l\u00e9ger\u00a0mais est \u00e9galement r\u00e9sistant gr\u00e2ce \u00e0 son armure tissu Serg\u00e9.\" \/>\n<meta property=\"og:url\" content=\"https:\/\/uniformeplus.tn\/index.php\/product\/pantalon-de-travail-carrie\/\" \/>\n<meta property=\"og:site_name\" content=\"uniformeplus - V\u00eatements de travail\" \/>\n<meta property=\"article:publisher\" content=\"https:\/\/www.facebook.com\/uniforconfection.uniformeplus\" \/>\n<meta property=\"article:modified_time\" content=\"2025-05-23T08:43:05+00:00\" \/>\n<meta property=\"og:image\" content=\"https:\/\/uniformeplus.tn\/wp-content\/uploads\/2021\/02\/00.jpg\" \/>\n\t<meta property=\"og:image:width\" content=\"1000\" \/>\n\t<meta property=\"og:image:height\" content=\"1000\" \/>\n\t<meta property=\"og:image:type\" content=\"image\/jpeg\" \/>\n<meta name=\"twitter:card\" content=\"summary_large_image\" \/>\n<meta name=\"twitter:label1\" content=\"Prix\" \/>\n\t<meta name=\"twitter:data1\" content=\"50.000&#x62f;.&#x62a;\" \/>\n\t<meta name=\"twitter:label2\" content=\"Disponibilit\u00e9\" \/>\n\t<meta name=\"twitter:data2\" content=\"En stock\" \/>\n<script type=\"application\/ld+json\" class=\"yoast-schema-graph\">{\"@context\":\"https:\/\/schema.org\",\"@graph\":[{\"@type\":\"WebPage\",\"@id\":\"https:\/\/uniformeplus.tn\/index.php\/product\/pantalon-de-travail-carrie\/\",\"url\":\"https:\/\/uniformeplus.tn\/index.php\/product\/pantalon-de-travail-carrie\/\",\"name\":\"Pantalon de Travail CARRIE\",\"isPartOf\":{\"@id\":\"https:\/\/uniformeplus.tn\/#website\"},\"primaryImageOfPage\":{\"@id\":\"https:\/\/uniformeplus.tn\/index.php\/product\/pantalon-de-travail-carrie\/#primaryimage\"},\"image\":{\"@id\":\"https:\/\/uniformeplus.tn\/index.php\/product\/pantalon-de-travail-carrie\/#primaryimage\"},\"thumbnailUrl\":\"https:\/\/uniformeplus.tn\/wp-content\/uploads\/2021\/02\/00.jpg\",\"datePublished\":\"2021-02-03T07:55:22+00:00\",\"dateModified\":\"2025-05-23T08:43:05+00:00\",\"description\":\"R\u00e9f\u00e9rence : PTC001 Ce\u00a0pantalon professionnel id\u00e9al pour les m\u00e9tiers du transport et de la logistique, ce pantalon mixte\u00a0CARRIER est\u00a0tr\u00e8s l\u00e9ger\u00a0mais est \u00e9galement r\u00e9sistant gr\u00e2ce \u00e0 son armure tissu Serg\u00e9.\",\"breadcrumb\":{\"@id\":\"https:\/\/uniformeplus.tn\/index.php\/product\/pantalon-de-travail-carrie\/#breadcrumb\"},\"inLanguage\":\"fr-FR\",\"potentialAction\":[{\"@type\":\"ReadAction\",\"target\":[\"https:\/\/uniformeplus.tn\/index.php\/product\/pantalon-de-travail-carrie\/\"]}]},{\"@type\":\"ImageObject\",\"inLanguage\":\"fr-FR\",\"@id\":\"https:\/\/uniformeplus.tn\/index.php\/product\/pantalon-de-travail-carrie\/#primaryimage\",\"url\":\"https:\/\/uniformeplus.tn\/wp-content\/uploads\/2021\/02\/00.jpg\",\"contentUrl\":\"https:\/\/uniformeplus.tn\/wp-content\/uploads\/2021\/02\/00.jpg\",\"width\":1000,\"height\":1000,\"caption\":\"pantalon de travail\"},{\"@type\":\"BreadcrumbList\",\"@id\":\"https:\/\/uniformeplus.tn\/index.php\/product\/pantalon-de-travail-carrie\/#breadcrumb\",\"itemListElement\":[{\"@type\":\"ListItem\",\"position\":1,\"name\":\"Accueil\",\"item\":\"https:\/\/uniformeplus.tn\/\"},{\"@type\":\"ListItem\",\"position\":2,\"name\":\"Shop\",\"item\":\"https:\/\/uniformeplus.tn\/index.php\/shop-2\/\"},{\"@type\":\"ListItem\",\"position\":3,\"name\":\"M\u00c9TIERS\",\"item\":\"https:\/\/uniformeplus.tn\/index.php\/product-category\/metiers\/\"},{\"@type\":\"ListItem\",\"position\":4,\"name\":\"TENUES POUR INSTALLATEURS\",\"item\":\"https:\/\/uniformeplus.tn\/index.php\/product-category\/metiers\/tenues-pour-installateurs\/\"},{\"@type\":\"ListItem\",\"position\":5,\"name\":\"Chauffagiste\",\"item\":\"https:\/\/uniformeplus.tn\/index.php\/product-category\/metiers\/tenues-pour-installateurs\/chauffagiste\/\"},{\"@type\":\"ListItem\",\"position\":6,\"name\":\"Pantalon de Travail CARRIE\"}]},{\"@type\":\"WebSite\",\"@id\":\"https:\/\/uniformeplus.tn\/#website\",\"url\":\"https:\/\/uniformeplus.tn\/\",\"name\":\"uniformeplus\",\"description\":\"v\u00eatement de travail Tunisie\",\"publisher\":{\"@id\":\"https:\/\/uniformeplus.tn\/#organization\"},\"alternateName\":\"tenue de travail en tunisie\",\"potentialAction\":[{\"@type\":\"SearchAction\",\"target\":{\"@type\":\"EntryPoint\",\"urlTemplate\":\"https:\/\/uniformeplus.tn\/?s={search_term_string}\"},\"query-input\":{\"@type\":\"PropertyValueSpecification\",\"valueRequired\":true,\"valueName\":\"search_term_string\"}}],\"inLanguage\":\"fr-FR\"},{\"@type\":\"Organization\",\"@id\":\"https:\/\/uniformeplus.tn\/#organization\",\"name\":\"tenue de travail\",\"url\":\"https:\/\/uniformeplus.tn\/\",\"logo\":{\"@type\":\"ImageObject\",\"inLanguage\":\"fr-FR\",\"@id\":\"https:\/\/uniformeplus.tn\/#\/schema\/logo\/image\/\",\"url\":\"https:\/\/uniformeplus.tn\/wp-content\/uploads\/2021\/01\/logo.png\",\"contentUrl\":\"https:\/\/uniformeplus.tn\/wp-content\/uploads\/2021\/01\/logo.png\",\"width\":112,\"height\":112,\"caption\":\"tenue de travail\"},\"image\":{\"@id\":\"https:\/\/uniformeplus.tn\/#\/schema\/logo\/image\/\"},\"sameAs\":[\"https:\/\/www.facebook.com\/uniforconfection.uniformeplus\"],\"hasMerchantReturnPolicy\":{\"@type\":\"MerchantReturnPolicy\",\"merchantReturnLink\":\"https:\/\/uniformeplus.tn\/index.php\/politique-de-retour\/\"}}]}<\/script>\n<meta property=\"product:price:amount\" content=\"50.000\" \/>\n<meta property=\"product:price:currency\" content=\"TND\" \/>\n<meta property=\"og:availability\" content=\"instock\" \/>\n<meta property=\"product:availability\" content=\"instock\" \/>\n<meta property=\"product:retailer_item_id\" content=\"PTC001\" \/>\n<meta property=\"product:condition\" content=\"new\" \/>\n<!-- \/ Yoast SEO Premium plugin. -->","yoast_head_json":{"title":"Pantalon de Travail CARRIE","description":"R\u00e9f\u00e9rence : PTC001  Ce\u00a0pantalon professionnel id\u00e9al pour les m\u00e9tiers du transport et de la logistique, ce pantalon mixte\u00a0CARRIER est\u00a0tr\u00e8s l\u00e9ger\u00a0mais est \u00e9galement r\u00e9sistant gr\u00e2ce \u00e0 son armure tissu Serg\u00e9.","robots":{"index":"index","follow":"follow","max-snippet":"max-snippet:-1","max-image-preview":"max-image-preview:large","max-video-preview":"max-video-preview:-1"},"canonical":"https:\/\/uniformeplus.tn\/index.php\/product\/pantalon-de-travail-carrie\/","og_locale":"fr_FR","og_type":"article","og_title":"Pantalon de Travail CARRIE","og_description":"R\u00e9f\u00e9rence : PTC001  Ce\u00a0pantalon professionnel id\u00e9al pour les m\u00e9tiers du transport et de la logistique, ce pantalon mixte\u00a0CARRIER est\u00a0tr\u00e8s l\u00e9ger\u00a0mais est \u00e9galement r\u00e9sistant gr\u00e2ce \u00e0 son armure tissu Serg\u00e9.","og_url":"https:\/\/uniformeplus.tn\/index.php\/product\/pantalon-de-travail-carrie\/","og_site_name":"uniformeplus - V\u00eatements de travail","article_publisher":"https:\/\/www.facebook.com\/uniforconfection.uniformeplus","article_modified_time":"2025-05-23T08:43:05+00:00","og_image":[{"width":1000,"height":1000,"url":"https:\/\/uniformeplus.tn\/wp-content\/uploads\/2021\/02\/00.jpg","type":"image\/jpeg"}],"twitter_card":"summary_large_image","twitter_misc":{"Prix":"50.000&#x62f;.&#x62a;","Disponibilit\u00e9":"En stock"},"schema":{"@context":"https:\/\/schema.org","@graph":[{"@type":"WebPage","@id":"https:\/\/uniformeplus.tn\/index.php\/product\/pantalon-de-travail-carrie\/","url":"https:\/\/uniformeplus.tn\/index.php\/product\/pantalon-de-travail-carrie\/","name":"Pantalon de Travail CARRIE","isPartOf":{"@id":"https:\/\/uniformeplus.tn\/#website"},"primaryImageOfPage":{"@id":"https:\/\/uniformeplus.tn\/index.php\/product\/pantalon-de-travail-carrie\/#primaryimage"},"image":{"@id":"https:\/\/uniformeplus.tn\/index.php\/product\/pantalon-de-travail-carrie\/#primaryimage"},"thumbnailUrl":"https:\/\/uniformeplus.tn\/wp-content\/uploads\/2021\/02\/00.jpg","datePublished":"2021-02-03T07:55:22+00:00","dateModified":"2025-05-23T08:43:05+00:00","description":"R\u00e9f\u00e9rence : PTC001 Ce\u00a0pantalon professionnel id\u00e9al pour les m\u00e9tiers du transport et de la logistique, ce pantalon mixte\u00a0CARRIER est\u00a0tr\u00e8s l\u00e9ger\u00a0mais est \u00e9galement r\u00e9sistant gr\u00e2ce \u00e0 son armure tissu Serg\u00e9.","breadcrumb":{"@id":"https:\/\/uniformeplus.tn\/index.php\/product\/pantalon-de-travail-carrie\/#breadcrumb"},"inLanguage":"fr-FR","potentialAction":[{"@type":"ReadAction","target":["https:\/\/uniformeplus.tn\/index.php\/product\/pantalon-de-travail-carrie\/"]}]},{"@type":"ImageObject","inLanguage":"fr-FR","@id":"https:\/\/uniformeplus.tn\/index.php\/product\/pantalon-de-travail-carrie\/#primaryimage","url":"https:\/\/uniformeplus.tn\/wp-content\/uploads\/2021\/02\/00.jpg","contentUrl":"https:\/\/uniformeplus.tn\/wp-content\/uploads\/2021\/02\/00.jpg","width":1000,"height":1000,"caption":"pantalon de travail"},{"@type":"BreadcrumbList","@id":"https:\/\/uniformeplus.tn\/index.php\/product\/pantalon-de-travail-carrie\/#breadcrumb","itemListElement":[{"@type":"ListItem","position":1,"name":"Accueil","item":"https:\/\/uniformeplus.tn\/"},{"@type":"ListItem","position":2,"name":"Shop","item":"https:\/\/uniformeplus.tn\/index.php\/shop-2\/"},{"@type":"ListItem","position":3,"name":"M\u00c9TIERS","item":"https:\/\/uniformeplus.tn\/index.php\/product-category\/metiers\/"},{"@type":"ListItem","position":4,"name":"TENUES POUR INSTALLATEURS","item":"https:\/\/uniformeplus.tn\/index.php\/product-category\/metiers\/tenues-pour-installateurs\/"},{"@type":"ListItem","position":5,"name":"Chauffagiste","item":"https:\/\/uniformeplus.tn\/index.php\/product-category\/metiers\/tenues-pour-installateurs\/chauffagiste\/"},{"@type":"ListItem","position":6,"name":"Pantalon de Travail CARRIE"}]},{"@type":"WebSite","@id":"https:\/\/uniformeplus.tn\/#website","url":"https:\/\/uniformeplus.tn\/","name":"uniformeplus","description":"v\u00eatement de travail Tunisie","publisher":{"@id":"https:\/\/uniformeplus.tn\/#organization"},"alternateName":"tenue de travail en tunisie","potentialAction":[{"@type":"SearchAction","target":{"@type":"EntryPoint","urlTemplate":"https:\/\/uniformeplus.tn\/?s={search_term_string}"},"query-input":{"@type":"PropertyValueSpecification","valueRequired":true,"valueName":"search_term_string"}}],"inLanguage":"fr-FR"},{"@type":"Organization","@id":"https:\/\/uniformeplus.tn\/#organization","name":"tenue de travail","url":"https:\/\/uniformeplus.tn\/","logo":{"@type":"ImageObject","inLanguage":"fr-FR","@id":"https:\/\/uniformeplus.tn\/#\/schema\/logo\/image\/","url":"https:\/\/uniformeplus.tn\/wp-content\/uploads\/2021\/01\/logo.png","contentUrl":"https:\/\/uniformeplus.tn\/wp-content\/uploads\/2021\/01\/logo.png","width":112,"height":112,"caption":"tenue de travail"},"image":{"@id":"https:\/\/uniformeplus.tn\/#\/schema\/logo\/image\/"},"sameAs":["https:\/\/www.facebook.com\/uniforconfection.uniformeplus"],"hasMerchantReturnPolicy":{"@type":"MerchantReturnPolicy","merchantReturnLink":"https:\/\/uniformeplus.tn\/index.php\/politique-de-retour\/"}}]},"product_price_amount":"50.000","product_price_currency":"TND","og_availability":"instock","product_availability":"instock","product_retailer_item_id":"PTC001","product_condition":"new"},"_links":{"self":[{"href":"https:\/\/uniformeplus.tn\/index.php\/wp-json\/wp\/v2\/product\/16209","targetHints":{"allow":["GET"]}}],"collection":[{"href":"https:\/\/uniformeplus.tn\/index.php\/wp-json\/wp\/v2\/product"}],"about":[{"href":"https:\/\/uniformeplus.tn\/index.php\/wp-json\/wp\/v2\/types\/product"}],"replies":[{"embeddable":true,"href":"https:\/\/uniformeplus.tn\/index.php\/wp-json\/wp\/v2\/comments?post=16209"}],"wp:featuredmedia":[{"embeddable":true,"href":"https:\/\/uniformeplus.tn\/index.php\/wp-json\/wp\/v2\/media\/16210"}],"wp:attachment":[{"href":"https:\/\/uniformeplus.tn\/index.php\/wp-json\/wp\/v2\/media?parent=16209"}],"wp:term":[{"taxonomy":"product_brand","embeddable":true,"href":"https:\/\/uniformeplus.tn\/index.php\/wp-json\/wp\/v2\/product_brand?post=16209"},{"taxonomy":"product_cat","embeddable":true,"href":"https:\/\/uniformeplus.tn\/index.php\/wp-json\/wp\/v2\/product_cat?post=16209"},{"taxonomy":"product_tag","embeddable":true,"href":"https:\/\/uniformeplus.tn\/index.php\/wp-json\/wp\/v2\/product_tag?post=16209"}],"curies":[{"name":"wp","href":"https:\/\/api.w.org\/{rel}","templated":true}]}}