{"id":16253,"date":"2021-02-19T15:28:33","date_gmt":"2021-02-19T14:28:33","guid":{"rendered":"http:\/\/www.uniformeplus.tn\/?post_type=product&#038;p=16253"},"modified":"2025-05-23T10:55:45","modified_gmt":"2025-05-23T08:55:45","slug":"parka-haute-visibilite-triple-utilisation","status":"publish","type":"product","link":"https:\/\/uniformeplus.tn\/index.php\/product\/parka-haute-visibilite-triple-utilisation\/","title":{"rendered":"Parka haute visibilit\u00e9 triple utilisation"},"content":{"rendered":"<div class=\"productos_detalles_descripcion\"><strong>Gaine ext\u00e9rieure :<\/strong><\/div>\n<ul>\n<li>Perm\u00e9able \u00e0 l&#8217;air. Tour de cou escamotable, capuche r\u00e9glable avec cordon de serrage.<\/li>\n<li>Double avant fermeture : fermeture \u00e0 glissi\u00e8re et bouton pression patte de boutonnage.<\/li>\n<li>Poign\u00e9e r\u00e9glable avec bouton-pression.<\/li>\n<li>Manches avec fermeture \u00e0 glissi\u00e8re. Poignets \u00e9lastiques.<\/li>\n<li>Deux poches inf\u00e9rieures avec rabat.<\/li>\n<\/ul>\n<div class=\"productos_detalles_descripcion\"><strong>Veste :<\/strong>\u00a0-gilet : gilet CONVERTIBLE<\/div>\n<div class=\"productos_detalles_descripcion\"><\/div>\n<div class=\"productos_detalles_descripcion\"><strong>Gilet<\/strong>: rembourr\u00e9. Deux poches inf\u00e9rieures.<\/div>\n<div class=\"productos_detalles_descripcion\"><\/div>\n<div class=\"productos_detalles_descripcion\"><strong>Composition :<\/strong><br \/>\n\u2022 Tissu ext\u00e9rieur : polyester \/ polyur\u00e9thane.<br \/>\n\u2022 Tissu ext\u00e9rieur : polyester \/ polyur\u00e9thane.<br \/>\n\u2022 Rembourrage : 100 % polyester (150g).<br \/>\n\u2022 Doublure : 65 % polyester \/ 35 % coton manches.<\/div>\n<div class=\"productos_detalles_descripcion\"><\/div>\n<div class=\"productos_detalles_talla\"><strong>Couleur:\u00a0<\/strong><span id=\"result_box\" lang=\"fr\" xml:lang=\"fr\">Jaune\u00a0&#8211;\u00a0Marine<\/span><\/div>\n<div><\/div>\n<div class=\"productos_detalles_talla\"><\/div>\n","protected":false},"excerpt":{"rendered":"<p><strong><label>R\u00e9f\u00e9rence :<\/label>\u00a0<span class=\"editable\">PKHV3US<\/span><\/strong><\/p>\n<p>Parka haute visibilit\u00e9 triple utilisation ,Cir\u00e9 ext\u00e9rieur : Respirant. Capuche escamotable dans le col et cordon de r\u00e9glage. Double fermeture \u00e0 l\u2019avant: fermeture \u00e9clair et rabat avec boutons pression. Poignets r\u00e9glables avec bouton pression. Deux poches basses avec rabat.<\/p>\n","protected":false},"featured_media":16254,"comment_status":"open","ping_status":"closed","template":"","meta":{"_acf_changed":false},"product_brand":[],"product_cat":[331,254,321,227],"product_tag":[],"class_list":{"0":"post-16253","1":"product","2":"type-product","3":"status-publish","4":"has-post-thumbnail","6":"product_cat-haute-visibilite","7":"product_cat-parka-haute-visibilite","8":"product_cat-parkas-haute-visibilite","9":"product_cat-vetement-de-travail","11":"first","12":"instock","13":"taxable","14":"shipping-taxable","15":"purchasable","16":"product-type-simple"},"acf":[],"yoast_head":"<!-- This site is optimized with the Yoast SEO Premium plugin v26.3 (Yoast SEO v26.3) - https:\/\/yoast.com\/wordpress\/plugins\/seo\/ -->\n<title>Parka haute visibilit\u00e9 triple utilisation<\/title>\n<meta name=\"description\" content=\"R\u00e9f\u00e9rence :\u00a0PKHV3US  Parka haute visibilit\u00e9 triple utilisation ,Cir\u00e9 ext\u00e9rieur : Respirant. Capuche escamotable dans le col et cordon de r\u00e9glage. Double fermeture \u00e0 l\u2019avant: fermeture \u00e9clair et rabat avec boutons pression. Poignets r\u00e9glables avec bouton pression. Deux poches basses avec rabat.\" \/>\n<meta name=\"robots\" content=\"index, follow, max-snippet:-1, max-image-preview:large, max-video-preview:-1\" \/>\n<link rel=\"canonical\" href=\"https:\/\/uniformeplus.tn\/index.php\/product\/parka-haute-visibilite-triple-utilisation\/\" \/>\n<meta property=\"og:locale\" content=\"fr_FR\" \/>\n<meta property=\"og:type\" content=\"article\" \/>\n<meta property=\"og:title\" content=\"Parka haute visibilit\u00e9 triple utilisation\" \/>\n<meta property=\"og:description\" content=\"R\u00e9f\u00e9rence :\u00a0PKHV3US  Parka haute visibilit\u00e9 triple utilisation ,Cir\u00e9 ext\u00e9rieur : Respirant. Capuche escamotable dans le col et cordon de r\u00e9glage. Double fermeture \u00e0 l\u2019avant: fermeture \u00e9clair et rabat avec boutons pression. Poignets r\u00e9glables avec bouton pression. Deux poches basses avec rabat.\" \/>\n<meta property=\"og:url\" content=\"https:\/\/uniformeplus.tn\/index.php\/product\/parka-haute-visibilite-triple-utilisation\/\" \/>\n<meta property=\"og:site_name\" content=\"uniformeplus - V\u00eatements de travail\" \/>\n<meta property=\"article:publisher\" content=\"https:\/\/www.facebook.com\/uniforconfection.uniformeplus\" \/>\n<meta property=\"article:modified_time\" content=\"2025-05-23T08:55:45+00:00\" \/>\n<meta property=\"og:image\" content=\"https:\/\/uniformeplus.tn\/wp-content\/uploads\/2021\/02\/parkas-3-uso-uniforme.jpg\" \/>\n\t<meta property=\"og:image:width\" content=\"1000\" \/>\n\t<meta property=\"og:image:height\" content=\"1000\" \/>\n\t<meta property=\"og:image:type\" content=\"image\/jpeg\" \/>\n<meta name=\"twitter:card\" content=\"summary_large_image\" \/>\n<meta name=\"twitter:title\" content=\"Parka haute visibilit\u00e9 triple utilisation\" \/>\n<meta name=\"twitter:description\" content=\"R\u00e9f\u00e9rence :\u00a0PKHV3US  Parka haute visibilit\u00e9 triple utilisation ,Cir\u00e9 ext\u00e9rieur : Respirant. Capuche escamotable dans le col et cordon de r\u00e9glage. Double fermeture \u00e0 l\u2019avant: fermeture \u00e9clair et rabat avec boutons pression. Poignets r\u00e9glables avec bouton pression. Deux poches basses avec rabat.\" \/>\n<meta name=\"twitter:label1\" content=\"Prix\" \/>\n\t<meta name=\"twitter:data1\" content=\"350.000&#x62f;.&#x62a;\" \/>\n\t<meta name=\"twitter:label2\" content=\"Disponibilit\u00e9\" \/>\n\t<meta name=\"twitter:data2\" content=\"En stock\" \/>\n<script type=\"application\/ld+json\" class=\"yoast-schema-graph\">{\"@context\":\"https:\/\/schema.org\",\"@graph\":[{\"@type\":\"WebPage\",\"@id\":\"https:\/\/uniformeplus.tn\/index.php\/product\/parka-haute-visibilite-triple-utilisation\/\",\"url\":\"https:\/\/uniformeplus.tn\/index.php\/product\/parka-haute-visibilite-triple-utilisation\/\",\"name\":\"Parka haute visibilit\u00e9 triple utilisation\",\"isPartOf\":{\"@id\":\"https:\/\/uniformeplus.tn\/#website\"},\"primaryImageOfPage\":{\"@id\":\"https:\/\/uniformeplus.tn\/index.php\/product\/parka-haute-visibilite-triple-utilisation\/#primaryimage\"},\"image\":{\"@id\":\"https:\/\/uniformeplus.tn\/index.php\/product\/parka-haute-visibilite-triple-utilisation\/#primaryimage\"},\"thumbnailUrl\":\"https:\/\/uniformeplus.tn\/wp-content\/uploads\/2021\/02\/parkas-3-uso-uniforme.jpg\",\"datePublished\":\"2021-02-19T14:28:33+00:00\",\"dateModified\":\"2025-05-23T08:55:45+00:00\",\"description\":\"R\u00e9f\u00e9rence :\u00a0PKHV3US Parka haute visibilit\u00e9 triple utilisation ,Cir\u00e9 ext\u00e9rieur : Respirant. Capuche escamotable dans le col et cordon de r\u00e9glage. Double fermeture \u00e0 l\u2019avant: fermeture \u00e9clair et rabat avec boutons pression. Poignets r\u00e9glables avec bouton pression. Deux poches basses avec rabat.\",\"breadcrumb\":{\"@id\":\"https:\/\/uniformeplus.tn\/index.php\/product\/parka-haute-visibilite-triple-utilisation\/#breadcrumb\"},\"inLanguage\":\"fr-FR\",\"potentialAction\":[{\"@type\":\"ReadAction\",\"target\":[\"https:\/\/uniformeplus.tn\/index.php\/product\/parka-haute-visibilite-triple-utilisation\/\"]}]},{\"@type\":\"ImageObject\",\"inLanguage\":\"fr-FR\",\"@id\":\"https:\/\/uniformeplus.tn\/index.php\/product\/parka-haute-visibilite-triple-utilisation\/#primaryimage\",\"url\":\"https:\/\/uniformeplus.tn\/wp-content\/uploads\/2021\/02\/parkas-3-uso-uniforme.jpg\",\"contentUrl\":\"https:\/\/uniformeplus.tn\/wp-content\/uploads\/2021\/02\/parkas-3-uso-uniforme.jpg\",\"width\":1000,\"height\":1000,\"caption\":\"Parka haute visibilit\u00e9 triple utilisation\"},{\"@type\":\"BreadcrumbList\",\"@id\":\"https:\/\/uniformeplus.tn\/index.php\/product\/parka-haute-visibilite-triple-utilisation\/#breadcrumb\",\"itemListElement\":[{\"@type\":\"ListItem\",\"position\":1,\"name\":\"Accueil\",\"item\":\"https:\/\/uniformeplus.tn\/\"},{\"@type\":\"ListItem\",\"position\":2,\"name\":\"Shop\",\"item\":\"https:\/\/uniformeplus.tn\/index.php\/shop-2\/\"},{\"@type\":\"ListItem\",\"position\":3,\"name\":\"V\u00caTEMENT DE TRAVAIL\",\"item\":\"https:\/\/uniformeplus.tn\/index.php\/product-category\/vetement-de-travail\/\"},{\"@type\":\"ListItem\",\"position\":4,\"name\":\"HAUTE VISIBILIT\u00c9\",\"item\":\"https:\/\/uniformeplus.tn\/index.php\/product-category\/vetement-de-travail\/haute-visibilite\/\"},{\"@type\":\"ListItem\",\"position\":5,\"name\":\"PARKAS HAUTE VISIBILIT\u00c9\",\"item\":\"https:\/\/uniformeplus.tn\/index.php\/product-category\/vetement-de-travail\/haute-visibilite\/parkas-haute-visibilite\/\"},{\"@type\":\"ListItem\",\"position\":6,\"name\":\"Parka haute visibilit\u00e9 triple utilisation\"}]},{\"@type\":\"WebSite\",\"@id\":\"https:\/\/uniformeplus.tn\/#website\",\"url\":\"https:\/\/uniformeplus.tn\/\",\"name\":\"uniformeplus\",\"description\":\"v\u00eatement de travail Tunisie\",\"publisher\":{\"@id\":\"https:\/\/uniformeplus.tn\/#organization\"},\"alternateName\":\"tenue de travail en tunisie\",\"potentialAction\":[{\"@type\":\"SearchAction\",\"target\":{\"@type\":\"EntryPoint\",\"urlTemplate\":\"https:\/\/uniformeplus.tn\/?s={search_term_string}\"},\"query-input\":{\"@type\":\"PropertyValueSpecification\",\"valueRequired\":true,\"valueName\":\"search_term_string\"}}],\"inLanguage\":\"fr-FR\"},{\"@type\":\"Organization\",\"@id\":\"https:\/\/uniformeplus.tn\/#organization\",\"name\":\"tenue de travail\",\"url\":\"https:\/\/uniformeplus.tn\/\",\"logo\":{\"@type\":\"ImageObject\",\"inLanguage\":\"fr-FR\",\"@id\":\"https:\/\/uniformeplus.tn\/#\/schema\/logo\/image\/\",\"url\":\"https:\/\/uniformeplus.tn\/wp-content\/uploads\/2021\/01\/logo.png\",\"contentUrl\":\"https:\/\/uniformeplus.tn\/wp-content\/uploads\/2021\/01\/logo.png\",\"width\":112,\"height\":112,\"caption\":\"tenue de travail\"},\"image\":{\"@id\":\"https:\/\/uniformeplus.tn\/#\/schema\/logo\/image\/\"},\"sameAs\":[\"https:\/\/www.facebook.com\/uniforconfection.uniformeplus\"],\"hasMerchantReturnPolicy\":{\"@type\":\"MerchantReturnPolicy\",\"merchantReturnLink\":\"https:\/\/uniformeplus.tn\/index.php\/politique-de-retour\/\"}}]}<\/script>\n<meta property=\"product:price:amount\" content=\"350.000\" \/>\n<meta property=\"product:price:currency\" content=\"TND\" \/>\n<meta property=\"og:availability\" content=\"instock\" \/>\n<meta property=\"product:availability\" content=\"instock\" \/>\n<meta property=\"product:retailer_item_id\" content=\"PKHV3US\" \/>\n<meta property=\"product:condition\" content=\"new\" \/>\n<!-- \/ Yoast SEO Premium plugin. -->","yoast_head_json":{"title":"Parka haute visibilit\u00e9 triple utilisation","description":"R\u00e9f\u00e9rence :\u00a0PKHV3US  Parka haute visibilit\u00e9 triple utilisation ,Cir\u00e9 ext\u00e9rieur : Respirant. Capuche escamotable dans le col et cordon de r\u00e9glage. Double fermeture \u00e0 l\u2019avant: fermeture \u00e9clair et rabat avec boutons pression. Poignets r\u00e9glables avec bouton pression. Deux poches basses avec rabat.","robots":{"index":"index","follow":"follow","max-snippet":"max-snippet:-1","max-image-preview":"max-image-preview:large","max-video-preview":"max-video-preview:-1"},"canonical":"https:\/\/uniformeplus.tn\/index.php\/product\/parka-haute-visibilite-triple-utilisation\/","og_locale":"fr_FR","og_type":"article","og_title":"Parka haute visibilit\u00e9 triple utilisation","og_description":"R\u00e9f\u00e9rence :\u00a0PKHV3US  Parka haute visibilit\u00e9 triple utilisation ,Cir\u00e9 ext\u00e9rieur : Respirant. Capuche escamotable dans le col et cordon de r\u00e9glage. Double fermeture \u00e0 l\u2019avant: fermeture \u00e9clair et rabat avec boutons pression. Poignets r\u00e9glables avec bouton pression. Deux poches basses avec rabat.","og_url":"https:\/\/uniformeplus.tn\/index.php\/product\/parka-haute-visibilite-triple-utilisation\/","og_site_name":"uniformeplus - V\u00eatements de travail","article_publisher":"https:\/\/www.facebook.com\/uniforconfection.uniformeplus","article_modified_time":"2025-05-23T08:55:45+00:00","og_image":[{"width":1000,"height":1000,"url":"https:\/\/uniformeplus.tn\/wp-content\/uploads\/2021\/02\/parkas-3-uso-uniforme.jpg","type":"image\/jpeg"}],"twitter_card":"summary_large_image","twitter_title":"Parka haute visibilit\u00e9 triple utilisation","twitter_description":"R\u00e9f\u00e9rence :\u00a0PKHV3US  Parka haute visibilit\u00e9 triple utilisation ,Cir\u00e9 ext\u00e9rieur : Respirant. Capuche escamotable dans le col et cordon de r\u00e9glage. Double fermeture \u00e0 l\u2019avant: fermeture \u00e9clair et rabat avec boutons pression. Poignets r\u00e9glables avec bouton pression. Deux poches basses avec rabat.","twitter_misc":{"Prix":"350.000&#x62f;.&#x62a;","Disponibilit\u00e9":"En stock"},"schema":{"@context":"https:\/\/schema.org","@graph":[{"@type":"WebPage","@id":"https:\/\/uniformeplus.tn\/index.php\/product\/parka-haute-visibilite-triple-utilisation\/","url":"https:\/\/uniformeplus.tn\/index.php\/product\/parka-haute-visibilite-triple-utilisation\/","name":"Parka haute visibilit\u00e9 triple utilisation","isPartOf":{"@id":"https:\/\/uniformeplus.tn\/#website"},"primaryImageOfPage":{"@id":"https:\/\/uniformeplus.tn\/index.php\/product\/parka-haute-visibilite-triple-utilisation\/#primaryimage"},"image":{"@id":"https:\/\/uniformeplus.tn\/index.php\/product\/parka-haute-visibilite-triple-utilisation\/#primaryimage"},"thumbnailUrl":"https:\/\/uniformeplus.tn\/wp-content\/uploads\/2021\/02\/parkas-3-uso-uniforme.jpg","datePublished":"2021-02-19T14:28:33+00:00","dateModified":"2025-05-23T08:55:45+00:00","description":"R\u00e9f\u00e9rence :\u00a0PKHV3US Parka haute visibilit\u00e9 triple utilisation ,Cir\u00e9 ext\u00e9rieur : Respirant. Capuche escamotable dans le col et cordon de r\u00e9glage. Double fermeture \u00e0 l\u2019avant: fermeture \u00e9clair et rabat avec boutons pression. Poignets r\u00e9glables avec bouton pression. Deux poches basses avec rabat.","breadcrumb":{"@id":"https:\/\/uniformeplus.tn\/index.php\/product\/parka-haute-visibilite-triple-utilisation\/#breadcrumb"},"inLanguage":"fr-FR","potentialAction":[{"@type":"ReadAction","target":["https:\/\/uniformeplus.tn\/index.php\/product\/parka-haute-visibilite-triple-utilisation\/"]}]},{"@type":"ImageObject","inLanguage":"fr-FR","@id":"https:\/\/uniformeplus.tn\/index.php\/product\/parka-haute-visibilite-triple-utilisation\/#primaryimage","url":"https:\/\/uniformeplus.tn\/wp-content\/uploads\/2021\/02\/parkas-3-uso-uniforme.jpg","contentUrl":"https:\/\/uniformeplus.tn\/wp-content\/uploads\/2021\/02\/parkas-3-uso-uniforme.jpg","width":1000,"height":1000,"caption":"Parka haute visibilit\u00e9 triple utilisation"},{"@type":"BreadcrumbList","@id":"https:\/\/uniformeplus.tn\/index.php\/product\/parka-haute-visibilite-triple-utilisation\/#breadcrumb","itemListElement":[{"@type":"ListItem","position":1,"name":"Accueil","item":"https:\/\/uniformeplus.tn\/"},{"@type":"ListItem","position":2,"name":"Shop","item":"https:\/\/uniformeplus.tn\/index.php\/shop-2\/"},{"@type":"ListItem","position":3,"name":"V\u00caTEMENT DE TRAVAIL","item":"https:\/\/uniformeplus.tn\/index.php\/product-category\/vetement-de-travail\/"},{"@type":"ListItem","position":4,"name":"HAUTE VISIBILIT\u00c9","item":"https:\/\/uniformeplus.tn\/index.php\/product-category\/vetement-de-travail\/haute-visibilite\/"},{"@type":"ListItem","position":5,"name":"PARKAS HAUTE VISIBILIT\u00c9","item":"https:\/\/uniformeplus.tn\/index.php\/product-category\/vetement-de-travail\/haute-visibilite\/parkas-haute-visibilite\/"},{"@type":"ListItem","position":6,"name":"Parka haute visibilit\u00e9 triple utilisation"}]},{"@type":"WebSite","@id":"https:\/\/uniformeplus.tn\/#website","url":"https:\/\/uniformeplus.tn\/","name":"uniformeplus","description":"v\u00eatement de travail Tunisie","publisher":{"@id":"https:\/\/uniformeplus.tn\/#organization"},"alternateName":"tenue de travail en tunisie","potentialAction":[{"@type":"SearchAction","target":{"@type":"EntryPoint","urlTemplate":"https:\/\/uniformeplus.tn\/?s={search_term_string}"},"query-input":{"@type":"PropertyValueSpecification","valueRequired":true,"valueName":"search_term_string"}}],"inLanguage":"fr-FR"},{"@type":"Organization","@id":"https:\/\/uniformeplus.tn\/#organization","name":"tenue de travail","url":"https:\/\/uniformeplus.tn\/","logo":{"@type":"ImageObject","inLanguage":"fr-FR","@id":"https:\/\/uniformeplus.tn\/#\/schema\/logo\/image\/","url":"https:\/\/uniformeplus.tn\/wp-content\/uploads\/2021\/01\/logo.png","contentUrl":"https:\/\/uniformeplus.tn\/wp-content\/uploads\/2021\/01\/logo.png","width":112,"height":112,"caption":"tenue de travail"},"image":{"@id":"https:\/\/uniformeplus.tn\/#\/schema\/logo\/image\/"},"sameAs":["https:\/\/www.facebook.com\/uniforconfection.uniformeplus"],"hasMerchantReturnPolicy":{"@type":"MerchantReturnPolicy","merchantReturnLink":"https:\/\/uniformeplus.tn\/index.php\/politique-de-retour\/"}}]},"product_price_amount":"350.000","product_price_currency":"TND","og_availability":"instock","product_availability":"instock","product_retailer_item_id":"PKHV3US","product_condition":"new"},"_links":{"self":[{"href":"https:\/\/uniformeplus.tn\/index.php\/wp-json\/wp\/v2\/product\/16253","targetHints":{"allow":["GET"]}}],"collection":[{"href":"https:\/\/uniformeplus.tn\/index.php\/wp-json\/wp\/v2\/product"}],"about":[{"href":"https:\/\/uniformeplus.tn\/index.php\/wp-json\/wp\/v2\/types\/product"}],"replies":[{"embeddable":true,"href":"https:\/\/uniformeplus.tn\/index.php\/wp-json\/wp\/v2\/comments?post=16253"}],"wp:featuredmedia":[{"embeddable":true,"href":"https:\/\/uniformeplus.tn\/index.php\/wp-json\/wp\/v2\/media\/16254"}],"wp:attachment":[{"href":"https:\/\/uniformeplus.tn\/index.php\/wp-json\/wp\/v2\/media?parent=16253"}],"wp:term":[{"taxonomy":"product_brand","embeddable":true,"href":"https:\/\/uniformeplus.tn\/index.php\/wp-json\/wp\/v2\/product_brand?post=16253"},{"taxonomy":"product_cat","embeddable":true,"href":"https:\/\/uniformeplus.tn\/index.php\/wp-json\/wp\/v2\/product_cat?post=16253"},{"taxonomy":"product_tag","embeddable":true,"href":"https:\/\/uniformeplus.tn\/index.php\/wp-json\/wp\/v2\/product_tag?post=16253"}],"curies":[{"name":"wp","href":"https:\/\/api.w.org\/{rel}","templated":true}]}}