{"id":16434,"date":"2021-08-05T10:50:29","date_gmt":"2021-08-05T08:50:29","guid":{"rendered":"http:\/\/www.uniformeplus.tn\/?post_type=product&#038;p=16434"},"modified":"2025-05-25T19:13:18","modified_gmt":"2025-05-25T17:13:18","slug":"gilet-de-travail","status":"publish","type":"product","link":"https:\/\/uniformeplus.tn\/index.php\/product\/gilet-de-travail\/","title":{"rendered":"gilet de travail"},"content":{"rendered":"<ul>\n<li>\u00a0 Col montant<\/li>\n<li>\u00a0\u00a0\u00a0 Emmanchures \u00e9lastiqu\u00e9es<\/li>\n<li>\u00a0\u00a0\u00a0 1 poche poitrine gauche zipp\u00e9e \u00e0 soufflets<\/li>\n<li>\u00a0\u00a0\u00a0 1 poche poitrine droite \u00e0 rabat ferm\u00e9 par auto-agrippant + porte badge escamotable + ouverture pour kit mains-libres<\/li>\n<li>\u00a0\u00a0\u00a0 1 poche poitrine int\u00e9rieure<\/li>\n<li>\u00a0\u00a0\u00a0 2 poches basses repose main<\/li>\n<li>\u00a0\u00a0\u00a0 Couleur : gris\/ Noir<\/li>\n<\/ul>\n<p><strong>Mati\u00e8res:<\/strong><\/p>\n<ul>\n<li>\u00a0\u00a0\u00a0 60% Coton &#8211; 40% Polyester 300g\/m\u00b2<\/li>\n<\/ul>\n<p>&nbsp;<\/p>\n","protected":false},"excerpt":{"rendered":"<p>R\u00e9f\u00e9rence : <a href=\"http:\/\/www.uniformeplus.tn\/index.php\/product\/gilet-de-travail\/%20%E2%80%8E\">GDTB002<\/a><\/p>\n<p>Le gilet de travail sans manches bicolore est tr\u00e8s durable, et vous apporte confort pour un super rapport qualit\u00e9\/prix. En effet, gr\u00e2ce \u00e0 sa composition, vous pourrez le porter partout, en ext\u00e9rieur comme en int\u00e9rieur<\/p>\n","protected":false},"featured_media":16435,"comment_status":"open","ping_status":"closed","template":"","meta":{"_acf_changed":false},"product_brand":[],"product_cat":[264,270,280,299,289,304,266,281,287,300,279,251,235,267,278,302,269,265,288,290,303,298,301,297,286,277,227],"product_tag":[],"class_list":{"0":"post-16434","1":"product","2":"type-product","3":"status-publish","4":"has-post-thumbnail","6":"product_cat-btp-et-chantiers","7":"product_cat-carreleur","8":"product_cat-carrossier","9":"product_cat-chaudronnier","10":"product_cat-chauffagiste","11":"product_cat-construction-industrielle","12":"product_cat-couvreur-zingueur","13":"product_cat-depanneur","14":"product_cat-electricien","15":"product_cat-ferronier","16":"product_cat-garagiste","17":"product_cat-gilets","18":"product_cat-industrie","19":"product_cat-macon","20":"product_cat-mecanicien","21":"product_cat-ouvrier-industrie","22":"product_cat-ouvrier","23":"product_cat-peintre","24":"product_cat-plombier","25":"product_cat-serrurier","26":"product_cat-service-maintenance","27":"product_cat-soudeur-tenue-industrie-du-metal","28":"product_cat-technicien","29":"product_cat-tenue-industrie-du-metal","30":"product_cat-tenues-pour-installateurs","31":"product_cat-tenues-pour-lautomobile","32":"product_cat-vetement-de-travail","34":"first","35":"instock","36":"taxable","37":"shipping-taxable","38":"purchasable","39":"product-type-simple"},"acf":[],"yoast_head":"<!-- This site is optimized with the Yoast SEO Premium plugin v26.3 (Yoast SEO v26.3) - https:\/\/yoast.com\/wordpress\/plugins\/seo\/ -->\n<title>gilet de travail<\/title>\n<meta name=\"description\" content=\"R\u00e9f\u00e9rence : GDTB002  Le gilet de travail sans manches bicolore est tr\u00e8s durable, et vous apporte confort pour un super rapport qualit\u00e9\/prix. En effet, gr\u00e2ce \u00e0 sa composition, vous pourrez le porter partout, en ext\u00e9rieur comme en int\u00e9rieur\" \/>\n<meta name=\"robots\" content=\"index, follow, max-snippet:-1, max-image-preview:large, max-video-preview:-1\" \/>\n<link rel=\"canonical\" href=\"https:\/\/uniformeplus.tn\/index.php\/product\/gilet-de-travail\/\" \/>\n<meta property=\"og:locale\" content=\"fr_FR\" \/>\n<meta property=\"og:type\" content=\"article\" \/>\n<meta property=\"og:title\" content=\"gilet de travail\" \/>\n<meta property=\"og:description\" content=\"R\u00e9f\u00e9rence : GDTB002  Le gilet de travail sans manches bicolore est tr\u00e8s durable, et vous apporte confort pour un super rapport qualit\u00e9\/prix. En effet, gr\u00e2ce \u00e0 sa composition, vous pourrez le porter partout, en ext\u00e9rieur comme en int\u00e9rieur\" \/>\n<meta property=\"og:url\" content=\"https:\/\/uniformeplus.tn\/index.php\/product\/gilet-de-travail\/\" \/>\n<meta property=\"og:site_name\" content=\"uniformeplus - V\u00eatements de travail\" \/>\n<meta property=\"article:publisher\" content=\"https:\/\/www.facebook.com\/uniforconfection.uniformeplus\" \/>\n<meta property=\"article:modified_time\" content=\"2025-05-25T17:13:18+00:00\" \/>\n<meta property=\"og:image\" content=\"https:\/\/uniformeplus.tn\/wp-content\/uploads\/2021\/08\/gilet-de-travail-GDTB002.jpg\" \/>\n\t<meta property=\"og:image:width\" content=\"1000\" \/>\n\t<meta property=\"og:image:height\" content=\"1000\" \/>\n\t<meta property=\"og:image:type\" content=\"image\/jpeg\" \/>\n<meta name=\"twitter:card\" content=\"summary_large_image\" \/>\n<meta name=\"twitter:label1\" content=\"Prix\" \/>\n\t<meta name=\"twitter:data1\" content=\"50.000&#x62f;.&#x62a;\" \/>\n\t<meta name=\"twitter:label2\" content=\"Disponibilit\u00e9\" \/>\n\t<meta name=\"twitter:data2\" content=\"En stock\" \/>\n<script type=\"application\/ld+json\" class=\"yoast-schema-graph\">{\"@context\":\"https:\/\/schema.org\",\"@graph\":[{\"@type\":\"WebPage\",\"@id\":\"https:\/\/uniformeplus.tn\/index.php\/product\/gilet-de-travail\/\",\"url\":\"https:\/\/uniformeplus.tn\/index.php\/product\/gilet-de-travail\/\",\"name\":\"gilet de travail\",\"isPartOf\":{\"@id\":\"https:\/\/uniformeplus.tn\/#website\"},\"primaryImageOfPage\":{\"@id\":\"https:\/\/uniformeplus.tn\/index.php\/product\/gilet-de-travail\/#primaryimage\"},\"image\":{\"@id\":\"https:\/\/uniformeplus.tn\/index.php\/product\/gilet-de-travail\/#primaryimage\"},\"thumbnailUrl\":\"https:\/\/uniformeplus.tn\/wp-content\/uploads\/2021\/08\/gilet-de-travail-GDTB002.jpg\",\"datePublished\":\"2021-08-05T08:50:29+00:00\",\"dateModified\":\"2025-05-25T17:13:18+00:00\",\"description\":\"R\u00e9f\u00e9rence : GDTB002 Le gilet de travail sans manches bicolore est tr\u00e8s durable, et vous apporte confort pour un super rapport qualit\u00e9\/prix. En effet, gr\u00e2ce \u00e0 sa composition, vous pourrez le porter partout, en ext\u00e9rieur comme en int\u00e9rieur\",\"breadcrumb\":{\"@id\":\"https:\/\/uniformeplus.tn\/index.php\/product\/gilet-de-travail\/#breadcrumb\"},\"inLanguage\":\"fr-FR\",\"potentialAction\":[{\"@type\":\"ReadAction\",\"target\":[\"https:\/\/uniformeplus.tn\/index.php\/product\/gilet-de-travail\/\"]}]},{\"@type\":\"ImageObject\",\"inLanguage\":\"fr-FR\",\"@id\":\"https:\/\/uniformeplus.tn\/index.php\/product\/gilet-de-travail\/#primaryimage\",\"url\":\"https:\/\/uniformeplus.tn\/wp-content\/uploads\/2021\/08\/gilet-de-travail-GDTB002.jpg\",\"contentUrl\":\"https:\/\/uniformeplus.tn\/wp-content\/uploads\/2021\/08\/gilet-de-travail-GDTB002.jpg\",\"width\":1000,\"height\":1000,\"caption\":\"gilet de travail\"},{\"@type\":\"BreadcrumbList\",\"@id\":\"https:\/\/uniformeplus.tn\/index.php\/product\/gilet-de-travail\/#breadcrumb\",\"itemListElement\":[{\"@type\":\"ListItem\",\"position\":1,\"name\":\"Accueil\",\"item\":\"https:\/\/uniformeplus.tn\/\"},{\"@type\":\"ListItem\",\"position\":2,\"name\":\"Shop\",\"item\":\"https:\/\/uniformeplus.tn\/index.php\/shop-2\/\"},{\"@type\":\"ListItem\",\"position\":3,\"name\":\"M\u00c9TIERS\",\"item\":\"https:\/\/uniformeplus.tn\/index.php\/product-category\/metiers\/\"},{\"@type\":\"ListItem\",\"position\":4,\"name\":\"BTP ET CHANTIERS\",\"item\":\"https:\/\/uniformeplus.tn\/index.php\/product-category\/metiers\/btp-et-chantiers\/\"},{\"@type\":\"ListItem\",\"position\":5,\"name\":\"Carreleur\",\"item\":\"https:\/\/uniformeplus.tn\/index.php\/product-category\/metiers\/btp-et-chantiers\/carreleur\/\"},{\"@type\":\"ListItem\",\"position\":6,\"name\":\"gilet de travail\"}]},{\"@type\":\"WebSite\",\"@id\":\"https:\/\/uniformeplus.tn\/#website\",\"url\":\"https:\/\/uniformeplus.tn\/\",\"name\":\"uniformeplus\",\"description\":\"v\u00eatement de travail Tunisie\",\"publisher\":{\"@id\":\"https:\/\/uniformeplus.tn\/#organization\"},\"alternateName\":\"tenue de travail en tunisie\",\"potentialAction\":[{\"@type\":\"SearchAction\",\"target\":{\"@type\":\"EntryPoint\",\"urlTemplate\":\"https:\/\/uniformeplus.tn\/?s={search_term_string}\"},\"query-input\":{\"@type\":\"PropertyValueSpecification\",\"valueRequired\":true,\"valueName\":\"search_term_string\"}}],\"inLanguage\":\"fr-FR\"},{\"@type\":\"Organization\",\"@id\":\"https:\/\/uniformeplus.tn\/#organization\",\"name\":\"tenue de travail\",\"url\":\"https:\/\/uniformeplus.tn\/\",\"logo\":{\"@type\":\"ImageObject\",\"inLanguage\":\"fr-FR\",\"@id\":\"https:\/\/uniformeplus.tn\/#\/schema\/logo\/image\/\",\"url\":\"https:\/\/uniformeplus.tn\/wp-content\/uploads\/2021\/01\/logo.png\",\"contentUrl\":\"https:\/\/uniformeplus.tn\/wp-content\/uploads\/2021\/01\/logo.png\",\"width\":112,\"height\":112,\"caption\":\"tenue de travail\"},\"image\":{\"@id\":\"https:\/\/uniformeplus.tn\/#\/schema\/logo\/image\/\"},\"sameAs\":[\"https:\/\/www.facebook.com\/uniforconfection.uniformeplus\"],\"hasMerchantReturnPolicy\":{\"@type\":\"MerchantReturnPolicy\",\"merchantReturnLink\":\"https:\/\/uniformeplus.tn\/index.php\/politique-de-retour\/\"}}]}<\/script>\n<meta property=\"product:price:amount\" content=\"50.000\" \/>\n<meta property=\"product:price:currency\" content=\"TND\" \/>\n<meta property=\"og:availability\" content=\"instock\" \/>\n<meta property=\"product:availability\" content=\"instock\" \/>\n<meta property=\"product:retailer_item_id\" content=\"GDTB002\" \/>\n<meta property=\"product:condition\" content=\"new\" \/>\n<!-- \/ Yoast SEO Premium plugin. -->","yoast_head_json":{"title":"gilet de travail","description":"R\u00e9f\u00e9rence : GDTB002  Le gilet de travail sans manches bicolore est tr\u00e8s durable, et vous apporte confort pour un super rapport qualit\u00e9\/prix. En effet, gr\u00e2ce \u00e0 sa composition, vous pourrez le porter partout, en ext\u00e9rieur comme en int\u00e9rieur","robots":{"index":"index","follow":"follow","max-snippet":"max-snippet:-1","max-image-preview":"max-image-preview:large","max-video-preview":"max-video-preview:-1"},"canonical":"https:\/\/uniformeplus.tn\/index.php\/product\/gilet-de-travail\/","og_locale":"fr_FR","og_type":"article","og_title":"gilet de travail","og_description":"R\u00e9f\u00e9rence : GDTB002  Le gilet de travail sans manches bicolore est tr\u00e8s durable, et vous apporte confort pour un super rapport qualit\u00e9\/prix. En effet, gr\u00e2ce \u00e0 sa composition, vous pourrez le porter partout, en ext\u00e9rieur comme en int\u00e9rieur","og_url":"https:\/\/uniformeplus.tn\/index.php\/product\/gilet-de-travail\/","og_site_name":"uniformeplus - V\u00eatements de travail","article_publisher":"https:\/\/www.facebook.com\/uniforconfection.uniformeplus","article_modified_time":"2025-05-25T17:13:18+00:00","og_image":[{"width":1000,"height":1000,"url":"https:\/\/uniformeplus.tn\/wp-content\/uploads\/2021\/08\/gilet-de-travail-GDTB002.jpg","type":"image\/jpeg"}],"twitter_card":"summary_large_image","twitter_misc":{"Prix":"50.000&#x62f;.&#x62a;","Disponibilit\u00e9":"En stock"},"schema":{"@context":"https:\/\/schema.org","@graph":[{"@type":"WebPage","@id":"https:\/\/uniformeplus.tn\/index.php\/product\/gilet-de-travail\/","url":"https:\/\/uniformeplus.tn\/index.php\/product\/gilet-de-travail\/","name":"gilet de travail","isPartOf":{"@id":"https:\/\/uniformeplus.tn\/#website"},"primaryImageOfPage":{"@id":"https:\/\/uniformeplus.tn\/index.php\/product\/gilet-de-travail\/#primaryimage"},"image":{"@id":"https:\/\/uniformeplus.tn\/index.php\/product\/gilet-de-travail\/#primaryimage"},"thumbnailUrl":"https:\/\/uniformeplus.tn\/wp-content\/uploads\/2021\/08\/gilet-de-travail-GDTB002.jpg","datePublished":"2021-08-05T08:50:29+00:00","dateModified":"2025-05-25T17:13:18+00:00","description":"R\u00e9f\u00e9rence : GDTB002 Le gilet de travail sans manches bicolore est tr\u00e8s durable, et vous apporte confort pour un super rapport qualit\u00e9\/prix. En effet, gr\u00e2ce \u00e0 sa composition, vous pourrez le porter partout, en ext\u00e9rieur comme en int\u00e9rieur","breadcrumb":{"@id":"https:\/\/uniformeplus.tn\/index.php\/product\/gilet-de-travail\/#breadcrumb"},"inLanguage":"fr-FR","potentialAction":[{"@type":"ReadAction","target":["https:\/\/uniformeplus.tn\/index.php\/product\/gilet-de-travail\/"]}]},{"@type":"ImageObject","inLanguage":"fr-FR","@id":"https:\/\/uniformeplus.tn\/index.php\/product\/gilet-de-travail\/#primaryimage","url":"https:\/\/uniformeplus.tn\/wp-content\/uploads\/2021\/08\/gilet-de-travail-GDTB002.jpg","contentUrl":"https:\/\/uniformeplus.tn\/wp-content\/uploads\/2021\/08\/gilet-de-travail-GDTB002.jpg","width":1000,"height":1000,"caption":"gilet de travail"},{"@type":"BreadcrumbList","@id":"https:\/\/uniformeplus.tn\/index.php\/product\/gilet-de-travail\/#breadcrumb","itemListElement":[{"@type":"ListItem","position":1,"name":"Accueil","item":"https:\/\/uniformeplus.tn\/"},{"@type":"ListItem","position":2,"name":"Shop","item":"https:\/\/uniformeplus.tn\/index.php\/shop-2\/"},{"@type":"ListItem","position":3,"name":"M\u00c9TIERS","item":"https:\/\/uniformeplus.tn\/index.php\/product-category\/metiers\/"},{"@type":"ListItem","position":4,"name":"BTP ET CHANTIERS","item":"https:\/\/uniformeplus.tn\/index.php\/product-category\/metiers\/btp-et-chantiers\/"},{"@type":"ListItem","position":5,"name":"Carreleur","item":"https:\/\/uniformeplus.tn\/index.php\/product-category\/metiers\/btp-et-chantiers\/carreleur\/"},{"@type":"ListItem","position":6,"name":"gilet de travail"}]},{"@type":"WebSite","@id":"https:\/\/uniformeplus.tn\/#website","url":"https:\/\/uniformeplus.tn\/","name":"uniformeplus","description":"v\u00eatement de travail Tunisie","publisher":{"@id":"https:\/\/uniformeplus.tn\/#organization"},"alternateName":"tenue de travail en tunisie","potentialAction":[{"@type":"SearchAction","target":{"@type":"EntryPoint","urlTemplate":"https:\/\/uniformeplus.tn\/?s={search_term_string}"},"query-input":{"@type":"PropertyValueSpecification","valueRequired":true,"valueName":"search_term_string"}}],"inLanguage":"fr-FR"},{"@type":"Organization","@id":"https:\/\/uniformeplus.tn\/#organization","name":"tenue de travail","url":"https:\/\/uniformeplus.tn\/","logo":{"@type":"ImageObject","inLanguage":"fr-FR","@id":"https:\/\/uniformeplus.tn\/#\/schema\/logo\/image\/","url":"https:\/\/uniformeplus.tn\/wp-content\/uploads\/2021\/01\/logo.png","contentUrl":"https:\/\/uniformeplus.tn\/wp-content\/uploads\/2021\/01\/logo.png","width":112,"height":112,"caption":"tenue de travail"},"image":{"@id":"https:\/\/uniformeplus.tn\/#\/schema\/logo\/image\/"},"sameAs":["https:\/\/www.facebook.com\/uniforconfection.uniformeplus"],"hasMerchantReturnPolicy":{"@type":"MerchantReturnPolicy","merchantReturnLink":"https:\/\/uniformeplus.tn\/index.php\/politique-de-retour\/"}}]},"product_price_amount":"50.000","product_price_currency":"TND","og_availability":"instock","product_availability":"instock","product_retailer_item_id":"GDTB002","product_condition":"new"},"_links":{"self":[{"href":"https:\/\/uniformeplus.tn\/index.php\/wp-json\/wp\/v2\/product\/16434","targetHints":{"allow":["GET"]}}],"collection":[{"href":"https:\/\/uniformeplus.tn\/index.php\/wp-json\/wp\/v2\/product"}],"about":[{"href":"https:\/\/uniformeplus.tn\/index.php\/wp-json\/wp\/v2\/types\/product"}],"replies":[{"embeddable":true,"href":"https:\/\/uniformeplus.tn\/index.php\/wp-json\/wp\/v2\/comments?post=16434"}],"wp:featuredmedia":[{"embeddable":true,"href":"https:\/\/uniformeplus.tn\/index.php\/wp-json\/wp\/v2\/media\/16435"}],"wp:attachment":[{"href":"https:\/\/uniformeplus.tn\/index.php\/wp-json\/wp\/v2\/media?parent=16434"}],"wp:term":[{"taxonomy":"product_brand","embeddable":true,"href":"https:\/\/uniformeplus.tn\/index.php\/wp-json\/wp\/v2\/product_brand?post=16434"},{"taxonomy":"product_cat","embeddable":true,"href":"https:\/\/uniformeplus.tn\/index.php\/wp-json\/wp\/v2\/product_cat?post=16434"},{"taxonomy":"product_tag","embeddable":true,"href":"https:\/\/uniformeplus.tn\/index.php\/wp-json\/wp\/v2\/product_tag?post=16434"}],"curies":[{"name":"wp","href":"https:\/\/api.w.org\/{rel}","templated":true}]}}