{"id":16458,"date":"2021-08-17T13:41:19","date_gmt":"2021-08-17T11:41:19","guid":{"rendered":"http:\/\/www.uniformeplus.tn\/?post_type=product&#038;p=16458"},"modified":"2024-11-26T13:46:53","modified_gmt":"2024-11-26T12:46:53","slug":"tablier-scolaire-col-mao-bleu-marine","status":"publish","type":"product","link":"https:\/\/uniformeplus.tn\/index.php\/product\/tablier-scolaire-col-mao-bleu-marine\/","title":{"rendered":"TABLIER SCOLAIRE COL MAO BLEU MARINE"},"content":{"rendered":"<p><strong>Broderie facultative<\/strong> : possibilit\u00e9 de personnaliser le tablier d&#8217;\u00e9cole<\/p>\n<ul>\n<li>Pour ce tablier, nous vous conseillons les\u00a0couleurs de broderies suivantes : VERT, JAUNE, BLANC, CIEL, ROUGE, ORANGE, BLEU ROI, GRIS<\/li>\n<\/ul>\n<p>Ce tablier \u00e0 manches longues se boutonne sur le devant<\/p>\n<p>Poignets \u00e9lastiques et poches plaqu\u00e9es<\/p>\n<p>Jolies finitions avec le passepoil blanc sur le col officier, la patte de boutonnage et les poches.<\/p>\n<p>Bride d&#8217;attache porte-manteau au dos.<\/p>\n","protected":false},"excerpt":{"rendered":"<p>r\u00e9f\u00e9rence : UTS002<\/p>\n<p>Ce tablier \u00e0 manches longues se boutonne sur le devant ,Poignets \u00e9lastiques et poches plaqu\u00e9es ,Jolies finitions avec le passepoil blanc sur le col officier, la patte de boutonnage et les poches<\/p>\n<p>&nbsp;<\/p>\n","protected":false},"featured_media":16459,"comment_status":"open","ping_status":"closed","template":"","meta":{"_acf_changed":false},"product_brand":[],"product_cat":[310,312],"product_tag":[],"class_list":{"0":"post-16458","1":"product","2":"type-product","3":"status-publish","4":"has-post-thumbnail","6":"product_cat-tablier-ecole","7":"product_cat-tablier-scolaire","9":"first","10":"instock","11":"taxable","12":"shipping-taxable","13":"product-type-simple"},"acf":[],"yoast_head":"<!-- This site is optimized with the Yoast SEO Premium plugin v26.3 (Yoast SEO v26.3) - https:\/\/yoast.com\/wordpress\/plugins\/seo\/ -->\n<title>TABLIER SCOLAIRE COL MAO BLEU MARINE<\/title>\n<meta name=\"description\" content=\"r\u00e9f\u00e9rence : UTS002  Ce tablier \u00e0 manches longues se boutonne sur le devant ,Poignets \u00e9lastiques et poches plaqu\u00e9es ,Jolies finitions avec le passepoil blanc sur le col officier, la patte de boutonnage et les poches  &nbsp;\" \/>\n<meta name=\"robots\" content=\"index, follow, max-snippet:-1, max-image-preview:large, max-video-preview:-1\" \/>\n<link rel=\"canonical\" href=\"https:\/\/uniformeplus.tn\/index.php\/product\/tablier-scolaire-col-mao-bleu-marine\/\" \/>\n<meta property=\"og:locale\" content=\"fr_FR\" \/>\n<meta property=\"og:type\" content=\"article\" \/>\n<meta property=\"og:title\" content=\"TABLIER SCOLAIRE COL MAO BLEU MARINE\" \/>\n<meta property=\"og:description\" content=\"r\u00e9f\u00e9rence : UTS002  Ce tablier \u00e0 manches longues se boutonne sur le devant ,Poignets \u00e9lastiques et poches plaqu\u00e9es ,Jolies finitions avec le passepoil blanc sur le col officier, la patte de boutonnage et les poches  &nbsp;\" \/>\n<meta property=\"og:url\" content=\"https:\/\/uniformeplus.tn\/index.php\/product\/tablier-scolaire-col-mao-bleu-marine\/\" \/>\n<meta property=\"og:site_name\" content=\"uniformeplus - V\u00eatements de travail\" \/>\n<meta property=\"article:publisher\" content=\"https:\/\/www.facebook.com\/uniforconfection.uniformeplus\" \/>\n<meta property=\"article:modified_time\" content=\"2024-11-26T12:46:53+00:00\" \/>\n<meta property=\"og:image\" content=\"https:\/\/uniformeplus.tn\/wp-content\/uploads\/2021\/08\/26-tablier-d-ecole-col-mao-marine-garcon-min.jpeg\" \/>\n\t<meta property=\"og:image:width\" content=\"1200\" \/>\n\t<meta property=\"og:image:height\" content=\"1200\" \/>\n\t<meta property=\"og:image:type\" content=\"image\/jpeg\" \/>\n<meta name=\"twitter:card\" content=\"summary_large_image\" \/>\n<meta name=\"twitter:label1\" content=\"Prix\" \/>\n\t<meta name=\"twitter:data1\" content=\"\" \/>\n\t<meta name=\"twitter:label2\" content=\"Disponibilit\u00e9\" \/>\n\t<meta name=\"twitter:data2\" content=\"En stock\" \/>\n<script type=\"application\/ld+json\" class=\"yoast-schema-graph\">{\"@context\":\"https:\/\/schema.org\",\"@graph\":[{\"@type\":\"WebPage\",\"@id\":\"https:\/\/uniformeplus.tn\/index.php\/product\/tablier-scolaire-col-mao-bleu-marine\/\",\"url\":\"https:\/\/uniformeplus.tn\/index.php\/product\/tablier-scolaire-col-mao-bleu-marine\/\",\"name\":\"TABLIER SCOLAIRE COL MAO BLEU MARINE\",\"isPartOf\":{\"@id\":\"https:\/\/uniformeplus.tn\/#website\"},\"primaryImageOfPage\":{\"@id\":\"https:\/\/uniformeplus.tn\/index.php\/product\/tablier-scolaire-col-mao-bleu-marine\/#primaryimage\"},\"image\":{\"@id\":\"https:\/\/uniformeplus.tn\/index.php\/product\/tablier-scolaire-col-mao-bleu-marine\/#primaryimage\"},\"thumbnailUrl\":\"https:\/\/uniformeplus.tn\/wp-content\/uploads\/2021\/08\/26-tablier-d-ecole-col-mao-marine-garcon-min.jpeg\",\"datePublished\":\"2021-08-17T11:41:19+00:00\",\"dateModified\":\"2024-11-26T12:46:53+00:00\",\"description\":\"r\u00e9f\u00e9rence : UTS002 Ce tablier \u00e0 manches longues se boutonne sur le devant ,Poignets \u00e9lastiques et poches plaqu\u00e9es ,Jolies finitions avec le passepoil blanc sur le col officier, la patte de boutonnage et les poches &nbsp;\",\"breadcrumb\":{\"@id\":\"https:\/\/uniformeplus.tn\/index.php\/product\/tablier-scolaire-col-mao-bleu-marine\/#breadcrumb\"},\"inLanguage\":\"fr-FR\",\"potentialAction\":[{\"@type\":\"ReadAction\",\"target\":[\"https:\/\/uniformeplus.tn\/index.php\/product\/tablier-scolaire-col-mao-bleu-marine\/\"]}]},{\"@type\":\"ImageObject\",\"inLanguage\":\"fr-FR\",\"@id\":\"https:\/\/uniformeplus.tn\/index.php\/product\/tablier-scolaire-col-mao-bleu-marine\/#primaryimage\",\"url\":\"https:\/\/uniformeplus.tn\/wp-content\/uploads\/2021\/08\/26-tablier-d-ecole-col-mao-marine-garcon-min.jpeg\",\"contentUrl\":\"https:\/\/uniformeplus.tn\/wp-content\/uploads\/2021\/08\/26-tablier-d-ecole-col-mao-marine-garcon-min.jpeg\",\"width\":1200,\"height\":1200,\"caption\":\"tablier-d-ecole\"},{\"@type\":\"BreadcrumbList\",\"@id\":\"https:\/\/uniformeplus.tn\/index.php\/product\/tablier-scolaire-col-mao-bleu-marine\/#breadcrumb\",\"itemListElement\":[{\"@type\":\"ListItem\",\"position\":1,\"name\":\"Accueil\",\"item\":\"https:\/\/uniformeplus.tn\/\"},{\"@type\":\"ListItem\",\"position\":2,\"name\":\"Shop\",\"item\":\"https:\/\/uniformeplus.tn\/index.php\/shop-2\/\"},{\"@type\":\"ListItem\",\"position\":3,\"name\":\"TABLIER ECOLE\",\"item\":\"https:\/\/uniformeplus.tn\/index.php\/product-category\/tablier-ecole\/\"},{\"@type\":\"ListItem\",\"position\":4,\"name\":\"TABLIER SCOLAIRE\",\"item\":\"https:\/\/uniformeplus.tn\/index.php\/product-category\/tablier-ecole\/tablier-scolaire\/\"},{\"@type\":\"ListItem\",\"position\":5,\"name\":\"TABLIER SCOLAIRE COL MAO BLEU MARINE\"}]},{\"@type\":\"WebSite\",\"@id\":\"https:\/\/uniformeplus.tn\/#website\",\"url\":\"https:\/\/uniformeplus.tn\/\",\"name\":\"uniformeplus\",\"description\":\"v\u00eatement de travail Tunisie\",\"publisher\":{\"@id\":\"https:\/\/uniformeplus.tn\/#organization\"},\"alternateName\":\"tenue de travail en tunisie\",\"potentialAction\":[{\"@type\":\"SearchAction\",\"target\":{\"@type\":\"EntryPoint\",\"urlTemplate\":\"https:\/\/uniformeplus.tn\/?s={search_term_string}\"},\"query-input\":{\"@type\":\"PropertyValueSpecification\",\"valueRequired\":true,\"valueName\":\"search_term_string\"}}],\"inLanguage\":\"fr-FR\"},{\"@type\":\"Organization\",\"@id\":\"https:\/\/uniformeplus.tn\/#organization\",\"name\":\"tenue de travail\",\"url\":\"https:\/\/uniformeplus.tn\/\",\"logo\":{\"@type\":\"ImageObject\",\"inLanguage\":\"fr-FR\",\"@id\":\"https:\/\/uniformeplus.tn\/#\/schema\/logo\/image\/\",\"url\":\"https:\/\/uniformeplus.tn\/wp-content\/uploads\/2021\/01\/logo.png\",\"contentUrl\":\"https:\/\/uniformeplus.tn\/wp-content\/uploads\/2021\/01\/logo.png\",\"width\":112,\"height\":112,\"caption\":\"tenue de travail\"},\"image\":{\"@id\":\"https:\/\/uniformeplus.tn\/#\/schema\/logo\/image\/\"},\"sameAs\":[\"https:\/\/www.facebook.com\/uniforconfection.uniformeplus\"],\"hasMerchantReturnPolicy\":{\"@type\":\"MerchantReturnPolicy\",\"merchantReturnLink\":\"https:\/\/uniformeplus.tn\/index.php\/politique-de-retour\/\"}}]}<\/script>\n<meta property=\"product:price:currency\" content=\"TND\" \/>\n<meta property=\"og:availability\" content=\"instock\" \/>\n<meta property=\"product:availability\" content=\"instock\" \/>\n<meta property=\"product:retailer_item_id\" content=\"UTS002\" \/>\n<meta property=\"product:condition\" content=\"new\" \/>\n<!-- \/ Yoast SEO Premium plugin. -->","yoast_head_json":{"title":"TABLIER SCOLAIRE COL MAO BLEU MARINE","description":"r\u00e9f\u00e9rence : UTS002  Ce tablier \u00e0 manches longues se boutonne sur le devant ,Poignets \u00e9lastiques et poches plaqu\u00e9es ,Jolies finitions avec le passepoil blanc sur le col officier, la patte de boutonnage et les poches  &nbsp;","robots":{"index":"index","follow":"follow","max-snippet":"max-snippet:-1","max-image-preview":"max-image-preview:large","max-video-preview":"max-video-preview:-1"},"canonical":"https:\/\/uniformeplus.tn\/index.php\/product\/tablier-scolaire-col-mao-bleu-marine\/","og_locale":"fr_FR","og_type":"article","og_title":"TABLIER SCOLAIRE COL MAO BLEU MARINE","og_description":"r\u00e9f\u00e9rence : UTS002  Ce tablier \u00e0 manches longues se boutonne sur le devant ,Poignets \u00e9lastiques et poches plaqu\u00e9es ,Jolies finitions avec le passepoil blanc sur le col officier, la patte de boutonnage et les poches  &nbsp;","og_url":"https:\/\/uniformeplus.tn\/index.php\/product\/tablier-scolaire-col-mao-bleu-marine\/","og_site_name":"uniformeplus - V\u00eatements de travail","article_publisher":"https:\/\/www.facebook.com\/uniforconfection.uniformeplus","article_modified_time":"2024-11-26T12:46:53+00:00","og_image":[{"width":1200,"height":1200,"url":"https:\/\/uniformeplus.tn\/wp-content\/uploads\/2021\/08\/26-tablier-d-ecole-col-mao-marine-garcon-min.jpeg","type":"image\/jpeg"}],"twitter_card":"summary_large_image","twitter_misc":{"Prix":"","Disponibilit\u00e9":"En stock"},"schema":{"@context":"https:\/\/schema.org","@graph":[{"@type":"WebPage","@id":"https:\/\/uniformeplus.tn\/index.php\/product\/tablier-scolaire-col-mao-bleu-marine\/","url":"https:\/\/uniformeplus.tn\/index.php\/product\/tablier-scolaire-col-mao-bleu-marine\/","name":"TABLIER SCOLAIRE COL MAO BLEU MARINE","isPartOf":{"@id":"https:\/\/uniformeplus.tn\/#website"},"primaryImageOfPage":{"@id":"https:\/\/uniformeplus.tn\/index.php\/product\/tablier-scolaire-col-mao-bleu-marine\/#primaryimage"},"image":{"@id":"https:\/\/uniformeplus.tn\/index.php\/product\/tablier-scolaire-col-mao-bleu-marine\/#primaryimage"},"thumbnailUrl":"https:\/\/uniformeplus.tn\/wp-content\/uploads\/2021\/08\/26-tablier-d-ecole-col-mao-marine-garcon-min.jpeg","datePublished":"2021-08-17T11:41:19+00:00","dateModified":"2024-11-26T12:46:53+00:00","description":"r\u00e9f\u00e9rence : UTS002 Ce tablier \u00e0 manches longues se boutonne sur le devant ,Poignets \u00e9lastiques et poches plaqu\u00e9es ,Jolies finitions avec le passepoil blanc sur le col officier, la patte de boutonnage et les poches &nbsp;","breadcrumb":{"@id":"https:\/\/uniformeplus.tn\/index.php\/product\/tablier-scolaire-col-mao-bleu-marine\/#breadcrumb"},"inLanguage":"fr-FR","potentialAction":[{"@type":"ReadAction","target":["https:\/\/uniformeplus.tn\/index.php\/product\/tablier-scolaire-col-mao-bleu-marine\/"]}]},{"@type":"ImageObject","inLanguage":"fr-FR","@id":"https:\/\/uniformeplus.tn\/index.php\/product\/tablier-scolaire-col-mao-bleu-marine\/#primaryimage","url":"https:\/\/uniformeplus.tn\/wp-content\/uploads\/2021\/08\/26-tablier-d-ecole-col-mao-marine-garcon-min.jpeg","contentUrl":"https:\/\/uniformeplus.tn\/wp-content\/uploads\/2021\/08\/26-tablier-d-ecole-col-mao-marine-garcon-min.jpeg","width":1200,"height":1200,"caption":"tablier-d-ecole"},{"@type":"BreadcrumbList","@id":"https:\/\/uniformeplus.tn\/index.php\/product\/tablier-scolaire-col-mao-bleu-marine\/#breadcrumb","itemListElement":[{"@type":"ListItem","position":1,"name":"Accueil","item":"https:\/\/uniformeplus.tn\/"},{"@type":"ListItem","position":2,"name":"Shop","item":"https:\/\/uniformeplus.tn\/index.php\/shop-2\/"},{"@type":"ListItem","position":3,"name":"TABLIER ECOLE","item":"https:\/\/uniformeplus.tn\/index.php\/product-category\/tablier-ecole\/"},{"@type":"ListItem","position":4,"name":"TABLIER SCOLAIRE","item":"https:\/\/uniformeplus.tn\/index.php\/product-category\/tablier-ecole\/tablier-scolaire\/"},{"@type":"ListItem","position":5,"name":"TABLIER SCOLAIRE COL MAO BLEU MARINE"}]},{"@type":"WebSite","@id":"https:\/\/uniformeplus.tn\/#website","url":"https:\/\/uniformeplus.tn\/","name":"uniformeplus","description":"v\u00eatement de travail Tunisie","publisher":{"@id":"https:\/\/uniformeplus.tn\/#organization"},"alternateName":"tenue de travail en tunisie","potentialAction":[{"@type":"SearchAction","target":{"@type":"EntryPoint","urlTemplate":"https:\/\/uniformeplus.tn\/?s={search_term_string}"},"query-input":{"@type":"PropertyValueSpecification","valueRequired":true,"valueName":"search_term_string"}}],"inLanguage":"fr-FR"},{"@type":"Organization","@id":"https:\/\/uniformeplus.tn\/#organization","name":"tenue de travail","url":"https:\/\/uniformeplus.tn\/","logo":{"@type":"ImageObject","inLanguage":"fr-FR","@id":"https:\/\/uniformeplus.tn\/#\/schema\/logo\/image\/","url":"https:\/\/uniformeplus.tn\/wp-content\/uploads\/2021\/01\/logo.png","contentUrl":"https:\/\/uniformeplus.tn\/wp-content\/uploads\/2021\/01\/logo.png","width":112,"height":112,"caption":"tenue de travail"},"image":{"@id":"https:\/\/uniformeplus.tn\/#\/schema\/logo\/image\/"},"sameAs":["https:\/\/www.facebook.com\/uniforconfection.uniformeplus"],"hasMerchantReturnPolicy":{"@type":"MerchantReturnPolicy","merchantReturnLink":"https:\/\/uniformeplus.tn\/index.php\/politique-de-retour\/"}}]},"product_price_currency":"TND","og_availability":"instock","product_availability":"instock","product_retailer_item_id":"UTS002","product_condition":"new"},"_links":{"self":[{"href":"https:\/\/uniformeplus.tn\/index.php\/wp-json\/wp\/v2\/product\/16458","targetHints":{"allow":["GET"]}}],"collection":[{"href":"https:\/\/uniformeplus.tn\/index.php\/wp-json\/wp\/v2\/product"}],"about":[{"href":"https:\/\/uniformeplus.tn\/index.php\/wp-json\/wp\/v2\/types\/product"}],"replies":[{"embeddable":true,"href":"https:\/\/uniformeplus.tn\/index.php\/wp-json\/wp\/v2\/comments?post=16458"}],"wp:featuredmedia":[{"embeddable":true,"href":"https:\/\/uniformeplus.tn\/index.php\/wp-json\/wp\/v2\/media\/16459"}],"wp:attachment":[{"href":"https:\/\/uniformeplus.tn\/index.php\/wp-json\/wp\/v2\/media?parent=16458"}],"wp:term":[{"taxonomy":"product_brand","embeddable":true,"href":"https:\/\/uniformeplus.tn\/index.php\/wp-json\/wp\/v2\/product_brand?post=16458"},{"taxonomy":"product_cat","embeddable":true,"href":"https:\/\/uniformeplus.tn\/index.php\/wp-json\/wp\/v2\/product_cat?post=16458"},{"taxonomy":"product_tag","embeddable":true,"href":"https:\/\/uniformeplus.tn\/index.php\/wp-json\/wp\/v2\/product_tag?post=16458"}],"curies":[{"name":"wp","href":"https:\/\/api.w.org\/{rel}","templated":true}]}}