{"id":16583,"date":"2024-05-01T14:49:35","date_gmt":"2024-05-01T12:49:35","guid":{"rendered":"https:\/\/www.uniformeplus.tn\/?post_type=product&#038;p=16583"},"modified":"2025-11-11T09:55:12","modified_gmt":"2025-11-11T08:55:12","slug":"parka-haute-visibilite-bleu","status":"publish","type":"product","link":"https:\/\/uniformeplus.tn\/index.php\/product\/parka-haute-visibilite-bleu\/","title":{"rendered":"PARKA HAUTE VISIBILIT\u00c9 BLEU"},"content":{"rendered":"<p>Son rev\u00eatement imperm\u00e9able assure une barri\u00e8re efficace contre l&#8217;humidit\u00e9, vous gardant au sec m\u00eame dans les conditions les plus difficiles. Sa coupe ergonomique offre un ajustement confortable et une grande libert\u00e9 de mouvement, vous permettant de travailler efficacement sans compromettre votre s\u00e9curit\u00e9. Avec ce parka, vous pouvez vous concentrer sur votre travail en toute confiance, sachant que vous \u00eates parfaitement prot\u00e9g\u00e9.<\/p>\n<p><strong><br \/>\nD\u00e9tails<\/strong>:<\/p>\n<p>Capuche amovible<br \/>\nCol Montant<br \/>\n2poche+rabat<\/p>\n<h2>Visibilit\u00e9:<\/h2>\n<p>1 Bande R\u00e9fl\u00e9chissantes 50mm sur le parka et au niveau manche<\/p>\n<h2>Composition :<\/h2>\n<p>90% cotonavec70% arme<br \/>\n10% anti-Statique<br \/>\nCarbon&#8211;Belltron<\/p>\n<h2>Couleur :<\/h2>\n<p>Bleu<\/p>\n<h2>Conseils d\u2019entretien :<\/h2>\n<ul>\n<li>Lavable \u00e0 40\u00b0C<\/li>\n<li>Blanchiment interdit<\/li>\n<li>Ne pas repasser<\/li>\n<li>Ne pas utiliser le s\u00e8che-linge<\/li>\n<li>Nettoyage \u00e0 sec interdit<\/li>\n<\/ul>\n<p><img decoding=\"async\" class=\"alignnone size-medium wp-image-16585\" src=\"http:\/\/www.uniformeplus.tn\/wp-content\/uploads\/2024\/05\/u-300x75.jpg\" alt=\"\" width=\"300\" height=\"75\" srcset=\"https:\/\/uniformeplus.tn\/wp-content\/uploads\/2024\/05\/u-300x75.jpg 300w, https:\/\/uniformeplus.tn\/wp-content\/uploads\/2024\/05\/u-600x150.jpg 600w, https:\/\/uniformeplus.tn\/wp-content\/uploads\/2024\/05\/u.jpg 610w\" sizes=\"(max-width: 300px) 100vw, 300px\" \/><\/p>\n<h2><\/h2>\n<p>&nbsp;<\/p>\n","protected":false},"excerpt":{"rendered":"<p>Ce parka de travail est un compagnon essentiel pour les environnements exigeants. Fabriqu\u00e9 avec des mat\u00e9riaux de haute qualit\u00e9, il offre une protection sup\u00e9rieure contre les \u00e9l\u00e9ments et les dangers potentiels. Sa conception anti-feu garantit une s\u00e9curit\u00e9 maximale, tandis que sa r\u00e9sistance aux charges \u00e9lectrostatiques prot\u00e8ge contre les d\u00e9charges potentielles.<\/p>\n<p>&nbsp;<\/p>\n","protected":false},"featured_media":16584,"comment_status":"open","ping_status":"closed","template":"","meta":{"_acf_changed":false},"product_brand":[],"product_cat":[331,254,332,321,353,227],"product_tag":[],"class_list":{"0":"post-16583","1":"product","2":"type-product","3":"status-publish","4":"has-post-thumbnail","6":"product_cat-haute-visibilite","7":"product_cat-parka-haute-visibilite","8":"product_cat-parkas-de-travail","9":"product_cat-parkas-haute-visibilite","10":"product_cat-tenue-de-travail-anti-feu","11":"product_cat-vetement-de-travail","13":"first","14":"instock","15":"taxable","16":"shipping-taxable","17":"purchasable","18":"product-type-simple"},"acf":[],"yoast_head":"<!-- This site is optimized with the Yoast SEO Premium plugin v26.3 (Yoast SEO v26.3) - https:\/\/yoast.com\/wordpress\/plugins\/seo\/ -->\n<title>PARKA HAUTE VISIBILIT\u00c9 BLEU<\/title>\n<meta name=\"description\" content=\"Ce parka de travail est un compagnon essentiel pour les environnements exigeants. Fabriqu\u00e9 avec des mat\u00e9riaux de haute qualit\u00e9, il offre une protection sup\u00e9rieure contre les \u00e9l\u00e9ments et les dangers potentiels. Sa conception anti-feu garantit une s\u00e9curit\u00e9 maximale, tandis que sa r\u00e9sistance aux charges \u00e9lectrostatiques prot\u00e8ge contre les d\u00e9charges potentielles.  &nbsp;\" \/>\n<meta name=\"robots\" content=\"index, follow, max-snippet:-1, max-image-preview:large, max-video-preview:-1\" \/>\n<link rel=\"canonical\" href=\"https:\/\/uniformeplus.tn\/index.php\/product\/parka-haute-visibilite-bleu\/\" \/>\n<meta property=\"og:locale\" content=\"fr_FR\" \/>\n<meta property=\"og:type\" content=\"article\" \/>\n<meta property=\"og:title\" content=\"PARKA HAUTE VISIBILIT\u00c9 BLEU\" \/>\n<meta property=\"og:description\" content=\"Ce parka de travail est un compagnon essentiel pour les environnements exigeants. Fabriqu\u00e9 avec des mat\u00e9riaux de haute qualit\u00e9, il offre une protection sup\u00e9rieure contre les \u00e9l\u00e9ments et les dangers potentiels. Sa conception anti-feu garantit une s\u00e9curit\u00e9 maximale, tandis que sa r\u00e9sistance aux charges \u00e9lectrostatiques prot\u00e8ge contre les d\u00e9charges potentielles.  &nbsp;\" \/>\n<meta property=\"og:url\" content=\"https:\/\/uniformeplus.tn\/index.php\/product\/parka-haute-visibilite-bleu\/\" \/>\n<meta property=\"og:site_name\" content=\"uniformeplus - V\u00eatements de travail\" \/>\n<meta property=\"article:publisher\" content=\"https:\/\/www.facebook.com\/uniforconfection.uniformeplus\" \/>\n<meta property=\"article:modified_time\" content=\"2025-11-11T08:55:12+00:00\" \/>\n<meta property=\"og:image\" content=\"https:\/\/uniformeplus.tn\/wp-content\/uploads\/2024\/05\/PARKA-HAUTE-VISIBILITE.jpg\" \/>\n\t<meta property=\"og:image:width\" content=\"2000\" \/>\n\t<meta property=\"og:image:height\" content=\"2000\" \/>\n\t<meta property=\"og:image:type\" content=\"image\/jpeg\" \/>\n<meta name=\"twitter:card\" content=\"summary_large_image\" \/>\n<meta name=\"twitter:label1\" content=\"Prix\" \/>\n\t<meta name=\"twitter:data1\" content=\"230.000&#x62f;.&#x62a;\" \/>\n\t<meta name=\"twitter:label2\" content=\"Disponibilit\u00e9\" \/>\n\t<meta name=\"twitter:data2\" content=\"En stock\" \/>\n<script type=\"application\/ld+json\" class=\"yoast-schema-graph\">{\"@context\":\"https:\/\/schema.org\",\"@graph\":[{\"@type\":\"WebPage\",\"@id\":\"https:\/\/uniformeplus.tn\/index.php\/product\/parka-haute-visibilite-bleu\/\",\"url\":\"https:\/\/uniformeplus.tn\/index.php\/product\/parka-haute-visibilite-bleu\/\",\"name\":\"PARKA HAUTE VISIBILIT\u00c9 BLEU\",\"isPartOf\":{\"@id\":\"https:\/\/uniformeplus.tn\/#website\"},\"primaryImageOfPage\":{\"@id\":\"https:\/\/uniformeplus.tn\/index.php\/product\/parka-haute-visibilite-bleu\/#primaryimage\"},\"image\":{\"@id\":\"https:\/\/uniformeplus.tn\/index.php\/product\/parka-haute-visibilite-bleu\/#primaryimage\"},\"thumbnailUrl\":\"https:\/\/uniformeplus.tn\/wp-content\/uploads\/2024\/05\/PARKA-HAUTE-VISIBILITE.jpg\",\"datePublished\":\"2024-05-01T12:49:35+00:00\",\"dateModified\":\"2025-11-11T08:55:12+00:00\",\"description\":\"Ce parka de travail est un compagnon essentiel pour les environnements exigeants. Fabriqu\u00e9 avec des mat\u00e9riaux de haute qualit\u00e9, il offre une protection sup\u00e9rieure contre les \u00e9l\u00e9ments et les dangers potentiels. Sa conception anti-feu garantit une s\u00e9curit\u00e9 maximale, tandis que sa r\u00e9sistance aux charges \u00e9lectrostatiques prot\u00e8ge contre les d\u00e9charges potentielles. &nbsp;\",\"breadcrumb\":{\"@id\":\"https:\/\/uniformeplus.tn\/index.php\/product\/parka-haute-visibilite-bleu\/#breadcrumb\"},\"inLanguage\":\"fr-FR\",\"potentialAction\":[{\"@type\":\"ReadAction\",\"target\":[\"https:\/\/uniformeplus.tn\/index.php\/product\/parka-haute-visibilite-bleu\/\"]}]},{\"@type\":\"ImageObject\",\"inLanguage\":\"fr-FR\",\"@id\":\"https:\/\/uniformeplus.tn\/index.php\/product\/parka-haute-visibilite-bleu\/#primaryimage\",\"url\":\"https:\/\/uniformeplus.tn\/wp-content\/uploads\/2024\/05\/PARKA-HAUTE-VISIBILITE.jpg\",\"contentUrl\":\"https:\/\/uniformeplus.tn\/wp-content\/uploads\/2024\/05\/PARKA-HAUTE-VISIBILITE.jpg\",\"width\":2000,\"height\":2000,\"caption\":\"parka de travail anti feu\"},{\"@type\":\"BreadcrumbList\",\"@id\":\"https:\/\/uniformeplus.tn\/index.php\/product\/parka-haute-visibilite-bleu\/#breadcrumb\",\"itemListElement\":[{\"@type\":\"ListItem\",\"position\":1,\"name\":\"Accueil\",\"item\":\"https:\/\/uniformeplus.tn\/\"},{\"@type\":\"ListItem\",\"position\":2,\"name\":\"Shop\",\"item\":\"https:\/\/uniformeplus.tn\/index.php\/shop-2\/\"},{\"@type\":\"ListItem\",\"position\":3,\"name\":\"V\u00caTEMENT DE TRAVAIL\",\"item\":\"https:\/\/uniformeplus.tn\/index.php\/product-category\/vetement-de-travail\/\"},{\"@type\":\"ListItem\",\"position\":4,\"name\":\"HAUTE VISIBILIT\u00c9\",\"item\":\"https:\/\/uniformeplus.tn\/index.php\/product-category\/vetement-de-travail\/haute-visibilite\/\"},{\"@type\":\"ListItem\",\"position\":5,\"name\":\"PARKAS HAUTE VISIBILIT\u00c9\",\"item\":\"https:\/\/uniformeplus.tn\/index.php\/product-category\/vetement-de-travail\/haute-visibilite\/parkas-haute-visibilite\/\"},{\"@type\":\"ListItem\",\"position\":6,\"name\":\"PARKA HAUTE VISIBILIT\u00c9 BLEU\"}]},{\"@type\":\"WebSite\",\"@id\":\"https:\/\/uniformeplus.tn\/#website\",\"url\":\"https:\/\/uniformeplus.tn\/\",\"name\":\"uniformeplus\",\"description\":\"v\u00eatement de travail Tunisie\",\"publisher\":{\"@id\":\"https:\/\/uniformeplus.tn\/#organization\"},\"alternateName\":\"tenue de travail en tunisie\",\"potentialAction\":[{\"@type\":\"SearchAction\",\"target\":{\"@type\":\"EntryPoint\",\"urlTemplate\":\"https:\/\/uniformeplus.tn\/?s={search_term_string}\"},\"query-input\":{\"@type\":\"PropertyValueSpecification\",\"valueRequired\":true,\"valueName\":\"search_term_string\"}}],\"inLanguage\":\"fr-FR\"},{\"@type\":\"Organization\",\"@id\":\"https:\/\/uniformeplus.tn\/#organization\",\"name\":\"tenue de travail\",\"url\":\"https:\/\/uniformeplus.tn\/\",\"logo\":{\"@type\":\"ImageObject\",\"inLanguage\":\"fr-FR\",\"@id\":\"https:\/\/uniformeplus.tn\/#\/schema\/logo\/image\/\",\"url\":\"https:\/\/uniformeplus.tn\/wp-content\/uploads\/2021\/01\/logo.png\",\"contentUrl\":\"https:\/\/uniformeplus.tn\/wp-content\/uploads\/2021\/01\/logo.png\",\"width\":112,\"height\":112,\"caption\":\"tenue de travail\"},\"image\":{\"@id\":\"https:\/\/uniformeplus.tn\/#\/schema\/logo\/image\/\"},\"sameAs\":[\"https:\/\/www.facebook.com\/uniforconfection.uniformeplus\"],\"hasMerchantReturnPolicy\":{\"@type\":\"MerchantReturnPolicy\",\"merchantReturnLink\":\"https:\/\/uniformeplus.tn\/index.php\/politique-de-retour\/\"}}]}<\/script>\n<meta property=\"product:price:amount\" content=\"230.000\" \/>\n<meta property=\"product:price:currency\" content=\"TND\" \/>\n<meta property=\"og:availability\" content=\"instock\" \/>\n<meta property=\"product:availability\" content=\"instock\" \/>\n<meta property=\"product:condition\" content=\"new\" \/>\n<!-- \/ Yoast SEO Premium plugin. -->","yoast_head_json":{"title":"PARKA HAUTE VISIBILIT\u00c9 BLEU","description":"Ce parka de travail est un compagnon essentiel pour les environnements exigeants. Fabriqu\u00e9 avec des mat\u00e9riaux de haute qualit\u00e9, il offre une protection sup\u00e9rieure contre les \u00e9l\u00e9ments et les dangers potentiels. Sa conception anti-feu garantit une s\u00e9curit\u00e9 maximale, tandis que sa r\u00e9sistance aux charges \u00e9lectrostatiques prot\u00e8ge contre les d\u00e9charges potentielles.  &nbsp;","robots":{"index":"index","follow":"follow","max-snippet":"max-snippet:-1","max-image-preview":"max-image-preview:large","max-video-preview":"max-video-preview:-1"},"canonical":"https:\/\/uniformeplus.tn\/index.php\/product\/parka-haute-visibilite-bleu\/","og_locale":"fr_FR","og_type":"article","og_title":"PARKA HAUTE VISIBILIT\u00c9 BLEU","og_description":"Ce parka de travail est un compagnon essentiel pour les environnements exigeants. Fabriqu\u00e9 avec des mat\u00e9riaux de haute qualit\u00e9, il offre une protection sup\u00e9rieure contre les \u00e9l\u00e9ments et les dangers potentiels. Sa conception anti-feu garantit une s\u00e9curit\u00e9 maximale, tandis que sa r\u00e9sistance aux charges \u00e9lectrostatiques prot\u00e8ge contre les d\u00e9charges potentielles.  &nbsp;","og_url":"https:\/\/uniformeplus.tn\/index.php\/product\/parka-haute-visibilite-bleu\/","og_site_name":"uniformeplus - V\u00eatements de travail","article_publisher":"https:\/\/www.facebook.com\/uniforconfection.uniformeplus","article_modified_time":"2025-11-11T08:55:12+00:00","og_image":[{"width":2000,"height":2000,"url":"https:\/\/uniformeplus.tn\/wp-content\/uploads\/2024\/05\/PARKA-HAUTE-VISIBILITE.jpg","type":"image\/jpeg"}],"twitter_card":"summary_large_image","twitter_misc":{"Prix":"230.000&#x62f;.&#x62a;","Disponibilit\u00e9":"En stock"},"schema":{"@context":"https:\/\/schema.org","@graph":[{"@type":"WebPage","@id":"https:\/\/uniformeplus.tn\/index.php\/product\/parka-haute-visibilite-bleu\/","url":"https:\/\/uniformeplus.tn\/index.php\/product\/parka-haute-visibilite-bleu\/","name":"PARKA HAUTE VISIBILIT\u00c9 BLEU","isPartOf":{"@id":"https:\/\/uniformeplus.tn\/#website"},"primaryImageOfPage":{"@id":"https:\/\/uniformeplus.tn\/index.php\/product\/parka-haute-visibilite-bleu\/#primaryimage"},"image":{"@id":"https:\/\/uniformeplus.tn\/index.php\/product\/parka-haute-visibilite-bleu\/#primaryimage"},"thumbnailUrl":"https:\/\/uniformeplus.tn\/wp-content\/uploads\/2024\/05\/PARKA-HAUTE-VISIBILITE.jpg","datePublished":"2024-05-01T12:49:35+00:00","dateModified":"2025-11-11T08:55:12+00:00","description":"Ce parka de travail est un compagnon essentiel pour les environnements exigeants. Fabriqu\u00e9 avec des mat\u00e9riaux de haute qualit\u00e9, il offre une protection sup\u00e9rieure contre les \u00e9l\u00e9ments et les dangers potentiels. Sa conception anti-feu garantit une s\u00e9curit\u00e9 maximale, tandis que sa r\u00e9sistance aux charges \u00e9lectrostatiques prot\u00e8ge contre les d\u00e9charges potentielles. &nbsp;","breadcrumb":{"@id":"https:\/\/uniformeplus.tn\/index.php\/product\/parka-haute-visibilite-bleu\/#breadcrumb"},"inLanguage":"fr-FR","potentialAction":[{"@type":"ReadAction","target":["https:\/\/uniformeplus.tn\/index.php\/product\/parka-haute-visibilite-bleu\/"]}]},{"@type":"ImageObject","inLanguage":"fr-FR","@id":"https:\/\/uniformeplus.tn\/index.php\/product\/parka-haute-visibilite-bleu\/#primaryimage","url":"https:\/\/uniformeplus.tn\/wp-content\/uploads\/2024\/05\/PARKA-HAUTE-VISIBILITE.jpg","contentUrl":"https:\/\/uniformeplus.tn\/wp-content\/uploads\/2024\/05\/PARKA-HAUTE-VISIBILITE.jpg","width":2000,"height":2000,"caption":"parka de travail anti feu"},{"@type":"BreadcrumbList","@id":"https:\/\/uniformeplus.tn\/index.php\/product\/parka-haute-visibilite-bleu\/#breadcrumb","itemListElement":[{"@type":"ListItem","position":1,"name":"Accueil","item":"https:\/\/uniformeplus.tn\/"},{"@type":"ListItem","position":2,"name":"Shop","item":"https:\/\/uniformeplus.tn\/index.php\/shop-2\/"},{"@type":"ListItem","position":3,"name":"V\u00caTEMENT DE TRAVAIL","item":"https:\/\/uniformeplus.tn\/index.php\/product-category\/vetement-de-travail\/"},{"@type":"ListItem","position":4,"name":"HAUTE VISIBILIT\u00c9","item":"https:\/\/uniformeplus.tn\/index.php\/product-category\/vetement-de-travail\/haute-visibilite\/"},{"@type":"ListItem","position":5,"name":"PARKAS HAUTE VISIBILIT\u00c9","item":"https:\/\/uniformeplus.tn\/index.php\/product-category\/vetement-de-travail\/haute-visibilite\/parkas-haute-visibilite\/"},{"@type":"ListItem","position":6,"name":"PARKA HAUTE VISIBILIT\u00c9 BLEU"}]},{"@type":"WebSite","@id":"https:\/\/uniformeplus.tn\/#website","url":"https:\/\/uniformeplus.tn\/","name":"uniformeplus","description":"v\u00eatement de travail Tunisie","publisher":{"@id":"https:\/\/uniformeplus.tn\/#organization"},"alternateName":"tenue de travail en tunisie","potentialAction":[{"@type":"SearchAction","target":{"@type":"EntryPoint","urlTemplate":"https:\/\/uniformeplus.tn\/?s={search_term_string}"},"query-input":{"@type":"PropertyValueSpecification","valueRequired":true,"valueName":"search_term_string"}}],"inLanguage":"fr-FR"},{"@type":"Organization","@id":"https:\/\/uniformeplus.tn\/#organization","name":"tenue de travail","url":"https:\/\/uniformeplus.tn\/","logo":{"@type":"ImageObject","inLanguage":"fr-FR","@id":"https:\/\/uniformeplus.tn\/#\/schema\/logo\/image\/","url":"https:\/\/uniformeplus.tn\/wp-content\/uploads\/2021\/01\/logo.png","contentUrl":"https:\/\/uniformeplus.tn\/wp-content\/uploads\/2021\/01\/logo.png","width":112,"height":112,"caption":"tenue de travail"},"image":{"@id":"https:\/\/uniformeplus.tn\/#\/schema\/logo\/image\/"},"sameAs":["https:\/\/www.facebook.com\/uniforconfection.uniformeplus"],"hasMerchantReturnPolicy":{"@type":"MerchantReturnPolicy","merchantReturnLink":"https:\/\/uniformeplus.tn\/index.php\/politique-de-retour\/"}}]},"product_price_amount":"230.000","product_price_currency":"TND","og_availability":"instock","product_availability":"instock","product_condition":"new"},"_links":{"self":[{"href":"https:\/\/uniformeplus.tn\/index.php\/wp-json\/wp\/v2\/product\/16583","targetHints":{"allow":["GET"]}}],"collection":[{"href":"https:\/\/uniformeplus.tn\/index.php\/wp-json\/wp\/v2\/product"}],"about":[{"href":"https:\/\/uniformeplus.tn\/index.php\/wp-json\/wp\/v2\/types\/product"}],"replies":[{"embeddable":true,"href":"https:\/\/uniformeplus.tn\/index.php\/wp-json\/wp\/v2\/comments?post=16583"}],"wp:featuredmedia":[{"embeddable":true,"href":"https:\/\/uniformeplus.tn\/index.php\/wp-json\/wp\/v2\/media\/16584"}],"wp:attachment":[{"href":"https:\/\/uniformeplus.tn\/index.php\/wp-json\/wp\/v2\/media?parent=16583"}],"wp:term":[{"taxonomy":"product_brand","embeddable":true,"href":"https:\/\/uniformeplus.tn\/index.php\/wp-json\/wp\/v2\/product_brand?post=16583"},{"taxonomy":"product_cat","embeddable":true,"href":"https:\/\/uniformeplus.tn\/index.php\/wp-json\/wp\/v2\/product_cat?post=16583"},{"taxonomy":"product_tag","embeddable":true,"href":"https:\/\/uniformeplus.tn\/index.php\/wp-json\/wp\/v2\/product_tag?post=16583"}],"curies":[{"name":"wp","href":"https:\/\/api.w.org\/{rel}","templated":true}]}}