{"id":16881,"date":"2025-03-03T12:47:32","date_gmt":"2025-03-03T11:47:32","guid":{"rendered":"https:\/\/www.uniformeplus.tn\/?post_type=product&#038;p=16881"},"modified":"2025-11-11T09:55:18","modified_gmt":"2025-11-11T08:55:18","slug":"blouson-de-travail-softshell","status":"publish","type":"product","link":"https:\/\/uniformeplus.tn\/index.php\/product\/blouson-de-travail-softshell\/","title":{"rendered":"Blouson de travail Softshell multirisque anti-feu et antistatique"},"content":{"rendered":"<h1 style=\"text-align: center;\">Blouson de travail Softshell multirisque\u00a0 anti feu et antistatique et impermeable\u00a0 &#8211; alliant performance \u00e9lev\u00e9e et s\u00e9curit\u00e9 optimale<\/h1>\n<p>Cette veste de travail softshell est cr\u00e9\u00e9e pour assurer une protection maximale dans des environnements \u00e0 risque \u00e9lev\u00e9 en utilisant un tissus retardateur de flamme et antistatique pour garantir \u00e0 la fois s\u00e9curit\u00e9 et confort optimal.<\/p>\n<h3>Design pratique<\/h3>\n<p style=\"padding-left: 40px;\">Col montant.<br \/>\nFermeture Zip central + Prot\u00e8ge menton.<br \/>\nManches raglan.<br \/>\nPoignets avec biais \u00e9lastiqu\u00e9s.<br \/>\n1 poche poitrine gauche zipp\u00e9e\/2 poches basses zipp\u00e9es dans la couture.<\/p>\n<h2>Tissu<\/h2>\n<p style=\"padding-left: 40px;\">280gsm | 60% Modacrylique, 38% Coton, 2% AS | Tissu tricot\u00e9<\/p>\n<h2><strong>Certification<\/strong><\/h2>\n<ul>\n<li>ISO 11612<\/li>\n<li>EN 1149-3<\/li>\n<li>EN 1149-5<\/li>\n<li>EN 20471,<\/li>\n<\/ul>\n<p>&nbsp;<\/p>\n<h2>Parfaite pour les domaines d&#8217;activit\u00e9 :<\/h2>\n<ul>\n<li>\u00a0Secteur de l&#8217;exploitation p\u00e9troli\u00e8re et gazi\u00e8re.<\/li>\n<li>Secteur de la chimie et de la pharmacie<\/li>\n<li>\u00c9nergie \u00e9lectrique et entretien dans le secteur industriel<\/li>\n<li>Emplois en plein air et zones dangereuses<\/li>\n<\/ul>\n<p>R\u00e9unissant protection ,\u00a0 agr\u00e9ment\u00a0 et\u00a0 r\u00e9sistance , cette veste softshell repr\u00e9sente le choix id\u00e9al pour les travailleurs exigeants !<\/p>\n","protected":false},"excerpt":{"rendered":"<p>Cette veste de travail softshell est fabriqu\u00e9e pour assurer une protection <strong>multirisque<\/strong> dans les environnements \u00e0 risque \u00e9lev\u00e9 en utilisant un tissage\u00a0 retardant de feu et antistatique\u00a0 pour combiner s\u00e9curit\u00e9 et commodit\u00e9.<\/p>\n","protected":false},"featured_media":16882,"comment_status":"open","ping_status":"closed","template":"","meta":{"_acf_changed":false},"product_brand":[],"product_cat":[365,262,362,361,363],"product_tag":[],"class_list":{"0":"post-16881","1":"product","2":"type-product","3":"status-publish","4":"has-post-thumbnail","6":"product_cat-blouson-de-travail-multirisque","7":"product_cat-equipement-de-protection-individuelle","8":"product_cat-tenue-de-travail-gaziere","9":"product_cat-petroleirs","10":"product_cat-tenue-de-travail-multirisques","12":"first","13":"instock","14":"taxable","15":"shipping-taxable","16":"product-type-simple"},"acf":[],"yoast_head":"<!-- This site is optimized with the Yoast SEO Premium plugin v26.3 (Yoast SEO v26.3) - https:\/\/yoast.com\/wordpress\/plugins\/seo\/ -->\n<title>Blouson de travail Softshell multirisque anti-feu et antistatique - uniformeplus - V\u00eatements de travail<\/title>\n<meta name=\"description\" content=\"Cette veste de travail softshell est fabriqu\u00e9e pour assurer une protection multirisque dans les environnements \u00e0 risque \u00e9lev\u00e9 en utilisant un tissage\u00a0 retardant de feu et antistatique\u00a0 pour combiner s\u00e9curit\u00e9 et commodit\u00e9.\" \/>\n<meta name=\"robots\" content=\"index, follow, max-snippet:-1, max-image-preview:large, max-video-preview:-1\" \/>\n<link rel=\"canonical\" href=\"https:\/\/uniformeplus.tn\/index.php\/product\/blouson-de-travail-softshell\/\" \/>\n<meta property=\"og:locale\" content=\"fr_FR\" \/>\n<meta property=\"og:type\" content=\"article\" \/>\n<meta property=\"og:title\" content=\"Blouson de travail Softshell multirisque anti-feu et antistatique\" \/>\n<meta property=\"og:description\" content=\"Cette veste de travail softshell est fabriqu\u00e9e pour assurer une protection multirisque dans les environnements \u00e0 risque \u00e9lev\u00e9 en utilisant un tissage\u00a0 retardant de feu et antistatique\u00a0 pour combiner s\u00e9curit\u00e9 et commodit\u00e9.\" \/>\n<meta property=\"og:url\" content=\"https:\/\/uniformeplus.tn\/index.php\/product\/blouson-de-travail-softshell\/\" \/>\n<meta property=\"og:site_name\" content=\"uniformeplus - V\u00eatements de travail\" \/>\n<meta property=\"article:publisher\" content=\"https:\/\/www.facebook.com\/uniforconfection.uniformeplus\" \/>\n<meta property=\"article:modified_time\" content=\"2025-11-11T08:55:18+00:00\" \/>\n<meta property=\"og:image\" content=\"https:\/\/uniformeplus.tn\/wp-content\/uploads\/2025\/03\/veste-de-trvail-anti-feu-cotton.png\" \/>\n\t<meta property=\"og:image:width\" content=\"1000\" \/>\n\t<meta property=\"og:image:height\" content=\"1109\" \/>\n\t<meta property=\"og:image:type\" content=\"image\/png\" \/>\n<meta name=\"twitter:card\" content=\"summary_large_image\" \/>\n<meta name=\"twitter:label1\" content=\"Prix\" \/>\n\t<meta name=\"twitter:data1\" content=\"\" \/>\n\t<meta name=\"twitter:label2\" content=\"Disponibilit\u00e9\" \/>\n\t<meta name=\"twitter:data2\" content=\"En stock\" \/>\n<script type=\"application\/ld+json\" class=\"yoast-schema-graph\">{\"@context\":\"https:\/\/schema.org\",\"@graph\":[{\"@type\":\"WebPage\",\"@id\":\"https:\/\/uniformeplus.tn\/index.php\/product\/blouson-de-travail-softshell\/\",\"url\":\"https:\/\/uniformeplus.tn\/index.php\/product\/blouson-de-travail-softshell\/\",\"name\":\"Blouson de travail Softshell multirisque anti-feu et antistatique - uniformeplus - V\u00eatements de travail\",\"isPartOf\":{\"@id\":\"https:\/\/uniformeplus.tn\/#website\"},\"primaryImageOfPage\":{\"@id\":\"https:\/\/uniformeplus.tn\/index.php\/product\/blouson-de-travail-softshell\/#primaryimage\"},\"image\":{\"@id\":\"https:\/\/uniformeplus.tn\/index.php\/product\/blouson-de-travail-softshell\/#primaryimage\"},\"thumbnailUrl\":\"https:\/\/uniformeplus.tn\/wp-content\/uploads\/2025\/03\/veste-de-trvail-anti-feu-cotton.png\",\"datePublished\":\"2025-03-03T11:47:32+00:00\",\"dateModified\":\"2025-11-11T08:55:18+00:00\",\"description\":\"Cette veste de travail softshell est fabriqu\u00e9e pour assurer une protection multirisque dans les environnements \u00e0 risque \u00e9lev\u00e9 en utilisant un tissage\u00a0 retardant de feu et antistatique\u00a0 pour combiner s\u00e9curit\u00e9 et commodit\u00e9.\",\"breadcrumb\":{\"@id\":\"https:\/\/uniformeplus.tn\/index.php\/product\/blouson-de-travail-softshell\/#breadcrumb\"},\"inLanguage\":\"fr-FR\",\"potentialAction\":[{\"@type\":\"ReadAction\",\"target\":[\"https:\/\/uniformeplus.tn\/index.php\/product\/blouson-de-travail-softshell\/\"]}]},{\"@type\":\"ImageObject\",\"inLanguage\":\"fr-FR\",\"@id\":\"https:\/\/uniformeplus.tn\/index.php\/product\/blouson-de-travail-softshell\/#primaryimage\",\"url\":\"https:\/\/uniformeplus.tn\/wp-content\/uploads\/2025\/03\/veste-de-trvail-anti-feu-cotton.png\",\"contentUrl\":\"https:\/\/uniformeplus.tn\/wp-content\/uploads\/2025\/03\/veste-de-trvail-anti-feu-cotton.png\",\"width\":1000,\"height\":1109,\"caption\":\"veste de travail anti feu cotton\"},{\"@type\":\"BreadcrumbList\",\"@id\":\"https:\/\/uniformeplus.tn\/index.php\/product\/blouson-de-travail-softshell\/#breadcrumb\",\"itemListElement\":[{\"@type\":\"ListItem\",\"position\":1,\"name\":\"Accueil\",\"item\":\"https:\/\/uniformeplus.tn\/\"},{\"@type\":\"ListItem\",\"position\":2,\"name\":\"Shop\",\"item\":\"https:\/\/uniformeplus.tn\/index.php\/shop-2\/\"},{\"@type\":\"ListItem\",\"position\":3,\"name\":\"tenue de travail multirisques\",\"item\":\"https:\/\/uniformeplus.tn\/index.php\/product-category\/tenue-de-travail-multirisques\/\"},{\"@type\":\"ListItem\",\"position\":4,\"name\":\"Blouson de travail multirisque\",\"item\":\"https:\/\/uniformeplus.tn\/index.php\/product-category\/tenue-de-travail-multirisques\/blouson-de-travail-multirisque\/\"},{\"@type\":\"ListItem\",\"position\":5,\"name\":\"Blouson de travail Softshell multirisque anti-feu et antistatique\"}]},{\"@type\":\"WebSite\",\"@id\":\"https:\/\/uniformeplus.tn\/#website\",\"url\":\"https:\/\/uniformeplus.tn\/\",\"name\":\"uniformeplus\",\"description\":\"v\u00eatement de travail Tunisie\",\"publisher\":{\"@id\":\"https:\/\/uniformeplus.tn\/#organization\"},\"alternateName\":\"tenue de travail en tunisie\",\"potentialAction\":[{\"@type\":\"SearchAction\",\"target\":{\"@type\":\"EntryPoint\",\"urlTemplate\":\"https:\/\/uniformeplus.tn\/?s={search_term_string}\"},\"query-input\":{\"@type\":\"PropertyValueSpecification\",\"valueRequired\":true,\"valueName\":\"search_term_string\"}}],\"inLanguage\":\"fr-FR\"},{\"@type\":\"Organization\",\"@id\":\"https:\/\/uniformeplus.tn\/#organization\",\"name\":\"tenue de travail\",\"url\":\"https:\/\/uniformeplus.tn\/\",\"logo\":{\"@type\":\"ImageObject\",\"inLanguage\":\"fr-FR\",\"@id\":\"https:\/\/uniformeplus.tn\/#\/schema\/logo\/image\/\",\"url\":\"https:\/\/uniformeplus.tn\/wp-content\/uploads\/2021\/01\/logo.png\",\"contentUrl\":\"https:\/\/uniformeplus.tn\/wp-content\/uploads\/2021\/01\/logo.png\",\"width\":112,\"height\":112,\"caption\":\"tenue de travail\"},\"image\":{\"@id\":\"https:\/\/uniformeplus.tn\/#\/schema\/logo\/image\/\"},\"sameAs\":[\"https:\/\/www.facebook.com\/uniforconfection.uniformeplus\"],\"hasMerchantReturnPolicy\":{\"@type\":\"MerchantReturnPolicy\",\"merchantReturnLink\":\"https:\/\/uniformeplus.tn\/index.php\/politique-de-retour\/\"}}]}<\/script>\n<meta property=\"product:price:currency\" content=\"TND\" \/>\n<meta property=\"og:availability\" content=\"instock\" \/>\n<meta property=\"product:availability\" content=\"instock\" \/>\n<meta property=\"product:condition\" content=\"new\" \/>\n<!-- \/ Yoast SEO Premium plugin. -->","yoast_head_json":{"title":"Blouson de travail Softshell multirisque anti-feu et antistatique - uniformeplus - V\u00eatements de travail","description":"Cette veste de travail softshell est fabriqu\u00e9e pour assurer une protection multirisque dans les environnements \u00e0 risque \u00e9lev\u00e9 en utilisant un tissage\u00a0 retardant de feu et antistatique\u00a0 pour combiner s\u00e9curit\u00e9 et commodit\u00e9.","robots":{"index":"index","follow":"follow","max-snippet":"max-snippet:-1","max-image-preview":"max-image-preview:large","max-video-preview":"max-video-preview:-1"},"canonical":"https:\/\/uniformeplus.tn\/index.php\/product\/blouson-de-travail-softshell\/","og_locale":"fr_FR","og_type":"article","og_title":"Blouson de travail Softshell multirisque anti-feu et antistatique","og_description":"Cette veste de travail softshell est fabriqu\u00e9e pour assurer une protection multirisque dans les environnements \u00e0 risque \u00e9lev\u00e9 en utilisant un tissage\u00a0 retardant de feu et antistatique\u00a0 pour combiner s\u00e9curit\u00e9 et commodit\u00e9.","og_url":"https:\/\/uniformeplus.tn\/index.php\/product\/blouson-de-travail-softshell\/","og_site_name":"uniformeplus - V\u00eatements de travail","article_publisher":"https:\/\/www.facebook.com\/uniforconfection.uniformeplus","article_modified_time":"2025-11-11T08:55:18+00:00","og_image":[{"width":1000,"height":1109,"url":"https:\/\/uniformeplus.tn\/wp-content\/uploads\/2025\/03\/veste-de-trvail-anti-feu-cotton.png","type":"image\/png"}],"twitter_card":"summary_large_image","twitter_misc":{"Prix":"","Disponibilit\u00e9":"En stock"},"schema":{"@context":"https:\/\/schema.org","@graph":[{"@type":"WebPage","@id":"https:\/\/uniformeplus.tn\/index.php\/product\/blouson-de-travail-softshell\/","url":"https:\/\/uniformeplus.tn\/index.php\/product\/blouson-de-travail-softshell\/","name":"Blouson de travail Softshell multirisque anti-feu et antistatique - uniformeplus - V\u00eatements de travail","isPartOf":{"@id":"https:\/\/uniformeplus.tn\/#website"},"primaryImageOfPage":{"@id":"https:\/\/uniformeplus.tn\/index.php\/product\/blouson-de-travail-softshell\/#primaryimage"},"image":{"@id":"https:\/\/uniformeplus.tn\/index.php\/product\/blouson-de-travail-softshell\/#primaryimage"},"thumbnailUrl":"https:\/\/uniformeplus.tn\/wp-content\/uploads\/2025\/03\/veste-de-trvail-anti-feu-cotton.png","datePublished":"2025-03-03T11:47:32+00:00","dateModified":"2025-11-11T08:55:18+00:00","description":"Cette veste de travail softshell est fabriqu\u00e9e pour assurer une protection multirisque dans les environnements \u00e0 risque \u00e9lev\u00e9 en utilisant un tissage\u00a0 retardant de feu et antistatique\u00a0 pour combiner s\u00e9curit\u00e9 et commodit\u00e9.","breadcrumb":{"@id":"https:\/\/uniformeplus.tn\/index.php\/product\/blouson-de-travail-softshell\/#breadcrumb"},"inLanguage":"fr-FR","potentialAction":[{"@type":"ReadAction","target":["https:\/\/uniformeplus.tn\/index.php\/product\/blouson-de-travail-softshell\/"]}]},{"@type":"ImageObject","inLanguage":"fr-FR","@id":"https:\/\/uniformeplus.tn\/index.php\/product\/blouson-de-travail-softshell\/#primaryimage","url":"https:\/\/uniformeplus.tn\/wp-content\/uploads\/2025\/03\/veste-de-trvail-anti-feu-cotton.png","contentUrl":"https:\/\/uniformeplus.tn\/wp-content\/uploads\/2025\/03\/veste-de-trvail-anti-feu-cotton.png","width":1000,"height":1109,"caption":"veste de travail anti feu cotton"},{"@type":"BreadcrumbList","@id":"https:\/\/uniformeplus.tn\/index.php\/product\/blouson-de-travail-softshell\/#breadcrumb","itemListElement":[{"@type":"ListItem","position":1,"name":"Accueil","item":"https:\/\/uniformeplus.tn\/"},{"@type":"ListItem","position":2,"name":"Shop","item":"https:\/\/uniformeplus.tn\/index.php\/shop-2\/"},{"@type":"ListItem","position":3,"name":"tenue de travail multirisques","item":"https:\/\/uniformeplus.tn\/index.php\/product-category\/tenue-de-travail-multirisques\/"},{"@type":"ListItem","position":4,"name":"Blouson de travail multirisque","item":"https:\/\/uniformeplus.tn\/index.php\/product-category\/tenue-de-travail-multirisques\/blouson-de-travail-multirisque\/"},{"@type":"ListItem","position":5,"name":"Blouson de travail Softshell multirisque anti-feu et antistatique"}]},{"@type":"WebSite","@id":"https:\/\/uniformeplus.tn\/#website","url":"https:\/\/uniformeplus.tn\/","name":"uniformeplus","description":"v\u00eatement de travail Tunisie","publisher":{"@id":"https:\/\/uniformeplus.tn\/#organization"},"alternateName":"tenue de travail en tunisie","potentialAction":[{"@type":"SearchAction","target":{"@type":"EntryPoint","urlTemplate":"https:\/\/uniformeplus.tn\/?s={search_term_string}"},"query-input":{"@type":"PropertyValueSpecification","valueRequired":true,"valueName":"search_term_string"}}],"inLanguage":"fr-FR"},{"@type":"Organization","@id":"https:\/\/uniformeplus.tn\/#organization","name":"tenue de travail","url":"https:\/\/uniformeplus.tn\/","logo":{"@type":"ImageObject","inLanguage":"fr-FR","@id":"https:\/\/uniformeplus.tn\/#\/schema\/logo\/image\/","url":"https:\/\/uniformeplus.tn\/wp-content\/uploads\/2021\/01\/logo.png","contentUrl":"https:\/\/uniformeplus.tn\/wp-content\/uploads\/2021\/01\/logo.png","width":112,"height":112,"caption":"tenue de travail"},"image":{"@id":"https:\/\/uniformeplus.tn\/#\/schema\/logo\/image\/"},"sameAs":["https:\/\/www.facebook.com\/uniforconfection.uniformeplus"],"hasMerchantReturnPolicy":{"@type":"MerchantReturnPolicy","merchantReturnLink":"https:\/\/uniformeplus.tn\/index.php\/politique-de-retour\/"}}]},"product_price_currency":"TND","og_availability":"instock","product_availability":"instock","product_condition":"new"},"_links":{"self":[{"href":"https:\/\/uniformeplus.tn\/index.php\/wp-json\/wp\/v2\/product\/16881","targetHints":{"allow":["GET"]}}],"collection":[{"href":"https:\/\/uniformeplus.tn\/index.php\/wp-json\/wp\/v2\/product"}],"about":[{"href":"https:\/\/uniformeplus.tn\/index.php\/wp-json\/wp\/v2\/types\/product"}],"replies":[{"embeddable":true,"href":"https:\/\/uniformeplus.tn\/index.php\/wp-json\/wp\/v2\/comments?post=16881"}],"wp:featuredmedia":[{"embeddable":true,"href":"https:\/\/uniformeplus.tn\/index.php\/wp-json\/wp\/v2\/media\/16882"}],"wp:attachment":[{"href":"https:\/\/uniformeplus.tn\/index.php\/wp-json\/wp\/v2\/media?parent=16881"}],"wp:term":[{"taxonomy":"product_brand","embeddable":true,"href":"https:\/\/uniformeplus.tn\/index.php\/wp-json\/wp\/v2\/product_brand?post=16881"},{"taxonomy":"product_cat","embeddable":true,"href":"https:\/\/uniformeplus.tn\/index.php\/wp-json\/wp\/v2\/product_cat?post=16881"},{"taxonomy":"product_tag","embeddable":true,"href":"https:\/\/uniformeplus.tn\/index.php\/wp-json\/wp\/v2\/product_tag?post=16881"}],"curies":[{"name":"wp","href":"https:\/\/api.w.org\/{rel}","templated":true}]}}