{"id":17092,"date":"2025-12-16T14:57:26","date_gmt":"2025-12-16T13:57:26","guid":{"rendered":"https:\/\/www.uniformeplus.tn\/?post_type=product&#038;p=17092"},"modified":"2026-05-03T07:21:21","modified_gmt":"2026-05-03T05:21:21","slug":"doudoune-de-travail-sans-manche-tunisie-2","status":"publish","type":"product","link":"https:\/\/uniformeplus.tn\/index.php\/product\/doudoune-de-travail-sans-manche-tunisie-2\/","title":{"rendered":"Doudoune pro impermeable homme sans manche"},"content":{"rendered":"<p>Ce gilet matelass\u00e9 noir est adapt\u00e9 \u00e0 la mi-saison. Il vous prot\u00e8ge du froid et am\u00e9liore vos conditions de travail.<\/p>\n<p>&nbsp;<\/p>\n<ul class=\"main-features-list list-none pl-0 mb-[20px] mt-0 flex flex-wrap\">\n<li class=\"w-full pr-0 mb-[16px] relative pl-[34px] text-modyf-darkest_grey2 text-[18px] leading-[28px] box-border mt-0 tablet:pl-[38px] tablet:w-1\/2 tablet:mb-[14px] tablet_desktop:pr-[25px] desktop:pl-[34px] desktop:mb-[26px] desktop:w-1\/3 before:content-[''] before:absolute before:left-0 before:top-0 before:w-[23px] before:h-[23px] before:bg-cover before:bg-center before:bg-no-repeat before:svg-icon__check__mixin-green\">2 poches externes<\/li>\n<li class=\"w-full pr-0 mb-[16px] relative pl-[34px] text-modyf-darkest_grey2 text-[18px] leading-[28px] box-border mt-0 tablet:pl-[38px] tablet:w-1\/2 tablet:mb-[14px] tablet_desktop:pr-[25px] desktop:pl-[34px] desktop:mb-[26px] desktop:w-1\/3 before:content-[''] before:absolute before:left-0 before:top-0 before:w-[23px] before:h-[23px] before:bg-cover before:bg-center before:bg-no-repeat before:svg-icon__check__mixin-green\">Fermeture zipp\u00e9e contrast\u00e9e<\/li>\n<li class=\"w-full pr-0 mb-[16px] relative pl-[34px] text-modyf-darkest_grey2 text-[18px] leading-[28px] box-border mt-0 tablet:pl-[38px] tablet:w-1\/2 tablet:mb-[14px] tablet_desktop:pr-[25px] desktop:pl-[34px] desktop:mb-[26px] desktop:w-1\/3 before:content-[''] before:absolute before:left-0 before:top-0 before:w-[23px] before:h-[23px] before:bg-cover before:bg-center before:bg-no-repeat before:svg-icon__check__mixin-green\">Tissu agr\u00e9able au toucher \/ impermeable<\/li>\n<\/ul>\n<div class=\"tech-column w-full p-0 box-border tablet:w-1\/2 tablet:pr-[50px] desktop:w-1\/3 desktop:px-[25px]\">\n<div class=\"tech-title mb-[24px] text-[24px] leading-[32px] tablet_desktop:mb-[26px]\"><strong class=\"font-wuerth-bold font-bold\">Mati\u00e8res<\/strong><\/div>\n<ul class=\"tech-list text-[16px] text-modyf-darkest_grey2 mb-[56px] mt-0 list-none pl-0 leading-[28px] tablet:mb-[36px] tablet_desktop:text-[18px] desktop:mb-[25px]\">\n<li class=\"mb-[4px] mt-0 flex tablet:mb-[6px]\">100% polyester &#8211; approx 100 g\/m\u00b2<\/li>\n<li class=\"mb-[4px] mt-0 flex tablet:mb-[6px]\">Matelassage : 100% polyester 240 g\/m\u00b2<\/li>\n<\/ul>\n<\/div>\n<div class=\"tech-column instructions w-full p-0 box-border tablet:w-1\/2 tablet:pr-[50px] desktop:w-1\/3 desktop:px-[25px]\">\n<div class=\"tech-title mb-[24px] text-[24px] leading-[32px] tablet_desktop:mb-[26px]\"><strong class=\"font-wuerth-bold font-bold\">Entretien<\/strong><\/div>\n<ul class=\"tech-list text-[16px] text-modyf-darkest_grey2 mb-[56px] mt-0 list-none pl-0 leading-[28px] tablet:mb-[36px] tablet_desktop:text-[18px] desktop:mb-[25px]\">\n<li class=\"mb-[4px] mt-0 table tablet:mb-[3px]\"><span class=\"tech-img mr-[26px] pr-[26px] table-cell align-middle text-[0px] w-[58px]\"><picture class=\"mfwebp\"><source srcset=\"https:\/\/www.modyf.fr\/media\/mf_webp\/png\/media\/stmedia\/modyf\/eshop\/icons\/std.lang.all\/resolutions\/normal\/png-32x32px\/1388217.webp\" type=\"image\/webp\" \/><img decoding=\"async\" class=\"max-w-full block h-auto b-0\" src=\"https:\/\/media.wuerth.com\/stmedia\/modyf\/eshop\/icons\/std.lang.all\/resolutions\/normal\/png-32x32px\/1388217.png\" alt=\"Ne pas repasser\" data-webpconverted=\"1\" \/><\/picture><\/span><span class=\"table-cell align-middle\">Ne pas repasser<\/span><\/li>\n<li class=\"mb-[4px] mt-0 table tablet:mb-[3px]\"><span class=\"tech-img mr-[26px] pr-[26px] table-cell align-middle text-[0px] w-[58px]\"><picture class=\"mfwebp\"><source srcset=\"https:\/\/www.modyf.fr\/media\/mf_webp\/png\/media\/stmedia\/modyf\/eshop\/icons\/std.lang.all\/resolutions\/normal\/png-32x32px\/1388219.webp\" type=\"image\/webp\" \/><img decoding=\"async\" class=\"max-w-full block h-auto b-0\" src=\"https:\/\/media.wuerth.com\/stmedia\/modyf\/eshop\/icons\/std.lang.all\/resolutions\/normal\/png-32x32px\/1388219.png\" alt=\"Ne pas utiliser le s\u00e8che-linge\" data-webpconverted=\"1\" \/><\/picture><\/span><span class=\"table-cell align-middle\">Ne pas utiliser le s\u00e8che-linge<\/span><\/li>\n<li class=\"mb-[4px] mt-0 table tablet:mb-[3px]\"><span class=\"tech-img mr-[26px] pr-[26px] table-cell align-middle text-[0px] w-[58px]\"><picture class=\"mfwebp\"><source srcset=\"https:\/\/www.modyf.fr\/media\/mf_webp\/png\/media\/stmedia\/modyf\/eshop\/icons\/std.lang.all\/resolutions\/normal\/png-32x32px\/1388216.webp\" type=\"image\/webp\" \/><img decoding=\"async\" class=\"max-w-full block h-auto b-0\" src=\"https:\/\/media.wuerth.com\/stmedia\/modyf\/eshop\/icons\/std.lang.all\/resolutions\/normal\/png-32x32px\/1388216.png\" alt=\"Blanchiment interdit\" data-webpconverted=\"1\" \/><\/picture><\/span><span class=\"table-cell align-middle\">Blanchiment interdit<\/span><\/li>\n<li class=\"mb-[4px] mt-0 table tablet:mb-[3px]\"><span class=\"tech-img mr-[26px] pr-[26px] table-cell align-middle text-[0px] w-[58px]\"><picture class=\"mfwebp\"><source srcset=\"https:\/\/www.modyf.fr\/media\/mf_webp\/png\/media\/stmedia\/modyf\/eshop\/icons\/std.lang.all\/resolutions\/normal\/png-32x32px\/1404613.webp\" type=\"image\/webp\" \/><img decoding=\"async\" class=\"max-w-full block h-auto b-0\" src=\"https:\/\/media.wuerth.com\/stmedia\/modyf\/eshop\/icons\/std.lang.all\/resolutions\/normal\/png-32x32px\/1404613.png\" alt=\"Nettoyage \u00e0 sec interdit\" data-webpconverted=\"1\" \/><\/picture><\/span><span class=\"table-cell align-middle\">Nettoyage \u00e0 sec interdit<\/span><\/li>\n<li class=\"mb-[4px] mt-0 table tablet:mb-[3px]\"><span class=\"tech-img mr-[26px] pr-[26px] table-cell align-middle text-[0px] w-[58px]\"><picture class=\"mfwebp\"><source srcset=\"https:\/\/www.modyf.fr\/media\/mf_webp\/png\/media\/stmedia\/modyf\/eshop\/icons\/std.lang.all\/resolutions\/normal\/png-32x32px\/1384519.webp\" type=\"image\/webp\" \/><img decoding=\"async\" class=\"max-w-full block h-auto b-0\" src=\"https:\/\/media.wuerth.com\/stmedia\/modyf\/eshop\/icons\/std.lang.all\/resolutions\/normal\/png-32x32px\/1384519.png\" alt=\"Lavage \u00e0 30\u00b0\" data-webpconverted=\"1\" \/><\/picture><\/span><span class=\"table-cell align-middle\">Lavage \u00e0 3<\/span><\/li>\n<\/ul>\n<\/div>\n","protected":false},"excerpt":{"rendered":"<p>Gilet de travail matelass\u00e9 imperm\u00e9able, chaud et l\u00e9ger. Il vous prot\u00e8ge du froid et am\u00e9liore vos conditions de travail . Le choix id\u00e9al pour vous<\/p>\n","protected":false},"featured_media":17114,"comment_status":"open","ping_status":"closed","template":"","meta":{"_acf_changed":false},"product_brand":[],"product_cat":[342,335,227,340],"product_tag":[],"class_list":{"0":"post-17092","1":"product","2":"type-product","3":"status-publish","4":"has-post-thumbnail","6":"product_cat-combinaison-de-travail","7":"product_cat-doudounes-de-travail-sans-manche","8":"product_cat-vetement-de-travail","9":"product_cat-vetements-pas-chers","11":"first","12":"instock","13":"taxable","14":"shipping-taxable","15":"purchasable","16":"product-type-simple"},"acf":[],"yoast_head":"<!-- This site is optimized with the Yoast SEO Premium plugin v26.3 (Yoast SEO v26.3) - https:\/\/yoast.com\/wordpress\/plugins\/seo\/ -->\n<title>Doudoune pro impermeable homme sans manche - uniformeplus - V\u00eatements de travail<\/title>\n<meta name=\"description\" content=\"Gilet de travail matelass\u00e9 imperm\u00e9able, chaud et l\u00e9ger. Il vous prot\u00e8ge du froid et am\u00e9liore vos conditions de travail . Le choix id\u00e9al pour vous\" \/>\n<meta name=\"robots\" content=\"index, follow, max-snippet:-1, max-image-preview:large, max-video-preview:-1\" \/>\n<link rel=\"canonical\" href=\"https:\/\/uniformeplus.tn\/index.php\/product\/doudoune-de-travail-sans-manche-tunisie-2\/\" \/>\n<meta property=\"og:locale\" content=\"fr_FR\" \/>\n<meta property=\"og:type\" content=\"article\" \/>\n<meta property=\"og:title\" content=\"Doudoune pro impermeable homme sans manche\" \/>\n<meta property=\"og:description\" content=\"Gilet de travail matelass\u00e9 imperm\u00e9able, chaud et l\u00e9ger. Il vous prot\u00e8ge du froid et am\u00e9liore vos conditions de travail . Le choix id\u00e9al pour vous\" \/>\n<meta property=\"og:url\" content=\"https:\/\/uniformeplus.tn\/index.php\/product\/doudoune-de-travail-sans-manche-tunisie-2\/\" \/>\n<meta property=\"og:site_name\" content=\"uniformeplus - V\u00eatements de travail\" \/>\n<meta property=\"article:publisher\" content=\"https:\/\/www.facebook.com\/uniforconfection.uniformeplus\" \/>\n<meta property=\"article:modified_time\" content=\"2026-05-03T05:21:21+00:00\" \/>\n<meta property=\"og:image\" content=\"https:\/\/uniformeplus.tn\/wp-content\/uploads\/2025\/12\/Doudoune-de-travail-impermeable-sans-manche.jpg\" \/>\n\t<meta property=\"og:image:width\" content=\"1036\" \/>\n\t<meta property=\"og:image:height\" content=\"1036\" \/>\n\t<meta property=\"og:image:type\" content=\"image\/jpeg\" \/>\n<meta name=\"twitter:card\" content=\"summary_large_image\" \/>\n<meta name=\"twitter:label1\" content=\"Prix\" \/>\n\t<meta name=\"twitter:data1\" content=\"40.000&#x62f;.&#x62a;\" \/>\n\t<meta name=\"twitter:label2\" content=\"Disponibilit\u00e9\" \/>\n\t<meta name=\"twitter:data2\" content=\"En stock\" \/>\n<script type=\"application\/ld+json\" class=\"yoast-schema-graph\">{\"@context\":\"https:\/\/schema.org\",\"@graph\":[{\"@type\":\"WebPage\",\"@id\":\"https:\/\/uniformeplus.tn\/index.php\/product\/doudoune-de-travail-sans-manche-tunisie-2\/\",\"url\":\"https:\/\/uniformeplus.tn\/index.php\/product\/doudoune-de-travail-sans-manche-tunisie-2\/\",\"name\":\"Doudoune pro impermeable homme sans manche - uniformeplus - V\u00eatements de travail\",\"isPartOf\":{\"@id\":\"https:\/\/uniformeplus.tn\/#website\"},\"primaryImageOfPage\":{\"@id\":\"https:\/\/uniformeplus.tn\/index.php\/product\/doudoune-de-travail-sans-manche-tunisie-2\/#primaryimage\"},\"image\":{\"@id\":\"https:\/\/uniformeplus.tn\/index.php\/product\/doudoune-de-travail-sans-manche-tunisie-2\/#primaryimage\"},\"thumbnailUrl\":\"https:\/\/uniformeplus.tn\/wp-content\/uploads\/2025\/12\/Doudoune-de-travail-impermeable-sans-manche.jpg\",\"datePublished\":\"2025-12-16T13:57:26+00:00\",\"dateModified\":\"2026-05-03T05:21:21+00:00\",\"description\":\"Gilet de travail matelass\u00e9 imperm\u00e9able, chaud et l\u00e9ger. Il vous prot\u00e8ge du froid et am\u00e9liore vos conditions de travail . Le choix id\u00e9al pour vous\",\"breadcrumb\":{\"@id\":\"https:\/\/uniformeplus.tn\/index.php\/product\/doudoune-de-travail-sans-manche-tunisie-2\/#breadcrumb\"},\"inLanguage\":\"fr-FR\",\"potentialAction\":[{\"@type\":\"ReadAction\",\"target\":[\"https:\/\/uniformeplus.tn\/index.php\/product\/doudoune-de-travail-sans-manche-tunisie-2\/\"]}]},{\"@type\":\"ImageObject\",\"inLanguage\":\"fr-FR\",\"@id\":\"https:\/\/uniformeplus.tn\/index.php\/product\/doudoune-de-travail-sans-manche-tunisie-2\/#primaryimage\",\"url\":\"https:\/\/uniformeplus.tn\/wp-content\/uploads\/2025\/12\/Doudoune-de-travail-impermeable-sans-manche.jpg\",\"contentUrl\":\"https:\/\/uniformeplus.tn\/wp-content\/uploads\/2025\/12\/Doudoune-de-travail-impermeable-sans-manche.jpg\",\"width\":1036,\"height\":1036,\"caption\":\"Doudoune impermeable homme et femme sans manche\"},{\"@type\":\"BreadcrumbList\",\"@id\":\"https:\/\/uniformeplus.tn\/index.php\/product\/doudoune-de-travail-sans-manche-tunisie-2\/#breadcrumb\",\"itemListElement\":[{\"@type\":\"ListItem\",\"position\":1,\"name\":\"Accueil\",\"item\":\"https:\/\/uniformeplus.tn\/\"},{\"@type\":\"ListItem\",\"position\":2,\"name\":\"Shop\",\"item\":\"https:\/\/uniformeplus.tn\/index.php\/shop-2\/\"},{\"@type\":\"ListItem\",\"position\":3,\"name\":\"V\u00eatements pas chers\",\"item\":\"https:\/\/uniformeplus.tn\/index.php\/product-category\/vetements-pas-chers\/\"},{\"@type\":\"ListItem\",\"position\":4,\"name\":\"Doudoune pro impermeable homme sans manche\"}]},{\"@type\":\"WebSite\",\"@id\":\"https:\/\/uniformeplus.tn\/#website\",\"url\":\"https:\/\/uniformeplus.tn\/\",\"name\":\"uniformeplus\",\"description\":\"v\u00eatement de travail Tunisie\",\"publisher\":{\"@id\":\"https:\/\/uniformeplus.tn\/#organization\"},\"alternateName\":\"tenue de travail en tunisie\",\"potentialAction\":[{\"@type\":\"SearchAction\",\"target\":{\"@type\":\"EntryPoint\",\"urlTemplate\":\"https:\/\/uniformeplus.tn\/?s={search_term_string}\"},\"query-input\":{\"@type\":\"PropertyValueSpecification\",\"valueRequired\":true,\"valueName\":\"search_term_string\"}}],\"inLanguage\":\"fr-FR\"},{\"@type\":\"Organization\",\"@id\":\"https:\/\/uniformeplus.tn\/#organization\",\"name\":\"tenue de travail\",\"url\":\"https:\/\/uniformeplus.tn\/\",\"logo\":{\"@type\":\"ImageObject\",\"inLanguage\":\"fr-FR\",\"@id\":\"https:\/\/uniformeplus.tn\/#\/schema\/logo\/image\/\",\"url\":\"https:\/\/uniformeplus.tn\/wp-content\/uploads\/2021\/01\/logo.png\",\"contentUrl\":\"https:\/\/uniformeplus.tn\/wp-content\/uploads\/2021\/01\/logo.png\",\"width\":112,\"height\":112,\"caption\":\"tenue de travail\"},\"image\":{\"@id\":\"https:\/\/uniformeplus.tn\/#\/schema\/logo\/image\/\"},\"sameAs\":[\"https:\/\/www.facebook.com\/uniforconfection.uniformeplus\"],\"hasMerchantReturnPolicy\":{\"@type\":\"MerchantReturnPolicy\",\"merchantReturnLink\":\"https:\/\/uniformeplus.tn\/index.php\/politique-de-retour\/\"}}]}<\/script>\n<meta property=\"product:price:amount\" content=\"40.000\" \/>\n<meta property=\"product:price:currency\" content=\"TND\" \/>\n<meta property=\"og:availability\" content=\"instock\" \/>\n<meta property=\"product:availability\" content=\"instock\" \/>\n<meta property=\"product:condition\" content=\"new\" \/>\n<!-- \/ Yoast SEO Premium plugin. -->","yoast_head_json":{"title":"Doudoune pro impermeable homme sans manche - uniformeplus - V\u00eatements de travail","description":"Gilet de travail matelass\u00e9 imperm\u00e9able, chaud et l\u00e9ger. Il vous prot\u00e8ge du froid et am\u00e9liore vos conditions de travail . Le choix id\u00e9al pour vous","robots":{"index":"index","follow":"follow","max-snippet":"max-snippet:-1","max-image-preview":"max-image-preview:large","max-video-preview":"max-video-preview:-1"},"canonical":"https:\/\/uniformeplus.tn\/index.php\/product\/doudoune-de-travail-sans-manche-tunisie-2\/","og_locale":"fr_FR","og_type":"article","og_title":"Doudoune pro impermeable homme sans manche","og_description":"Gilet de travail matelass\u00e9 imperm\u00e9able, chaud et l\u00e9ger. Il vous prot\u00e8ge du froid et am\u00e9liore vos conditions de travail . Le choix id\u00e9al pour vous","og_url":"https:\/\/uniformeplus.tn\/index.php\/product\/doudoune-de-travail-sans-manche-tunisie-2\/","og_site_name":"uniformeplus - V\u00eatements de travail","article_publisher":"https:\/\/www.facebook.com\/uniforconfection.uniformeplus","article_modified_time":"2026-05-03T05:21:21+00:00","og_image":[{"width":1036,"height":1036,"url":"https:\/\/uniformeplus.tn\/wp-content\/uploads\/2025\/12\/Doudoune-de-travail-impermeable-sans-manche.jpg","type":"image\/jpeg"}],"twitter_card":"summary_large_image","twitter_misc":{"Prix":"40.000&#x62f;.&#x62a;","Disponibilit\u00e9":"En stock"},"schema":{"@context":"https:\/\/schema.org","@graph":[{"@type":"WebPage","@id":"https:\/\/uniformeplus.tn\/index.php\/product\/doudoune-de-travail-sans-manche-tunisie-2\/","url":"https:\/\/uniformeplus.tn\/index.php\/product\/doudoune-de-travail-sans-manche-tunisie-2\/","name":"Doudoune pro impermeable homme sans manche - uniformeplus - V\u00eatements de travail","isPartOf":{"@id":"https:\/\/uniformeplus.tn\/#website"},"primaryImageOfPage":{"@id":"https:\/\/uniformeplus.tn\/index.php\/product\/doudoune-de-travail-sans-manche-tunisie-2\/#primaryimage"},"image":{"@id":"https:\/\/uniformeplus.tn\/index.php\/product\/doudoune-de-travail-sans-manche-tunisie-2\/#primaryimage"},"thumbnailUrl":"https:\/\/uniformeplus.tn\/wp-content\/uploads\/2025\/12\/Doudoune-de-travail-impermeable-sans-manche.jpg","datePublished":"2025-12-16T13:57:26+00:00","dateModified":"2026-05-03T05:21:21+00:00","description":"Gilet de travail matelass\u00e9 imperm\u00e9able, chaud et l\u00e9ger. Il vous prot\u00e8ge du froid et am\u00e9liore vos conditions de travail . Le choix id\u00e9al pour vous","breadcrumb":{"@id":"https:\/\/uniformeplus.tn\/index.php\/product\/doudoune-de-travail-sans-manche-tunisie-2\/#breadcrumb"},"inLanguage":"fr-FR","potentialAction":[{"@type":"ReadAction","target":["https:\/\/uniformeplus.tn\/index.php\/product\/doudoune-de-travail-sans-manche-tunisie-2\/"]}]},{"@type":"ImageObject","inLanguage":"fr-FR","@id":"https:\/\/uniformeplus.tn\/index.php\/product\/doudoune-de-travail-sans-manche-tunisie-2\/#primaryimage","url":"https:\/\/uniformeplus.tn\/wp-content\/uploads\/2025\/12\/Doudoune-de-travail-impermeable-sans-manche.jpg","contentUrl":"https:\/\/uniformeplus.tn\/wp-content\/uploads\/2025\/12\/Doudoune-de-travail-impermeable-sans-manche.jpg","width":1036,"height":1036,"caption":"Doudoune impermeable homme et femme sans manche"},{"@type":"BreadcrumbList","@id":"https:\/\/uniformeplus.tn\/index.php\/product\/doudoune-de-travail-sans-manche-tunisie-2\/#breadcrumb","itemListElement":[{"@type":"ListItem","position":1,"name":"Accueil","item":"https:\/\/uniformeplus.tn\/"},{"@type":"ListItem","position":2,"name":"Shop","item":"https:\/\/uniformeplus.tn\/index.php\/shop-2\/"},{"@type":"ListItem","position":3,"name":"V\u00eatements pas chers","item":"https:\/\/uniformeplus.tn\/index.php\/product-category\/vetements-pas-chers\/"},{"@type":"ListItem","position":4,"name":"Doudoune pro impermeable homme sans manche"}]},{"@type":"WebSite","@id":"https:\/\/uniformeplus.tn\/#website","url":"https:\/\/uniformeplus.tn\/","name":"uniformeplus","description":"v\u00eatement de travail Tunisie","publisher":{"@id":"https:\/\/uniformeplus.tn\/#organization"},"alternateName":"tenue de travail en tunisie","potentialAction":[{"@type":"SearchAction","target":{"@type":"EntryPoint","urlTemplate":"https:\/\/uniformeplus.tn\/?s={search_term_string}"},"query-input":{"@type":"PropertyValueSpecification","valueRequired":true,"valueName":"search_term_string"}}],"inLanguage":"fr-FR"},{"@type":"Organization","@id":"https:\/\/uniformeplus.tn\/#organization","name":"tenue de travail","url":"https:\/\/uniformeplus.tn\/","logo":{"@type":"ImageObject","inLanguage":"fr-FR","@id":"https:\/\/uniformeplus.tn\/#\/schema\/logo\/image\/","url":"https:\/\/uniformeplus.tn\/wp-content\/uploads\/2021\/01\/logo.png","contentUrl":"https:\/\/uniformeplus.tn\/wp-content\/uploads\/2021\/01\/logo.png","width":112,"height":112,"caption":"tenue de travail"},"image":{"@id":"https:\/\/uniformeplus.tn\/#\/schema\/logo\/image\/"},"sameAs":["https:\/\/www.facebook.com\/uniforconfection.uniformeplus"],"hasMerchantReturnPolicy":{"@type":"MerchantReturnPolicy","merchantReturnLink":"https:\/\/uniformeplus.tn\/index.php\/politique-de-retour\/"}}]},"product_price_amount":"40.000","product_price_currency":"TND","og_availability":"instock","product_availability":"instock","product_condition":"new"},"_links":{"self":[{"href":"https:\/\/uniformeplus.tn\/index.php\/wp-json\/wp\/v2\/product\/17092","targetHints":{"allow":["GET"]}}],"collection":[{"href":"https:\/\/uniformeplus.tn\/index.php\/wp-json\/wp\/v2\/product"}],"about":[{"href":"https:\/\/uniformeplus.tn\/index.php\/wp-json\/wp\/v2\/types\/product"}],"replies":[{"embeddable":true,"href":"https:\/\/uniformeplus.tn\/index.php\/wp-json\/wp\/v2\/comments?post=17092"}],"wp:featuredmedia":[{"embeddable":true,"href":"https:\/\/uniformeplus.tn\/index.php\/wp-json\/wp\/v2\/media\/17114"}],"wp:attachment":[{"href":"https:\/\/uniformeplus.tn\/index.php\/wp-json\/wp\/v2\/media?parent=17092"}],"wp:term":[{"taxonomy":"product_brand","embeddable":true,"href":"https:\/\/uniformeplus.tn\/index.php\/wp-json\/wp\/v2\/product_brand?post=17092"},{"taxonomy":"product_cat","embeddable":true,"href":"https:\/\/uniformeplus.tn\/index.php\/wp-json\/wp\/v2\/product_cat?post=17092"},{"taxonomy":"product_tag","embeddable":true,"href":"https:\/\/uniformeplus.tn\/index.php\/wp-json\/wp\/v2\/product_tag?post=17092"}],"curies":[{"name":"wp","href":"https:\/\/api.w.org\/{rel}","templated":true}]}}