{"id":17183,"date":"2026-01-14T13:56:45","date_gmt":"2026-01-14T12:56:45","guid":{"rendered":"https:\/\/uniformeplus.tn\/?post_type=product&#038;p=17183"},"modified":"2026-03-21T01:49:56","modified_gmt":"2026-03-21T00:49:56","slug":"gilet-de-travail-multipoches-tunisie","status":"publish","type":"product","link":"https:\/\/uniformeplus.tn\/index.php\/product\/gilet-de-travail-multipoches-tunisie\/","title":{"rendered":"Gilet de travail multipoches"},"content":{"rendered":"<p>D\u00e9couvrez nos gilets de travail multipoches, con\u00e7us pour les professionnels \u00e0 la recherche de praticit\u00e9, de confort et de durabilit\u00e9<br \/>\nChoisissez un gilet de travail offrant l\u2019un des meilleurs rapports qualit\u00e9\/prix, avec des coupes modernes et un large choix de couleurs pour s\u2019adapter \u00e0 l\u2019image de votre entreprise<br \/>\nCompl\u00e9tez votre tenue de travail avec un <a href=\"https:\/\/uniformeplus.tn\/index.php\/product-category\/vetement-de-travail\/pantalons-de-travail-industrie-mecanique\/\">pantalon<\/a> professionnel, une <a href=\"https:\/\/uniformeplus.tn\/index.php\/product-category\/vetement-de-travail\/vestes-de-travail-tunisie\/\">veste de travail<\/a> et des <a href=\"https:\/\/uniformeplus.tn\/index.php\/product-category\/equipement-de-protection-individuelle\/\">EPI<\/a> adapt\u00e9s pour une protection optimale pour chaque <a href=\"https:\/\/uniformeplus.tn\/index.php\/product-category\/metiers\/\">m\u00e9tier<\/a>.<\/p>\n<p>Details :<\/p>\n<ul>\n<li>2 poches poitrine avec rabat<\/li>\n<li>2 grandes poches avant<\/li>\n<li>Fermeture zipp\u00e9e \u00e0 l&#8217;avant<\/li>\n<li>Encolure en V pratique<\/li>\n<li>Disponible en plusieurs couleurs<\/li>\n<\/ul>\n<p>Id\u00e9al pour : industrie, logistique, BTP, artisanat, maintenance.<\/p>\n","protected":false},"excerpt":{"rendered":"<p>Achetez un gilet de travail multipoches en Tunisie : coupe moderne, plusieurs coloris, excellent rapport qualit\u00e9\/prix.<\/p>\n","protected":false},"featured_media":17185,"comment_status":"open","ping_status":"closed","template":"","meta":{"_acf_changed":false},"product_brand":[],"product_cat":[251,227],"product_tag":[],"class_list":{"0":"post-17183","1":"product","2":"type-product","3":"status-publish","4":"has-post-thumbnail","6":"product_cat-gilets","7":"product_cat-vetement-de-travail","9":"first","10":"instock","11":"taxable","12":"shipping-taxable","13":"purchasable","14":"product-type-simple"},"acf":[],"yoast_head":"<!-- This site is optimized with the Yoast SEO Premium plugin v26.3 (Yoast SEO v26.3) - https:\/\/yoast.com\/wordpress\/plugins\/seo\/ -->\n<title>Gilet de travail multipoches - uniformeplus - V\u00eatements de travail<\/title>\n<meta name=\"description\" content=\"Achetez un gilet de travail multipoches en Tunisie : coupe moderne, plusieurs coloris, excellent rapport qualit\u00e9\/prix.\" \/>\n<meta name=\"robots\" content=\"index, follow, max-snippet:-1, max-image-preview:large, max-video-preview:-1\" \/>\n<link rel=\"canonical\" href=\"https:\/\/uniformeplus.tn\/index.php\/product\/gilet-de-travail-multipoches-tunisie\/\" \/>\n<meta property=\"og:locale\" content=\"fr_FR\" \/>\n<meta property=\"og:type\" content=\"article\" \/>\n<meta property=\"og:title\" content=\"Gilet de travail multipoches\" \/>\n<meta property=\"og:description\" content=\"Achetez un gilet de travail multipoches en Tunisie : coupe moderne, plusieurs coloris, excellent rapport qualit\u00e9\/prix.\" \/>\n<meta property=\"og:url\" content=\"https:\/\/uniformeplus.tn\/index.php\/product\/gilet-de-travail-multipoches-tunisie\/\" \/>\n<meta property=\"og:site_name\" content=\"uniformeplus - V\u00eatements de travail\" \/>\n<meta property=\"article:publisher\" content=\"https:\/\/www.facebook.com\/uniforconfection.uniformeplus\" \/>\n<meta property=\"article:modified_time\" content=\"2026-03-21T00:49:56+00:00\" \/>\n<meta property=\"og:image\" content=\"https:\/\/uniformeplus.tn\/wp-content\/uploads\/2026\/01\/gilet-de-travail.jpg\" \/>\n\t<meta property=\"og:image:width\" content=\"2432\" \/>\n\t<meta property=\"og:image:height\" content=\"2432\" \/>\n\t<meta property=\"og:image:type\" content=\"image\/jpeg\" \/>\n<meta name=\"twitter:card\" content=\"summary_large_image\" \/>\n<meta name=\"twitter:label1\" content=\"Prix\" \/>\n\t<meta name=\"twitter:data1\" content=\"40.000&#x62f;.&#x62a;\" \/>\n\t<meta name=\"twitter:label2\" content=\"Disponibilit\u00e9\" \/>\n\t<meta name=\"twitter:data2\" content=\"En stock\" \/>\n<script type=\"application\/ld+json\" class=\"yoast-schema-graph\">{\"@context\":\"https:\/\/schema.org\",\"@graph\":[{\"@type\":\"WebPage\",\"@id\":\"https:\/\/uniformeplus.tn\/index.php\/product\/gilet-de-travail-multipoches-tunisie\/\",\"url\":\"https:\/\/uniformeplus.tn\/index.php\/product\/gilet-de-travail-multipoches-tunisie\/\",\"name\":\"Gilet de travail multipoches - uniformeplus - V\u00eatements de travail\",\"isPartOf\":{\"@id\":\"https:\/\/uniformeplus.tn\/#website\"},\"primaryImageOfPage\":{\"@id\":\"https:\/\/uniformeplus.tn\/index.php\/product\/gilet-de-travail-multipoches-tunisie\/#primaryimage\"},\"image\":{\"@id\":\"https:\/\/uniformeplus.tn\/index.php\/product\/gilet-de-travail-multipoches-tunisie\/#primaryimage\"},\"thumbnailUrl\":\"https:\/\/uniformeplus.tn\/wp-content\/uploads\/2026\/01\/gilet-de-travail.jpg\",\"datePublished\":\"2026-01-14T12:56:45+00:00\",\"dateModified\":\"2026-03-21T00:49:56+00:00\",\"description\":\"Achetez un gilet de travail multipoches en Tunisie : coupe moderne, plusieurs coloris, excellent rapport qualit\u00e9\/prix.\",\"breadcrumb\":{\"@id\":\"https:\/\/uniformeplus.tn\/index.php\/product\/gilet-de-travail-multipoches-tunisie\/#breadcrumb\"},\"inLanguage\":\"fr-FR\",\"potentialAction\":[{\"@type\":\"ReadAction\",\"target\":[\"https:\/\/uniformeplus.tn\/index.php\/product\/gilet-de-travail-multipoches-tunisie\/\"]}]},{\"@type\":\"ImageObject\",\"inLanguage\":\"fr-FR\",\"@id\":\"https:\/\/uniformeplus.tn\/index.php\/product\/gilet-de-travail-multipoches-tunisie\/#primaryimage\",\"url\":\"https:\/\/uniformeplus.tn\/wp-content\/uploads\/2026\/01\/gilet-de-travail.jpg\",\"contentUrl\":\"https:\/\/uniformeplus.tn\/wp-content\/uploads\/2026\/01\/gilet-de-travail.jpg\",\"width\":2432,\"height\":2432,\"caption\":\"gilet de travail multipoches\"},{\"@type\":\"BreadcrumbList\",\"@id\":\"https:\/\/uniformeplus.tn\/index.php\/product\/gilet-de-travail-multipoches-tunisie\/#breadcrumb\",\"itemListElement\":[{\"@type\":\"ListItem\",\"position\":1,\"name\":\"Accueil\",\"item\":\"https:\/\/uniformeplus.tn\/\"},{\"@type\":\"ListItem\",\"position\":2,\"name\":\"Shop\",\"item\":\"https:\/\/uniformeplus.tn\/index.php\/shop-2\/\"},{\"@type\":\"ListItem\",\"position\":3,\"name\":\"V\u00caTEMENT DE TRAVAIL\",\"item\":\"https:\/\/uniformeplus.tn\/index.php\/product-category\/vetement-de-travail\/\"},{\"@type\":\"ListItem\",\"position\":4,\"name\":\"Gilet de travail multipoches\"}]},{\"@type\":\"WebSite\",\"@id\":\"https:\/\/uniformeplus.tn\/#website\",\"url\":\"https:\/\/uniformeplus.tn\/\",\"name\":\"uniformeplus\",\"description\":\"v\u00eatement de travail Tunisie\",\"publisher\":{\"@id\":\"https:\/\/uniformeplus.tn\/#organization\"},\"alternateName\":\"tenue de travail en tunisie\",\"potentialAction\":[{\"@type\":\"SearchAction\",\"target\":{\"@type\":\"EntryPoint\",\"urlTemplate\":\"https:\/\/uniformeplus.tn\/?s={search_term_string}\"},\"query-input\":{\"@type\":\"PropertyValueSpecification\",\"valueRequired\":true,\"valueName\":\"search_term_string\"}}],\"inLanguage\":\"fr-FR\"},{\"@type\":\"Organization\",\"@id\":\"https:\/\/uniformeplus.tn\/#organization\",\"name\":\"tenue de travail\",\"url\":\"https:\/\/uniformeplus.tn\/\",\"logo\":{\"@type\":\"ImageObject\",\"inLanguage\":\"fr-FR\",\"@id\":\"https:\/\/uniformeplus.tn\/#\/schema\/logo\/image\/\",\"url\":\"https:\/\/uniformeplus.tn\/wp-content\/uploads\/2021\/01\/logo.png\",\"contentUrl\":\"https:\/\/uniformeplus.tn\/wp-content\/uploads\/2021\/01\/logo.png\",\"width\":112,\"height\":112,\"caption\":\"tenue de travail\"},\"image\":{\"@id\":\"https:\/\/uniformeplus.tn\/#\/schema\/logo\/image\/\"},\"sameAs\":[\"https:\/\/www.facebook.com\/uniforconfection.uniformeplus\"],\"hasMerchantReturnPolicy\":{\"@type\":\"MerchantReturnPolicy\",\"merchantReturnLink\":\"https:\/\/uniformeplus.tn\/index.php\/politique-de-retour\/\"}}]}<\/script>\n<meta property=\"product:price:amount\" content=\"40.000\" \/>\n<meta property=\"product:price:currency\" content=\"TND\" \/>\n<meta property=\"og:availability\" content=\"instock\" \/>\n<meta property=\"product:availability\" content=\"instock\" \/>\n<meta property=\"product:condition\" content=\"new\" \/>\n<!-- \/ Yoast SEO Premium plugin. -->","yoast_head_json":{"title":"Gilet de travail multipoches - uniformeplus - V\u00eatements de travail","description":"Achetez un gilet de travail multipoches en Tunisie : coupe moderne, plusieurs coloris, excellent rapport qualit\u00e9\/prix.","robots":{"index":"index","follow":"follow","max-snippet":"max-snippet:-1","max-image-preview":"max-image-preview:large","max-video-preview":"max-video-preview:-1"},"canonical":"https:\/\/uniformeplus.tn\/index.php\/product\/gilet-de-travail-multipoches-tunisie\/","og_locale":"fr_FR","og_type":"article","og_title":"Gilet de travail multipoches","og_description":"Achetez un gilet de travail multipoches en Tunisie : coupe moderne, plusieurs coloris, excellent rapport qualit\u00e9\/prix.","og_url":"https:\/\/uniformeplus.tn\/index.php\/product\/gilet-de-travail-multipoches-tunisie\/","og_site_name":"uniformeplus - V\u00eatements de travail","article_publisher":"https:\/\/www.facebook.com\/uniforconfection.uniformeplus","article_modified_time":"2026-03-21T00:49:56+00:00","og_image":[{"width":2432,"height":2432,"url":"https:\/\/uniformeplus.tn\/wp-content\/uploads\/2026\/01\/gilet-de-travail.jpg","type":"image\/jpeg"}],"twitter_card":"summary_large_image","twitter_misc":{"Prix":"40.000&#x62f;.&#x62a;","Disponibilit\u00e9":"En stock"},"schema":{"@context":"https:\/\/schema.org","@graph":[{"@type":"WebPage","@id":"https:\/\/uniformeplus.tn\/index.php\/product\/gilet-de-travail-multipoches-tunisie\/","url":"https:\/\/uniformeplus.tn\/index.php\/product\/gilet-de-travail-multipoches-tunisie\/","name":"Gilet de travail multipoches - uniformeplus - V\u00eatements de travail","isPartOf":{"@id":"https:\/\/uniformeplus.tn\/#website"},"primaryImageOfPage":{"@id":"https:\/\/uniformeplus.tn\/index.php\/product\/gilet-de-travail-multipoches-tunisie\/#primaryimage"},"image":{"@id":"https:\/\/uniformeplus.tn\/index.php\/product\/gilet-de-travail-multipoches-tunisie\/#primaryimage"},"thumbnailUrl":"https:\/\/uniformeplus.tn\/wp-content\/uploads\/2026\/01\/gilet-de-travail.jpg","datePublished":"2026-01-14T12:56:45+00:00","dateModified":"2026-03-21T00:49:56+00:00","description":"Achetez un gilet de travail multipoches en Tunisie : coupe moderne, plusieurs coloris, excellent rapport qualit\u00e9\/prix.","breadcrumb":{"@id":"https:\/\/uniformeplus.tn\/index.php\/product\/gilet-de-travail-multipoches-tunisie\/#breadcrumb"},"inLanguage":"fr-FR","potentialAction":[{"@type":"ReadAction","target":["https:\/\/uniformeplus.tn\/index.php\/product\/gilet-de-travail-multipoches-tunisie\/"]}]},{"@type":"ImageObject","inLanguage":"fr-FR","@id":"https:\/\/uniformeplus.tn\/index.php\/product\/gilet-de-travail-multipoches-tunisie\/#primaryimage","url":"https:\/\/uniformeplus.tn\/wp-content\/uploads\/2026\/01\/gilet-de-travail.jpg","contentUrl":"https:\/\/uniformeplus.tn\/wp-content\/uploads\/2026\/01\/gilet-de-travail.jpg","width":2432,"height":2432,"caption":"gilet de travail multipoches"},{"@type":"BreadcrumbList","@id":"https:\/\/uniformeplus.tn\/index.php\/product\/gilet-de-travail-multipoches-tunisie\/#breadcrumb","itemListElement":[{"@type":"ListItem","position":1,"name":"Accueil","item":"https:\/\/uniformeplus.tn\/"},{"@type":"ListItem","position":2,"name":"Shop","item":"https:\/\/uniformeplus.tn\/index.php\/shop-2\/"},{"@type":"ListItem","position":3,"name":"V\u00caTEMENT DE TRAVAIL","item":"https:\/\/uniformeplus.tn\/index.php\/product-category\/vetement-de-travail\/"},{"@type":"ListItem","position":4,"name":"Gilet de travail multipoches"}]},{"@type":"WebSite","@id":"https:\/\/uniformeplus.tn\/#website","url":"https:\/\/uniformeplus.tn\/","name":"uniformeplus","description":"v\u00eatement de travail Tunisie","publisher":{"@id":"https:\/\/uniformeplus.tn\/#organization"},"alternateName":"tenue de travail en tunisie","potentialAction":[{"@type":"SearchAction","target":{"@type":"EntryPoint","urlTemplate":"https:\/\/uniformeplus.tn\/?s={search_term_string}"},"query-input":{"@type":"PropertyValueSpecification","valueRequired":true,"valueName":"search_term_string"}}],"inLanguage":"fr-FR"},{"@type":"Organization","@id":"https:\/\/uniformeplus.tn\/#organization","name":"tenue de travail","url":"https:\/\/uniformeplus.tn\/","logo":{"@type":"ImageObject","inLanguage":"fr-FR","@id":"https:\/\/uniformeplus.tn\/#\/schema\/logo\/image\/","url":"https:\/\/uniformeplus.tn\/wp-content\/uploads\/2021\/01\/logo.png","contentUrl":"https:\/\/uniformeplus.tn\/wp-content\/uploads\/2021\/01\/logo.png","width":112,"height":112,"caption":"tenue de travail"},"image":{"@id":"https:\/\/uniformeplus.tn\/#\/schema\/logo\/image\/"},"sameAs":["https:\/\/www.facebook.com\/uniforconfection.uniformeplus"],"hasMerchantReturnPolicy":{"@type":"MerchantReturnPolicy","merchantReturnLink":"https:\/\/uniformeplus.tn\/index.php\/politique-de-retour\/"}}]},"product_price_amount":"40.000","product_price_currency":"TND","og_availability":"instock","product_availability":"instock","product_condition":"new"},"_links":{"self":[{"href":"https:\/\/uniformeplus.tn\/index.php\/wp-json\/wp\/v2\/product\/17183","targetHints":{"allow":["GET"]}}],"collection":[{"href":"https:\/\/uniformeplus.tn\/index.php\/wp-json\/wp\/v2\/product"}],"about":[{"href":"https:\/\/uniformeplus.tn\/index.php\/wp-json\/wp\/v2\/types\/product"}],"replies":[{"embeddable":true,"href":"https:\/\/uniformeplus.tn\/index.php\/wp-json\/wp\/v2\/comments?post=17183"}],"wp:featuredmedia":[{"embeddable":true,"href":"https:\/\/uniformeplus.tn\/index.php\/wp-json\/wp\/v2\/media\/17185"}],"wp:attachment":[{"href":"https:\/\/uniformeplus.tn\/index.php\/wp-json\/wp\/v2\/media?parent=17183"}],"wp:term":[{"taxonomy":"product_brand","embeddable":true,"href":"https:\/\/uniformeplus.tn\/index.php\/wp-json\/wp\/v2\/product_brand?post=17183"},{"taxonomy":"product_cat","embeddable":true,"href":"https:\/\/uniformeplus.tn\/index.php\/wp-json\/wp\/v2\/product_cat?post=17183"},{"taxonomy":"product_tag","embeddable":true,"href":"https:\/\/uniformeplus.tn\/index.php\/wp-json\/wp\/v2\/product_tag?post=17183"}],"curies":[{"name":"wp","href":"https:\/\/api.w.org\/{rel}","templated":true}]}}